{"id":2327,"date":"2024-06-14T08:33:55","date_gmt":"2024-06-14T11:33:55","guid":{"rendered":"https:\/\/sites.usp.br\/labmicro\/?page_id=2327"},"modified":"2024-06-14T08:34:22","modified_gmt":"2024-06-14T11:34:22","slug":"natalia-de-oliveira-tavares","status":"publish","type":"page","link":"https:\/\/sites.usp.br\/labmicro\/natalia-de-oliveira-tavares\/","title":{"rendered":"Nat\u00e1lia de Oliveira Tavares"},"content":{"rendered":"<p><a href=\"https:\/\/sites.usp.br\/labmicro\/wp-content\/uploads\/sites\/471\/2024\/06\/foto-perfil-scaled.jpg\"><img decoding=\"async\" class=\"alignleft wp-image-2328 size-thumbnail\" src=\"https:\/\/sites.usp.br\/labmicro\/wp-content\/uploads\/sites\/471\/2024\/06\/foto-perfil-150x150.jpg\" alt=\"\" width=\"150\" height=\"150\" data-id=\"2328\" srcset=\"https:\/\/sites.usp.br\/labmicro\/wp-content\/uploads\/sites\/471\/2024\/06\/foto-perfil-150x150.jpg 150w, https:\/\/sites.usp.br\/labmicro\/wp-content\/uploads\/sites\/471\/2024\/06\/foto-perfil-45x45.jpg 45w, https:\/\/sites.usp.br\/labmicro\/wp-content\/uploads\/sites\/471\/2024\/06\/foto-perfil-200x200.jpg 200w\" sizes=\"(max-width: 150px) 100vw, 150px\" \/><\/a><a href=\"mailto:natalia.tavares@usp.br\" target=\"_blank\" rel=\"noopener\">natalia.tavares@usp.br<\/a><\/p>\n<p>Graduada em Arqueologia pela Universidade Federal do Rio Grande (2019) e mestre em Arqueologia pela Universidade Federal de Pelotas (2022). Desde a gradua\u00e7\u00e3o atua em tem\u00e1ticas vinculadas a arqueologia ambiental da Plan\u00edcie Costeira do Rio Grande do Sul, principalmente a rela\u00e7\u00e3o entre as diferentes sociedades pr\u00e9-coloniais, as plantas e a forma\u00e7\u00e3o das paisagens durante o Holoceno Tardio.<\/p>\n<p>Seu projeto de doutorado lida com as ocupa\u00e7\u00f5es vinculadas aos Construtores de Cerritos na bacia hidrogr\u00e1fica das Lagoas Patos e Mirim no sul do Brasil a fim de investigar suas pr\u00e1ticas de produ\u00e7\u00e3o de alimentos relacionadas a constru\u00e7\u00e3o de paisagens e nichos culturais. A pesquisa seguir\u00e1 por uma an\u00e1lise multi-proxy com a identifica\u00e7\u00e3o de microvest\u00edgios bot\u00e2nicos (palinomorfos e fit\u00f3litos) provenientes de quatro s\u00edtios arqueol\u00f3gicos e dois testemunhos de lagoas em duas regi\u00f5es distintas da bacia Pato\/Mirim, o canal S\u00e3o Gon\u00e7alo e a Esta\u00e7\u00e3o Ecol\u00f3gica do Taim. A expectativa \u00e9 que os dados contribuam para o debate que tangencia a ecologia hist\u00f3rica das terras baixas sul-americanas.<\/p>\n<p><em>Graduated in Archeology from the Federal University of Rio Grande (2019) and Master in Archeology from the Federal University of Pelotas (2022). Since graduating, she has worked on topics linked to environmental archeology of the Rio Grande do Sul Coastal Plain, mainly the relationship between different pre-colonial societies, plants and the formation of landscapes during the Late Holocene.<\/em><\/p>\n<p><em>Her doctoral project deals with the occupations linked to the Mound-builders in the Patos and Mirim Lagoons basin in southern Brazil in order to investigate their food production practices related to the construction of landscapes and cultural niches. The research will follow a multi-proxy analysis with the identification of botanical microremains (palynomorphs and phytoliths) from four archaeological sites and two lake cores in two distinct regions of the Patos\/Mirim basin, the S\u00e3o Gon\u00e7alo channel and the Ecological Station from Taim. The expectation is that the data will contribute to the debate that touches on the historical ecology of the South American lowlands.<\/em><\/p>\n<div id=\"attachment_2329\" style=\"width: 310px\" class=\"wp-caption alignleft\"><a href=\"https:\/\/sites.usp.br\/labmicro\/wp-content\/uploads\/sites\/471\/2024\/06\/foto1.png\"><img fetchpriority=\"high\" decoding=\"async\" aria-describedby=\"caption-attachment-2329\" class=\"size-medium wp-image-2329\" src=\"https:\/\/sites.usp.br\/labmicro\/wp-content\/uploads\/sites\/471\/2024\/06\/foto1-300x221.png\" alt=\"\" width=\"300\" height=\"221\" data-id=\"2329\" srcset=\"https:\/\/sites.usp.br\/labmicro\/wp-content\/uploads\/sites\/471\/2024\/06\/foto1-300x221.png 300w, https:\/\/sites.usp.br\/labmicro\/wp-content\/uploads\/sites\/471\/2024\/06\/foto1-80x60.png 80w, https:\/\/sites.usp.br\/labmicro\/wp-content\/uploads\/sites\/471\/2024\/06\/foto1-400x294.png 400w, https:\/\/sites.usp.br\/labmicro\/wp-content\/uploads\/sites\/471\/2024\/06\/foto1.png 601w\" sizes=\"(max-width: 300px) 100vw, 300px\" \/><\/a><p id=\"caption-attachment-2329\" class=\"wp-caption-text\">Vista geral do s\u00edtio arqueol\u00f3gico cerrito PSGLF-02, regi\u00e3o do Canal S\u00e3o Gon\u00e7alo, munic\u00edpio de Cap\u00e3o do Le\u00e3o\/RS. O s\u00edtio apresenta data\u00e7\u00f5es OSL entre 3300 a 2200 yr BP, uma das mais antigas para os cerritos da bacia hidrogr\u00e1fica Patos\/Mirim. Fonte: Acervo LEPAARQ\/UFPEL.<\/p><\/div>\n<div id=\"attachment_2330\" style=\"width: 235px\" class=\"wp-caption alignleft\"><a href=\"https:\/\/sites.usp.br\/labmicro\/wp-content\/uploads\/sites\/471\/2024\/06\/foto-2-scaled.jpg\"><img decoding=\"async\" aria-describedby=\"caption-attachment-2330\" class=\"size-medium wp-image-2330\" src=\"https:\/\/sites.usp.br\/labmicro\/wp-content\/uploads\/sites\/471\/2024\/06\/foto-2-225x300.jpg\" alt=\"\" width=\"225\" height=\"300\" data-id=\"2330\" srcset=\"https:\/\/sites.usp.br\/labmicro\/wp-content\/uploads\/sites\/471\/2024\/06\/foto-2-225x300.jpg 225w, https:\/\/sites.usp.br\/labmicro\/wp-content\/uploads\/sites\/471\/2024\/06\/foto-2-768x1024.jpg 768w, https:\/\/sites.usp.br\/labmicro\/wp-content\/uploads\/sites\/471\/2024\/06\/foto-2-1152x1536.jpg 1152w, https:\/\/sites.usp.br\/labmicro\/wp-content\/uploads\/sites\/471\/2024\/06\/foto-2-1536x2048.jpg 1536w, https:\/\/sites.usp.br\/labmicro\/wp-content\/uploads\/sites\/471\/2024\/06\/foto-2-400x533.jpg 400w, https:\/\/sites.usp.br\/labmicro\/wp-content\/uploads\/sites\/471\/2024\/06\/foto-2-scaled.jpg 1920w\" sizes=\"(max-width: 225px) 100vw, 225px\" \/><\/a><p id=\"caption-attachment-2330\" class=\"wp-caption-text\">Coleta de testemunho da Lagoa do Nicola feita com amostrador russo para an\u00e1lises paleoecol\u00f3gicas, Esta\u00e7\u00e3o Ecol\u00f3gica do Taim\/RS. Fonte: Imagem da pesquisadora.<\/p><\/div>\n","protected":false},"excerpt":{"rendered":"<p>natalia.tavares@usp.br Graduada em Arqueologia pela Universidade Federal do Rio Grande (2019) e mestre em Arqueologia pela Universidade Federal de Pelotas (2022). Desde a gradua\u00e7\u00e3o atua em tem\u00e1ticas vinculadas a arqueologia ambiental da Plan\u00edcie Costeira do Rio Grande do Sul, principalmente a rela\u00e7\u00e3o entre as diferentes sociedades pr\u00e9-coloniais, as plantas e a forma\u00e7\u00e3o das paisagens durante o Holoceno Tardio. Seu projeto de doutorado lida com as ocupa\u00e7\u00f5es vinculadas aos Construtores de Cerritos na bacia hidrogr\u00e1fica das Lagoas Patos e Mirim no sul do Brasil a fim de investigar suas pr\u00e1ticas de produ\u00e7\u00e3o de alimentos relacionadas a constru\u00e7\u00e3o de paisagens e nichos culturais. A pesquisa seguir\u00e1 por uma an\u00e1lise multi-proxy com a identifica\u00e7\u00e3o de microvest\u00edgios bot\u00e2nicos (palinomorfos e fit\u00f3litos) provenientes de quatro s\u00edtios arqueol\u00f3gicos e dois testemunhos de lagoas em duas regi\u00f5es distintas da bacia Pato\/Mirim, o canal S\u00e3o Gon\u00e7alo e a Esta\u00e7\u00e3o Ecol\u00f3gica do Taim. A expectativa \u00e9 que os dados contribuam para o debate que tangencia a ecologia hist\u00f3rica das terras baixas sul-americanas. Graduated in Archeology from the Federal University of Rio Grande (2019) and Master in Archeology from the Federal University of Pelotas (2022). Since graduating, she has worked on topics linked to environmental archeology of the Rio Grande [&#8230;]<\/p>\n","protected":false},"author":845,"featured_media":0,"parent":0,"menu_order":0,"comment_status":"closed","ping_status":"closed","template":"page-full.php","meta":{"_monsterinsights_skip_tracking":false,"_monsterinsights_sitenote_active":false,"_monsterinsights_sitenote_note":"","_monsterinsights_sitenote_category":0,"footnotes":"","_links_to":"","_links_to_target":""},"class_list":["post-2327","page","type-page","status-publish","hentry"],"_links":{"self":[{"href":"https:\/\/sites.usp.br\/labmicro\/wp-json\/wp\/v2\/pages\/2327","targetHints":{"allow":["GET"]}}],"collection":[{"href":"https:\/\/sites.usp.br\/labmicro\/wp-json\/wp\/v2\/pages"}],"about":[{"href":"https:\/\/sites.usp.br\/labmicro\/wp-json\/wp\/v2\/types\/page"}],"author":[{"embeddable":true,"href":"https:\/\/sites.usp.br\/labmicro\/wp-json\/wp\/v2\/users\/845"}],"replies":[{"embeddable":true,"href":"https:\/\/sites.usp.br\/labmicro\/wp-json\/wp\/v2\/comments?post=2327"}],"version-history":[{"count":1,"href":"https:\/\/sites.usp.br\/labmicro\/wp-json\/wp\/v2\/pages\/2327\/revisions"}],"predecessor-version":[{"id":2331,"href":"https:\/\/sites.usp.br\/labmicro\/wp-json\/wp\/v2\/pages\/2327\/revisions\/2331"}],"wp:attachment":[{"href":"https:\/\/sites.usp.br\/labmicro\/wp-json\/wp\/v2\/media?parent=2327"}],"curies":[{"name":"wp","href":"https:\/\/api.w.org\/{rel}","templated":true}]}}