{"id":2406,"date":"2024-12-04T16:40:41","date_gmt":"2024-12-04T19:40:41","guid":{"rendered":"https:\/\/sites.usp.br\/labmicro\/?page_id=2406"},"modified":"2024-12-04T16:40:41","modified_gmt":"2024-12-04T19:40:41","slug":"2015-2","status":"publish","type":"page","link":"https:\/\/sites.usp.br\/labmicro\/2015-2\/","title":{"rendered":"2015"},"content":{"rendered":"<p style=\"text-align: left;\">Carson, J. F.; <strong>Watling, J<\/strong>.; Mayle, F.E.; Whitney, B.S.; Iriarte, J.; Pr\u00fcmers, H.; Soto, J.D. (2015) Pre-Columbian land use in the ring-ditch region of the Bolivian Amazon. The Holocene v.25, p.1285-1300. <a href=\"https:\/\/doi.org\/10.1177\/0959683615581204\">https:\/\/doi.org\/10.1177\/0959683615581204<\/a><\/p>\n<p style=\"text-align: left;\">Dillehay, T.D; Ocampo, C.; Saavedra, J.; Sawakuchi, A.O.; Vega, R.M.; Pino, M.; Collins, M.B.; Scott Cummings, L.; Arregui, I.; <strong>Villagran, X.S.<\/strong>; Hartmann, G.A.; Mella, M.; Gonz\u00e1lez, A.; Dix, G. (2015). New Archaeological Evidence for an Early Human Presence at Monte Verde, Chile. Plos One, v. 10, p. e0141923. <a href=\"https:\/\/doi.org\/10.1371\/journal.pone.0141923\">https:\/\/doi.org\/10.1371\/journal.pone.0141923<\/a><\/p>\n<p style=\"text-align: left;\"><strong>Villagran, X.S.<\/strong>; Gaspar, M.D.; Souza, S.M. (2015) Primeiros estudos micromorfol\u00f3gicos em sambaquis da Baia de Guanabara (Rio de Janeiro): S\u00edtio Sernambetiba sob o microsc\u00f3pio In: Geoarqueologia na Am\u00e9rica do Sul.1 ed.: Editora da PUC-Goi\u00e1s, p. 427-462.<\/p>\n<p style=\"text-align: left;\"><strong>Watling, J<\/strong>.; Saunaluoma, S.; Schaan, D.; P\u00e4rssinen, M. (2015) Subsistence practices among earthwork builders: phytolith evidence from archaeological sites in the southwest Amazonian interfluves. Journal of Archaeological Science: Reports, v.4, p.541-551. <a href=\"https:\/\/doi.org\/10.1016\/j.jasrep.2015.10.014\">https:\/\/doi.org\/10.1016\/j.jasrep.2015.10.014<\/a><\/p>\n<p style=\"text-align: left;\">\n","protected":false},"excerpt":{"rendered":"<p>Carson, J. F.; Watling, J.; Mayle, F.E.; Whitney, B.S.; Iriarte, J.; Pr\u00fcmers, H.; Soto, J.D. (2015) Pre-Columbian land use in the ring-ditch region of the Bolivian Amazon. The Holocene v.25, p.1285-1300. https:\/\/doi.org\/10.1177\/0959683615581204 Dillehay, T.D; Ocampo, C.; Saavedra, J.; Sawakuchi, A.O.; Vega, R.M.; Pino, M.; Collins, M.B.; Scott Cummings, L.; Arregui, I.; Villagran, X.S.; Hartmann, G.A.; Mella, M.; Gonz\u00e1lez, A.; Dix, G. (2015). New Archaeological Evidence for an Early Human Presence at Monte Verde, Chile. Plos One, v. 10, p. e0141923. https:\/\/doi.org\/10.1371\/journal.pone.0141923 Villagran, X.S.; Gaspar, M.D.; Souza, S.M. (2015) Primeiros estudos micromorfol\u00f3gicos em sambaquis da Baia de Guanabara (Rio de Janeiro): S\u00edtio Sernambetiba sob o microsc\u00f3pio In: Geoarqueologia na Am\u00e9rica do Sul.1 ed.: Editora da PUC-Goi\u00e1s, p. 427-462. Watling, J.; Saunaluoma, S.; Schaan, D.; P\u00e4rssinen, M. (2015) Subsistence practices among earthwork builders: phytolith evidence from archaeological sites in the southwest Amazonian interfluves. Journal of Archaeological Science: Reports, v.4, p.541-551. https:\/\/doi.org\/10.1016\/j.jasrep.2015.10.014<\/p>\n","protected":false},"author":24403,"featured_media":0,"parent":0,"menu_order":0,"comment_status":"closed","ping_status":"closed","template":"","meta":{"_monsterinsights_skip_tracking":false,"_monsterinsights_sitenote_active":false,"_monsterinsights_sitenote_note":"","_monsterinsights_sitenote_category":0,"footnotes":"","_links_to":"","_links_to_target":""},"class_list":["post-2406","page","type-page","status-publish","hentry"],"_links":{"self":[{"href":"https:\/\/sites.usp.br\/labmicro\/wp-json\/wp\/v2\/pages\/2406","targetHints":{"allow":["GET"]}}],"collection":[{"href":"https:\/\/sites.usp.br\/labmicro\/wp-json\/wp\/v2\/pages"}],"about":[{"href":"https:\/\/sites.usp.br\/labmicro\/wp-json\/wp\/v2\/types\/page"}],"author":[{"embeddable":true,"href":"https:\/\/sites.usp.br\/labmicro\/wp-json\/wp\/v2\/users\/24403"}],"replies":[{"embeddable":true,"href":"https:\/\/sites.usp.br\/labmicro\/wp-json\/wp\/v2\/comments?post=2406"}],"version-history":[{"count":1,"href":"https:\/\/sites.usp.br\/labmicro\/wp-json\/wp\/v2\/pages\/2406\/revisions"}],"predecessor-version":[{"id":2407,"href":"https:\/\/sites.usp.br\/labmicro\/wp-json\/wp\/v2\/pages\/2406\/revisions\/2407"}],"wp:attachment":[{"href":"https:\/\/sites.usp.br\/labmicro\/wp-json\/wp\/v2\/media?parent=2406"}],"curies":[{"name":"wp","href":"https:\/\/api.w.org\/{rel}","templated":true}]}}