{"id":821,"date":"2019-11-06T16:19:49","date_gmt":"2019-11-06T19:19:49","guid":{"rendered":"http:\/\/sites.usp.br\/labmicro\/?page_id=821"},"modified":"2024-06-14T14:19:29","modified_gmt":"2024-06-14T17:19:29","slug":"geoarqueologia","status":"publish","type":"page","link":"https:\/\/sites.usp.br\/labmicro\/geoarqueologia\/","title":{"rendered":"Geoarqueologia \/ Geoarchaeology"},"content":{"rendered":"<p><strong>Profa. Dra. Ximena S. Villagran<\/strong><\/p>\n<div id=\"attachment_2334\" style=\"width: 460px\" class=\"wp-caption aligncenter\"><a href=\"https:\/\/sites.usp.br\/labmicro\/as-sociedades-costeiras-do-brasil-pre-colonial\/\"><img fetchpriority=\"high\" decoding=\"async\" aria-describedby=\"caption-attachment-2334\" class=\"wp-image-2334\" src=\"https:\/\/sites.usp.br\/labmicro\/wp-content\/uploads\/sites\/471\/2024\/06\/Jab-18-300x225.jpg\" alt=\"\" width=\"450\" height=\"338\" data-id=\"2334\" srcset=\"https:\/\/sites.usp.br\/labmicro\/wp-content\/uploads\/sites\/471\/2024\/06\/Jab-18-300x225.jpg 300w, https:\/\/sites.usp.br\/labmicro\/wp-content\/uploads\/sites\/471\/2024\/06\/Jab-18-1024x768.jpg 1024w, https:\/\/sites.usp.br\/labmicro\/wp-content\/uploads\/sites\/471\/2024\/06\/Jab-18-768x576.jpg 768w, https:\/\/sites.usp.br\/labmicro\/wp-content\/uploads\/sites\/471\/2024\/06\/Jab-18-1536x1152.jpg 1536w, https:\/\/sites.usp.br\/labmicro\/wp-content\/uploads\/sites\/471\/2024\/06\/Jab-18-80x60.jpg 80w, https:\/\/sites.usp.br\/labmicro\/wp-content\/uploads\/sites\/471\/2024\/06\/Jab-18-400x300.jpg 400w, https:\/\/sites.usp.br\/labmicro\/wp-content\/uploads\/sites\/471\/2024\/06\/Jab-18.jpg 2048w\" sizes=\"(max-width: 450px) 100vw, 450px\" \/><\/a><p id=\"caption-attachment-2334\" class=\"wp-caption-text\">As sociedades costeiras do Brasil pr\u00e9-colonial: fronteiras e transi\u00e7\u00f5es culturais atrav\u00e9s da microarqueologia<\/p><\/div>\n<div id=\"attachment_917\" style=\"width: 460px\" class=\"wp-caption aligncenter\"><a href=\"https:\/\/sites.usp.br\/labmicro\/micromorfologia-das-primeiras-ocupacoes-humanas-na-america-do-sul\/\"><img decoding=\"async\" aria-describedby=\"caption-attachment-917\" class=\"wp-image-917\" src=\"https:\/\/sites.usp.br\/labmicro\/wp-content\/uploads\/sites\/471\/2020\/04\/DSC01295-300x200.jpg\" alt=\"\" width=\"450\" height=\"300\" data-id=\"917\" srcset=\"https:\/\/sites.usp.br\/labmicro\/wp-content\/uploads\/sites\/471\/2020\/04\/DSC01295-300x200.jpg 300w, https:\/\/sites.usp.br\/labmicro\/wp-content\/uploads\/sites\/471\/2020\/04\/DSC01295-1024x683.jpg 1024w, https:\/\/sites.usp.br\/labmicro\/wp-content\/uploads\/sites\/471\/2020\/04\/DSC01295-768x512.jpg 768w, https:\/\/sites.usp.br\/labmicro\/wp-content\/uploads\/sites\/471\/2020\/04\/DSC01295-1536x1024.jpg 1536w, https:\/\/sites.usp.br\/labmicro\/wp-content\/uploads\/sites\/471\/2020\/04\/DSC01295-2048x1365.jpg 2048w, https:\/\/sites.usp.br\/labmicro\/wp-content\/uploads\/sites\/471\/2020\/04\/DSC01295-400x267.jpg 400w\" sizes=\"(max-width: 450px) 100vw, 450px\" \/><\/a><p id=\"caption-attachment-917\" class=\"wp-caption-text\">Micromorfologia das primeiras ocupa\u00e7\u00f5es humanas na Am\u00e9rica do Sul \/ <em>Micromorphology of the first human settlements in South America<\/em><\/p><\/div>\n<div id=\"attachment_929\" style=\"width: 460px\" class=\"wp-caption aligncenter\"><a href=\"https:\/\/sites.usp.br\/labmicro\/o-uso-do-fogo-no-final-da-idade-da-pedra-media-no-sul-da-africa\/\"><img decoding=\"async\" aria-describedby=\"caption-attachment-929\" class=\"wp-image-929\" src=\"https:\/\/sites.usp.br\/labmicro\/wp-content\/uploads\/sites\/471\/2020\/04\/DSC00579-300x200.jpg\" alt=\"O uso do fogo no final da Idade da Pedra M\u00e9dia no sul da \u00c1frica\" width=\"450\" height=\"300\" data-id=\"929\" srcset=\"https:\/\/sites.usp.br\/labmicro\/wp-content\/uploads\/sites\/471\/2020\/04\/DSC00579-300x200.jpg 300w, https:\/\/sites.usp.br\/labmicro\/wp-content\/uploads\/sites\/471\/2020\/04\/DSC00579-1024x683.jpg 1024w, https:\/\/sites.usp.br\/labmicro\/wp-content\/uploads\/sites\/471\/2020\/04\/DSC00579-768x512.jpg 768w, https:\/\/sites.usp.br\/labmicro\/wp-content\/uploads\/sites\/471\/2020\/04\/DSC00579-1536x1024.jpg 1536w, https:\/\/sites.usp.br\/labmicro\/wp-content\/uploads\/sites\/471\/2020\/04\/DSC00579-2048x1365.jpg 2048w, https:\/\/sites.usp.br\/labmicro\/wp-content\/uploads\/sites\/471\/2020\/04\/DSC00579-400x267.jpg 400w\" sizes=\"(max-width: 450px) 100vw, 450px\" \/><\/a><p id=\"caption-attachment-929\" class=\"wp-caption-text\">O uso do fogo no final da Idade da Pedra M\u00e9dia no sul da \u00c1frica \/ <em>The use of fire at the end of the Middle Stone Age in Southern Africa<\/em><\/p><\/div>\n<div id=\"attachment_1189\" style=\"width: 460px\" class=\"wp-caption aligncenter\"><a href=\"https:\/\/sites.usp.br\/labmicro\/geoarqueologia-lapa-do-santo\/ \"><img loading=\"lazy\" decoding=\"async\" aria-describedby=\"caption-attachment-1189\" class=\"wp-image-1189\" src=\"https:\/\/sites.usp.br\/labmicro\/wp-content\/uploads\/sites\/471\/2020\/04\/P1010081-300x199.jpg\" alt=\"\" width=\"450\" height=\"299\" data-id=\"1189\" srcset=\"https:\/\/sites.usp.br\/labmicro\/wp-content\/uploads\/sites\/471\/2020\/04\/P1010081-300x199.jpg 300w, https:\/\/sites.usp.br\/labmicro\/wp-content\/uploads\/sites\/471\/2020\/04\/P1010081-1024x680.jpg 1024w, https:\/\/sites.usp.br\/labmicro\/wp-content\/uploads\/sites\/471\/2020\/04\/P1010081-768x510.jpg 768w, https:\/\/sites.usp.br\/labmicro\/wp-content\/uploads\/sites\/471\/2020\/04\/P1010081-1536x1020.jpg 1536w, https:\/\/sites.usp.br\/labmicro\/wp-content\/uploads\/sites\/471\/2020\/04\/P1010081-400x266.jpg 400w, https:\/\/sites.usp.br\/labmicro\/wp-content\/uploads\/sites\/471\/2020\/04\/P1010081.jpg 2048w\" sizes=\"(max-width: 450px) 100vw, 450px\" \/><\/a><p id=\"caption-attachment-1189\" class=\"wp-caption-text\">Geoarqueologia dos primeiros americanos: o s\u00edtio Lapa do Santo \/ <em>Geoarchaeology of the first Americans: Lapa do Santo site, south-central Brazil<\/em><\/p><\/div>\n<div id=\"attachment_1218\" style=\"width: 460px\" class=\"wp-caption aligncenter\"><a href=\"https:\/\/sites.usp.br\/labmicro\/wp-content\/uploads\/sites\/471\/2020\/04\/Sambaquis-17-e1587135509569.jpg\"><img loading=\"lazy\" decoding=\"async\" aria-describedby=\"caption-attachment-1218\" class=\"wp-image-1218\" src=\"https:\/\/sites.usp.br\/labmicro\/wp-content\/uploads\/sites\/471\/2020\/04\/Sambaquis-17-e1587135509569-300x201.jpg\" alt=\"\" width=\"450\" height=\"301\" data-id=\"1218\" \/><\/a><p id=\"caption-attachment-1218\" class=\"wp-caption-text\">Micromorfologia de s\u00edtios concheiros da Am\u00e9rica do Sul \/ <em>Micromorphology of South American shell-matrix sites<\/em><\/p><\/div>\n<p>&nbsp;<\/p>\n<p>&nbsp;<\/p>\n<p><strong>Colabora\u00e7\u00f5es \/ Colaborations:<\/strong><\/p>\n<p>Miss\u00e3o Franco-Brasileira sobre o povoamento pr\u00e9-hist\u00f3rico do sul do Brasil &#8211; Minist\u00e9re de l&#8217;Europe et des Affaires \u00c9trang\u00e8res. Coordena\u00e7\u00e3o: Antoine Lourdeau (MNHN), Mirian Carbonera (UnoChapec\u00f3) e Marcos C\u00e9sar Pereira Santos.<\/p>\n<p>Miss\u00e3o Franco-Brasileira do Piau\u00ed &#8211; Minist\u00e9re de l&#8217;Europe et des Affaires \u00c9trang\u00e8res. Coordena\u00e7\u00e3o: \u00a0\u00c9ric Bo\u00ebda (Universit\u00e9 Paris Nanterre)&lt;<a href=\"https:\/\/www.missionfrancobresiliennedupiaui.com\">webpage<\/a>&gt;<\/p>\n<p>Hist\u00f3rias ind\u00edgenas de longa dura\u00e7\u00e3o: o Brasil pr\u00e9-colonial pela \u00f3tica da antropologia virtual e da arqueogen\u00f4mica &#8211; JP\/FAPESP (2017\/16451-2). Coordena\u00e7\u00e3o: Andr\u00e9 Strauss (MAE\/USP)<\/p>\n<p>The Atlantic forest archaeological project: the origin of plant cultivation in the world most threatened tropical biome &#8211; National Geographic Society. Coordena\u00e7\u00e3o: Andr\u00e9 C. Colonese (Universitat Aut\u00f2noma de Barcelona)<\/p>\n<p>Long-term coastal adaptation, food security and poverty alleviation in Latin America (TRADITION) &#8211; ERC. Coordena\u00e7\u00e3o: Andr\u00e9 C. Colonese (Universitat Aut\u00f2noma de Barcelona) &lt;<a href=\"http:\/\/erc-tradition.eu\">webpage<\/a>&gt;<\/p>\n<p>Territorialidades amer\u00edndias no Alto Vale do Itaja\u00ed. Um olhar a partir da Arqueologia, da Ecologia e da Paleontologia &#8211; CNPq. Coordena\u00e7\u00e3o: Juliana Machado (UFSC), Lucas Bueno (UFSC), Nivaldo Peroni (UFSC), Patricia Hadler (UFSC)<\/p>\n<p>Arquitectura en tierra prehist\u00f3rica: processos de monumentalizaci\u00f3n y cambio social en las tierras bajas de Uruguay &#8211; CSIC (Uruguai). Coordena\u00e7\u00e3o: Camila Gianotti (Universidad de la Rep\u00fablica)<\/p>\n<p>Long-term human responses to sea-level change &#8211; NSF. Coordena\u00e7\u00e3o: Naomi Cleghorn (University of Texas &#8211; Arlington)<\/p>\n<p>Trayectoria hist\u00f3rica, cambios ambientales y eventos catastr\u00f3ficos durante el Per\u00edodo Arcaico en la costa de Taltal, norte de Chile &#8211; FONDECYT (Chile). Coordena\u00e7\u00e3o: Diego Salazar (Universidad de Chile)<\/p>\n","protected":false},"excerpt":{"rendered":"<p>Profa. Dra. Ximena S. Villagran As sociedades costeiras do Brasil pr\u00e9-colonial: fronteiras e transi\u00e7\u00f5es culturais atrav\u00e9s da microarqueologia Micromorfologia das primeiras ocupa\u00e7\u00f5es humanas na Am\u00e9rica do Sul \/ Micromorphology of the first human settlements in South America O uso do fogo no final da Idade da Pedra M\u00e9dia no sul da \u00c1frica \/ The use of fire at the end of the Middle Stone Age in Southern Africa Geoarqueologia dos primeiros americanos: o s\u00edtio Lapa do Santo \/ Geoarchaeology of the first Americans: Lapa do Santo site, south-central Brazil Micromorfologia de s\u00edtios concheiros da Am\u00e9rica do Sul \/ Micromorphology of South American shell-matrix sites &nbsp; &nbsp; Colabora\u00e7\u00f5es \/ Colaborations: Miss\u00e3o Franco-Brasileira sobre o povoamento pr\u00e9-hist\u00f3rico do sul do Brasil &#8211; Minist\u00e9re de l&#8217;Europe et des Affaires \u00c9trang\u00e8res. Coordena\u00e7\u00e3o: Antoine Lourdeau (MNHN), Mirian Carbonera (UnoChapec\u00f3) e Marcos C\u00e9sar Pereira Santos. Miss\u00e3o Franco-Brasileira do Piau\u00ed &#8211; Minist\u00e9re de l&#8217;Europe et des Affaires \u00c9trang\u00e8res. Coordena\u00e7\u00e3o: \u00a0\u00c9ric Bo\u00ebda (Universit\u00e9 Paris Nanterre)&lt;webpage&gt; Hist\u00f3rias ind\u00edgenas de longa dura\u00e7\u00e3o: o Brasil pr\u00e9-colonial pela \u00f3tica da antropologia virtual e da arqueogen\u00f4mica &#8211; JP\/FAPESP (2017\/16451-2). Coordena\u00e7\u00e3o: Andr\u00e9 Strauss (MAE\/USP) The Atlantic forest archaeological project: the origin of plant cultivation in the world most threatened tropical biome &#8211; National Geographic [&#8230;]<\/p>\n","protected":false},"author":845,"featured_media":0,"parent":0,"menu_order":0,"comment_status":"closed","ping_status":"closed","template":"page-full.php","meta":{"_monsterinsights_skip_tracking":false,"_monsterinsights_sitenote_active":false,"_monsterinsights_sitenote_note":"","_monsterinsights_sitenote_category":0,"footnotes":"","_links_to":"","_links_to_target":""},"class_list":["post-821","page","type-page","status-publish","hentry"],"_links":{"self":[{"href":"https:\/\/sites.usp.br\/labmicro\/wp-json\/wp\/v2\/pages\/821","targetHints":{"allow":["GET"]}}],"collection":[{"href":"https:\/\/sites.usp.br\/labmicro\/wp-json\/wp\/v2\/pages"}],"about":[{"href":"https:\/\/sites.usp.br\/labmicro\/wp-json\/wp\/v2\/types\/page"}],"author":[{"embeddable":true,"href":"https:\/\/sites.usp.br\/labmicro\/wp-json\/wp\/v2\/users\/845"}],"replies":[{"embeddable":true,"href":"https:\/\/sites.usp.br\/labmicro\/wp-json\/wp\/v2\/comments?post=821"}],"version-history":[{"count":5,"href":"https:\/\/sites.usp.br\/labmicro\/wp-json\/wp\/v2\/pages\/821\/revisions"}],"predecessor-version":[{"id":2366,"href":"https:\/\/sites.usp.br\/labmicro\/wp-json\/wp\/v2\/pages\/821\/revisions\/2366"}],"wp:attachment":[{"href":"https:\/\/sites.usp.br\/labmicro\/wp-json\/wp\/v2\/media?parent=821"}],"curies":[{"name":"wp","href":"https:\/\/api.w.org\/{rel}","templated":true}]}}