{"id":1921,"date":"2025-06-18T15:41:27","date_gmt":"2025-06-18T17:41:27","guid":{"rendered":"https:\/\/sites.usp.br\/labnut\/?page_id=1921"},"modified":"2026-04-29T12:03:11","modified_gmt":"2026-04-29T14:03:11","slug":"ensino","status":"publish","type":"page","link":"https:\/\/sites.usp.br\/labnut\/ensino\/","title":{"rendered":"Ensino"},"content":{"rendered":"<p>IOF0251 &#8211; Bioqu\u00edmica Marinha e Efeitos da Polui\u00e7\u00e3o nos Processos Bioqu\u00edmicos<\/p>\n<p><a href=\"https:\/\/uspdigital.usp.br\/jupiterweb\/obterDisciplina?sgldis=IOF0251&amp;verdis=3\">Jupiterweb<\/a><\/p>\n<p>&nbsp;<\/p>\n<p>IOF0262 &#8211; Ciclos Biogeoqu\u00edmicos I<\/p>\n<p><a href=\"https:\/\/uspdigital.usp.br\/jupiterweb\/obterDisciplina?sgldis=IOF0262&amp;verdis=2\">Jupiterweb<\/a><\/p>\n<p>&nbsp;<\/p>\n<p>IOF0276 &#8211; Bioluminesc\u00eancia e Qu\u00edmica de Processos Biol\u00f3gicos Marinhos<\/p>\n<p><a href=\"https:\/\/uspdigital.usp.br\/jupiterweb\/obterDisciplina?sgldis=IOF0276&amp;verdis=1\">Jupiterweb<\/a><\/p>\n<p><a href=\"https:\/\/sites.usp.br\/labnut\/depoimentos-sobre-a-disciplina-iof0276-bioluminescencia-e-quimica-de-processos-biologicos-marinhos\/\">Depoimentos<\/a><\/p>\n<p>&nbsp;<\/p>\n<p>IOF0281 &#8211; Oceanografia Qu\u00edmica II<\/p>\n<p><a href=\"https:\/\/uspdigital.usp.br\/jupiterweb\/obterDisciplina?sgldis=IOF0281&amp;verdis=1\">Jupiterweb<\/a><\/p>\n<p>&nbsp;<\/p>\n<p>2100124 &#8211; Projetos de Cultura e Extens\u00e3o em Oceanografia I<\/p>\n<p><a href=\"https:\/\/uspdigital.usp.br\/jupiterweb\/obterDisciplina?sgldis=2100124&amp;verdis=1\">Jupiterweb<\/a><\/p>\n<p>&nbsp;<\/p>\n<p>2100125 &#8211; Projetos de Cultura e Extens\u00e3o em Oceanografia II<\/p>\n<p><a href=\"https:\/\/uspdigital.usp.br\/jupiterweb\/obterDisciplina?sgldis=2100125&amp;verdis=1\">Jupiterweb<\/a><\/p>\n","protected":false},"excerpt":{"rendered":"<p>IOF0251 &#8211; Bioqu\u00edmica Marinha e Efeitos da Polui\u00e7\u00e3o nos Processos Bioqu\u00edmicos Jupiterweb &nbsp; IOF0262 &#8211; Ciclos Biogeoqu\u00edmicos I Jupiterweb &nbsp; IOF0276 &#8211; Bioluminesc\u00eancia e Qu\u00edmica de Processos Biol\u00f3gicos Marinhos Jupiterweb Depoimentos &nbsp; IOF0281 &#8211; Oceanografia Qu\u00edmica II Jupiterweb &nbsp; 2100124 &#8211; Projetos de Cultura e Extens\u00e3o em Oceanografia I Jupiterweb &nbsp; 2100125 &#8211; Projetos de<a href=\"https:\/\/sites.usp.br\/labnut\/ensino\/\">[&#8230;]<\/a><\/p>\n","protected":false},"author":23833,"featured_media":0,"parent":0,"menu_order":0,"comment_status":"closed","ping_status":"closed","template":"","meta":{"_monsterinsights_skip_tracking":false,"_monsterinsights_sitenote_active":false,"_monsterinsights_sitenote_note":"","_monsterinsights_sitenote_category":0,"footnotes":"","_links_to":"","_links_to_target":""},"class_list":["post-1921","page","type-page","status-publish","hentry"],"_links":{"self":[{"href":"https:\/\/sites.usp.br\/labnut\/wp-json\/wp\/v2\/pages\/1921","targetHints":{"allow":["GET"]}}],"collection":[{"href":"https:\/\/sites.usp.br\/labnut\/wp-json\/wp\/v2\/pages"}],"about":[{"href":"https:\/\/sites.usp.br\/labnut\/wp-json\/wp\/v2\/types\/page"}],"author":[{"embeddable":true,"href":"https:\/\/sites.usp.br\/labnut\/wp-json\/wp\/v2\/users\/23833"}],"replies":[{"embeddable":true,"href":"https:\/\/sites.usp.br\/labnut\/wp-json\/wp\/v2\/comments?post=1921"}],"version-history":[{"count":4,"href":"https:\/\/sites.usp.br\/labnut\/wp-json\/wp\/v2\/pages\/1921\/revisions"}],"predecessor-version":[{"id":2047,"href":"https:\/\/sites.usp.br\/labnut\/wp-json\/wp\/v2\/pages\/1921\/revisions\/2047"}],"wp:attachment":[{"href":"https:\/\/sites.usp.br\/labnut\/wp-json\/wp\/v2\/media?parent=1921"}],"curies":[{"name":"wp","href":"https:\/\/api.w.org\/{rel}","templated":true}]}}