{"id":587,"date":"2023-05-29T15:00:23","date_gmt":"2023-05-29T17:00:23","guid":{"rendered":"https:\/\/sites.usp.br\/labnut\/?page_id=587"},"modified":"2025-06-18T17:42:55","modified_gmt":"2025-06-18T19:42:55","slug":"equipe-atual","status":"publish","type":"page","link":"https:\/\/sites.usp.br\/labnut\/equipe-atual\/","title":{"rendered":"Equipe Atual"},"content":{"rendered":"<p>A nossa equipe \u00e9 composta por alunos de gradua\u00e7\u00e3o, p\u00f3s e t\u00e9cnicos.<\/p>\n<hr \/>\n<p><a href=\"https:\/\/sites.usp.br\/labnut\/wp-content\/uploads\/sites\/1168\/2022\/09\/Beth-scaled-e1664480275964.jpeg\"><img decoding=\"async\" class=\"alignleft wp-image-426 size-thumbnail\" src=\"https:\/\/sites.usp.br\/labnut\/wp-content\/uploads\/sites\/1168\/2022\/09\/Beth-150x150.jpeg\" alt=\"\" width=\"150\" height=\"150\" srcset=\"https:\/\/sites.usp.br\/labnut\/wp-content\/uploads\/sites\/1168\/2022\/09\/Beth-150x150.jpeg 150w, https:\/\/sites.usp.br\/labnut\/wp-content\/uploads\/sites\/1168\/2022\/09\/Beth-250x250.jpeg 250w, https:\/\/sites.usp.br\/labnut\/wp-content\/uploads\/sites\/1168\/2022\/09\/Beth-174x174.jpeg 174w, https:\/\/sites.usp.br\/labnut\/wp-content\/uploads\/sites\/1168\/2022\/09\/Beth-45x45.jpeg 45w, https:\/\/sites.usp.br\/labnut\/wp-content\/uploads\/sites\/1168\/2022\/09\/Beth-200x200.jpeg 200w\" sizes=\"(max-width: 150px) 100vw, 150px\" \/><\/a><\/p>\n<div id=\"hzubeqky\" class=\"_1Q9if _3bcaz\" data-testid=\"richTextElement\">\n<p class=\"font_8\">Profa. Dra. Elisabete de Santis Braga (Coordenadora) (<a class=\"_3HCmE\" href=\"http:\/\/buscatextual.cnpq.br\/buscatextual\/visualizacv.do?id=K4780441J1\" target=\"_blank\" rel=\"noopener\" data-testid=\"linkElement\" aria-disabled=\"false\"><span class=\"_1E9Uq\">Lattes<\/span><\/a>)<\/p>\n<p class=\"font_8\">Mestrado em Oceanografia (Oceanografia F\u00edsica &#8211; op\u00e7\u00e3o: Oceanografia Qu\u00edmica) pela Universidade de S\u00e3o Paulo (1989), Doutorado Sandwich em Oceanografia &#8211; (Oceanografia Biol\u00f3gica) pela Universidade de S\u00e3o Paulo e (Oceanografia Qu\u00edmica) pela Universit\u00e9 de Bretagne Occidentale\/Fran\u00e7a (1995), P\u00f3s-Doutorado pelo ORSTOM &#8211; atual IRD (Institut de Recherche pour le D\u00e9veloppement) (1997), P\u00f3s-Doutorado pela Universit\u00e9 Pierre et Marie Curie (2001) e P\u00f3s-Doutorado pelo Institut Universitaire Europ\u00e9en de la Mer (2004).<\/p>\n<p class=\"font_8\">\u00c9 especialista em estudos dos ciclos biogeoqu\u00edmicos dos nutrientes nos oceanos abordando aspectos tr\u00f3ficos, a utiliza\u00e7\u00e3o como tra\u00e7adores de massas d\u2019\u00e1gua, processos de polui\u00e7\u00e3o e sequestro de carbono. Seus estudos \u00a0t\u00eam \u00eanfase em C, N, P e Si , sendo micronutrientes como Fe e Zn, poluentes como Cd e Pb est\u00e3o em seu escopo de trabalho, bem como metais em \u00e1gua e sedimentos e ETR. Desenvolve tamb\u00e9m pesquisas em bioqu\u00edmica marinha, avaliando biomarcadores e altera\u00e7\u00f5es bioqu\u00edmicas provocadas pela polui\u00e7\u00e3o. Participa de \u00a0Programas e Projetos nacionais e internacionais, tendo atuado no PROANTAR desde 1982. Colaborou em importantes projetos como ramifica\u00e7\u00f5es do World Ocean Circulation Experiments (WOCE) como os projetos CITHER I e II, ROMANCHE, ETAMBOT e outros tamb\u00e9m de import\u00e2ncia Internacional como \u00a0EQUALANT, BEAGLE, La Plata, \u00a0entre outros.<\/p>\n<\/div>\n<div id=\"i8lo1yka\" class=\"_1Q9if _3bcaz\" data-testid=\"richTextElement\">\n<p class=\"font_8\">Coordenou v\u00e1rios Projetos Nacionais \u00a0sendo alguns dentro do Programa PROANTAR como HIDROGEOQUIMBA, RADIOANTAR, CARBOTHORIUM\u00a0 e outros de \u00a0atua\u00e7\u00e3o regional como MOBIO(FAPESP),VAGRA(CNPq)FEBIOGEOQUIM (CNPq). Participou e atua em alguns Projetos de \u00e2mbito Nacional como o REVIZEE, PADCT e INCTs.<\/p>\n<p class=\"font_8\">Atualmente coordena do Projeto Tem\u00e1tico Estudo do Equil\u00edbrio do Ciclo do Carbono e seu Potencial Transporte com \u00eanfase ao litoral de Pernambuco(CaReCos)(FAPESP,FACEPE e ANR) realizado \u00a0em conjunto com a universidade Federal de Pernambuco(UFPE) e participa do Instituto Nacional de Ci\u00eancia e Tecnologia \u2013 Tranfer\u00eancia de Material Continente-Oceano \u00a0coordenado pela UFC. Tem uma vertente de pesquisa em a\u00e7\u00f5es s\u00f3cio-ambientais realizadas por meios de Projetos junto \u00e0 Cultura e Extens\u00e3o Universit\u00e1ria atuando junto \u00e0 comunidade como nos Projetos Educa\u00e7\u00e3o ambiental volta \u00e0 comunidades litor\u00e2neas, A ci\u00eancia na esfera, Lidera dois Grupos de Pesquisa junto ao CNPq: 1 &#8211; Ciclos biogeoqu\u00edmicos marinhos: nutrientes, micronutrientes, gases, tra\u00e7os e polui\u00e7\u00e3o e 2 &#8211; Desenvolvimento e aplica\u00e7\u00e3o de tecnologia para a produ\u00e7\u00e3o, viabiliza\u00e7\u00e3o e difus\u00e3o das pesquisas oceanogr\u00e1ficas e de recursos h\u00eddricos apresentando tamb\u00e9m a vertente tecnol\u00f3gica e inovadora, sendo detentora de duas patentes de produtos tecnol\u00f3gicos. Atua junto ao Museu Oceanogr\u00e1fico do IOUSP em Projetos e orienta\u00e7\u00e3o cient\u00edfica. Atua tamb\u00e9m na preserva\u00e7\u00e3o da Mem\u00f3ria da Institui\u00e7\u00e3o sendo presidente da comiss\u00e3o de mesmo nome \u00a0e na realiza\u00e7\u00e3o projetos de preserva\u00e7\u00e3o como mem\u00f3ria do Besnard , \u00a0recupera\u00e7\u00e3o do cascador de redes, etc&#8230;<\/p>\n<p class=\"font_8\">Junto \u00e0 Universidade foi diretora do Museu de Ci\u00eancia da USP de 2005 a 2010.<\/p>\n<p class=\"font_8\">Orienta alunos nos n\u00edveis de IC TG, IExt., M, D nacionais e internacionais. Atua em dois Programas de P\u00f3s-Gradua\u00e7\u00e3o da USP (IOUSP e PROCAM- Programa de Ci\u00eancia Ambiental). Supervisiona PDs. Participa de Conv\u00eanios e tem parceiros em outras Institui\u00e7\u00f5es nacionais e Internacionais.<\/p>\n<p class=\"font_8\">Atualmente \u00e9 Professora Titular (MS-6) do Instituto Oceanogr\u00e1fico da Universidade de S\u00e3o Paulo, onde coordena o LABNUT\/IOUSP &#8211; Laborat\u00f3rio de Nutrientes, Micronutrientes e Tra\u00e7os no Mar. \u00c9 atualmente Chefe do Departamento de Oceanografia F\u00edsica, Qu\u00edmica e Geologia do IOUSP, com mandato at\u00e9 o final de 2015. Foi Vice-Chefe na gest\u00e3o anterior. Coordena tamb\u00e9m o Laborat\u00f3rio de Instrumenta\u00e7\u00e3o Oceanogr\u00e1fica (LIO\/IOUSP). \u00c9 Presidentes da Comiss\u00e3o de Cultura e Extens\u00e3o do IOUSP, Presidente das Comiss\u00f5es Assessora Cient\u00edfica do Museu Oceanogr\u00e1fico do IOUSP e da Mem\u00f3ria do IOUSP.<\/p>\n<\/div>\n<hr \/>\n<p><a href=\"https:\/\/sites.usp.br\/labnut\/wp-content\/uploads\/sites\/1168\/2024\/02\/profile_35041.jpg\"><img decoding=\"async\" class=\"alignleft wp-image-1259 size-thumbnail\" src=\"https:\/\/sites.usp.br\/labnut\/wp-content\/uploads\/sites\/1168\/2024\/02\/profile_35041-150x150.jpg\" alt=\"\" width=\"150\" height=\"150\" srcset=\"https:\/\/sites.usp.br\/labnut\/wp-content\/uploads\/sites\/1168\/2024\/02\/profile_35041-150x150.jpg 150w, https:\/\/sites.usp.br\/labnut\/wp-content\/uploads\/sites\/1168\/2024\/02\/profile_35041-250x250.jpg 250w, https:\/\/sites.usp.br\/labnut\/wp-content\/uploads\/sites\/1168\/2024\/02\/profile_35041-174x174.jpg 174w, https:\/\/sites.usp.br\/labnut\/wp-content\/uploads\/sites\/1168\/2024\/02\/profile_35041-45x45.jpg 45w, https:\/\/sites.usp.br\/labnut\/wp-content\/uploads\/sites\/1168\/2024\/02\/profile_35041-200x200.jpg 200w\" sizes=\"(max-width: 150px) 100vw, 150px\" \/><\/a><span class=\"color_14\">Vitor Gonsalez Chiozzini<\/span><\/p>\n<p class=\"font_8\"><span class=\"color_13\">Bacharel em Qu\u00edmica e Doutor em Oceanografia (<\/span><a class=\"_3HCmE\" href=\"http:\/\/lattes.cnpq.br\/8804670426517839\" target=\"_blank\" rel=\"noopener\" data-testid=\"linkElement\" aria-disabled=\"false\"><span class=\"_1E9Uq\">Lattes<\/span><\/a>)<\/p>\n<p class=\"font_8\">Bacharel e Licenciado em Qu\u00edmica (2007) e Doutor em Ci\u00eancias &#8211; Oceanografia Qu\u00edmica (2017), \u00e9 funcion\u00e1rio do quadro t\u00e9cnico do Instituto Oceanogr\u00e1fico da Universidade de S\u00e3o Paulo desde 2002. Tem experi\u00eancia em qu\u00edmica anal\u00edtica instrumental, especialmente na determina\u00e7\u00e3o de nutrientes, micronutrientes, gases e tra\u00e7os em diversas matrizes. Desenvolve, otimiza e implementa m\u00e9todos anal\u00edticos, sobretudo espectrometria, espectrofotometria, polarografia e titrimetria. Atua em projetos relacionados \u00e0 transfer\u00eancia de materiais continente-oceano, utilizando ampla gama de ferramentas biogeoqu\u00edmicas. Mant\u00e9m parcerias com pesquisadores de diversas universidades brasileiras e de outros pa\u00edses, como EUA, Espanha, It\u00e1lia, Litu\u00e2nia, Su\u00e9cia, Dinamarca e Holanda. Exerce atividades nos tr\u00eas pilares exigidos pela universidade: Ensino, Pesquisa e Cultura e Extens\u00e3o. \u00c9 revisor de peri\u00f3dicos como Estuaries and Coasts e Regional Studies in Marine Science.<span class=\"texto\">\u00a0<\/span><\/p>\n<p class=\"font_8\"><em><span class=\"color_13\">\u200b<\/span><\/em>Participou dos seguintes Projetos: HIDROGEOQUIMBA, RADIOANTAR, CARBOTHORIUM, LA PLATA, MOBIO, VAGRA. Atualmente envolvido nos projetos: FEBIOGEOQUIM, SAMOC, CaReCoS, BIOGEOQUIS-ECOS (FAPEMA\/FAPESP), entre outros;<\/p>\n<p class=\"font_8\">Especialidades: Determina\u00e7\u00e3o de Nutrientes por SFA, Ciclo do Nitrog\u00eanio no Meio Marinho, Transporte de Materiais dos Continentes para os Oceanos, Elementos Terras Raras como Indicadores de Processos Hidrogeoqu\u00edmicos.<\/p>\n<hr \/>\n<p><a href=\"https:\/\/sites.usp.br\/labnut\/wp-content\/uploads\/sites\/1168\/2022\/09\/Glau\u0301cia-scaled-e1664480811856.jpeg\"><img decoding=\"async\" class=\"alignleft wp-image-430 size-thumbnail\" src=\"https:\/\/sites.usp.br\/labnut\/wp-content\/uploads\/sites\/1168\/2022\/09\/Glau\u0301cia-scaled-e1664571217499-150x150.jpeg\" alt=\"\" width=\"150\" height=\"150\" srcset=\"https:\/\/sites.usp.br\/labnut\/wp-content\/uploads\/sites\/1168\/2022\/09\/Glau\u0301cia-scaled-e1664571217499-150x150.jpeg 150w, https:\/\/sites.usp.br\/labnut\/wp-content\/uploads\/sites\/1168\/2022\/09\/Glau\u0301cia-scaled-e1664571217499-250x250.jpeg 250w, https:\/\/sites.usp.br\/labnut\/wp-content\/uploads\/sites\/1168\/2022\/09\/Glau\u0301cia-scaled-e1664571217499-174x174.jpeg 174w, https:\/\/sites.usp.br\/labnut\/wp-content\/uploads\/sites\/1168\/2022\/09\/Glau\u0301cia-scaled-e1664571217499-45x45.jpeg 45w, https:\/\/sites.usp.br\/labnut\/wp-content\/uploads\/sites\/1168\/2022\/09\/Glau\u0301cia-scaled-e1664571217499-200x200.jpeg 200w\" sizes=\"(max-width: 150px) 100vw, 150px\" \/><\/a><span class=\"color_14\">Gl\u00e1ucia Berbel <span class=\"color_13\">(<\/span><a class=\"_3HCmE\" href=\"http:\/\/lattes.cnpq.br\/1338852834579613\" target=\"_blank\" rel=\"noopener\" data-testid=\"linkElement\" aria-disabled=\"false\"><span class=\"_1E9Uq\">Lattes<\/span><\/a>)<\/span><\/p>\n<p class=\"font_8\"><span class=\"color_13\">Bacharelado e Licenciatura em Qu\u00edmica (USP), Doutorado direto em especia\u00e7\u00e3o qu\u00edmica do f\u00f3sforo em sedimentos da Ba\u00eda do Almirantado (Ant\u00e1rtica), Plataforma Argentina (Mar del Plata) e Brasileira Sul (Rio Grande &#8211; Itaja\u00ed), Estu\u00e1rio de Santos e Canan\u00e9ia, orientada pela Prof. Dra. Elisabete de Santis Braga<\/span><\/p>\n<p class=\"font_8\"><em><span class=\"color_13\">\u200bRealiza P\u00f3s Doc no LABNUT sob supervis\u00e3o da coordenadora do LABNUT.<\/span><\/em><\/p>\n<p class=\"font_8\">Participa dos projetos: CaReCos, FEBIOGEOQUIM, SAMOC, IODP (Integrated Ocean Drilling Program &#8211; Sedimentos do sul do Alaska) e Mamangu\u00e1.<\/p>\n<p class=\"font_8\">Especialidades: Carbono dissolvido, ciclo biogeoqu\u00edmico do f\u00f3sforo e de metais nos sedimentos e geoqu\u00edmica de \u00e1gua intesrticial.<\/p>\n<hr \/>\n<p><a href=\"https:\/\/sites.usp.br\/labnut\/wp-content\/uploads\/sites\/1168\/2024\/02\/IMG-20240223-WA0000.jpg\"><img loading=\"lazy\" decoding=\"async\" class=\"alignleft wp-image-1257 size-thumbnail\" src=\"https:\/\/sites.usp.br\/labnut\/wp-content\/uploads\/sites\/1168\/2024\/02\/IMG-20240223-WA0000-150x150.jpg\" alt=\"\" width=\"150\" height=\"150\" srcset=\"https:\/\/sites.usp.br\/labnut\/wp-content\/uploads\/sites\/1168\/2024\/02\/IMG-20240223-WA0000-150x150.jpg 150w, https:\/\/sites.usp.br\/labnut\/wp-content\/uploads\/sites\/1168\/2024\/02\/IMG-20240223-WA0000-250x250.jpg 250w, https:\/\/sites.usp.br\/labnut\/wp-content\/uploads\/sites\/1168\/2024\/02\/IMG-20240223-WA0000-174x174.jpg 174w, https:\/\/sites.usp.br\/labnut\/wp-content\/uploads\/sites\/1168\/2024\/02\/IMG-20240223-WA0000-45x45.jpg 45w, https:\/\/sites.usp.br\/labnut\/wp-content\/uploads\/sites\/1168\/2024\/02\/IMG-20240223-WA0000-200x200.jpg 200w\" sizes=\"(max-width: 150px) 100vw, 150px\" \/><\/a>Solange Kazue Utimura (<a href=\"http:\/\/lattes.cnpq.br\/8000039362864636\">Lattes<\/a>)<\/p>\n<p>Possui gradua\u00e7\u00e3o em Engenharia de Produ\u00e7\u00e3o Qu\u00edmica pela Faculdade de Engenharia Industrial &#8211; FEI (1995) e mestrado em Engenharia Qu\u00edmica pela Universidade de S\u00e3o Paulo (2014). Tem experi\u00eancia na \u00e1rea de reciclagem de res\u00edduos eletroeletr\u00f4nicos. \u00c9 doutora pelo Departamento de Engenharia Qu\u00edmica da Escola Polit\u00e9cnica da Universidade de S\u00e3o Paulo na \u00e1rea de lixivia\u00e7\u00e3o qu\u00edmica e biol\u00f3gica no processo de reciclagem de metais a partir dos res\u00edduos de eletroeletr\u00f4nicos (2020).<\/p>\n<p><em><span class=\"color_13\">Realiza P\u00f3s Doc no LABNUT sob supervis\u00e3o da coordenadora do LABNUT.<\/span><\/em><\/p>\n<hr \/>\n<p><a href=\"https:\/\/sites.usp.br\/labnut\/wp-content\/uploads\/sites\/1168\/2022\/09\/WhatsApp-Image-2022-09-30-at-17.51.23.jpeg\"><img loading=\"lazy\" decoding=\"async\" class=\"alignleft wp-image-463 size-thumbnail\" src=\"https:\/\/sites.usp.br\/labnut\/wp-content\/uploads\/sites\/1168\/2022\/09\/WhatsApp-Image-2022-09-30-at-17.51.23-150x150.jpeg\" alt=\"\" width=\"150\" height=\"150\" srcset=\"https:\/\/sites.usp.br\/labnut\/wp-content\/uploads\/sites\/1168\/2022\/09\/WhatsApp-Image-2022-09-30-at-17.51.23-150x150.jpeg 150w, https:\/\/sites.usp.br\/labnut\/wp-content\/uploads\/sites\/1168\/2022\/09\/WhatsApp-Image-2022-09-30-at-17.51.23-250x250.jpeg 250w, https:\/\/sites.usp.br\/labnut\/wp-content\/uploads\/sites\/1168\/2022\/09\/WhatsApp-Image-2022-09-30-at-17.51.23-174x174.jpeg 174w, https:\/\/sites.usp.br\/labnut\/wp-content\/uploads\/sites\/1168\/2022\/09\/WhatsApp-Image-2022-09-30-at-17.51.23-45x45.jpeg 45w, https:\/\/sites.usp.br\/labnut\/wp-content\/uploads\/sites\/1168\/2022\/09\/WhatsApp-Image-2022-09-30-at-17.51.23-200x200.jpeg 200w\" sizes=\"(max-width: 150px) 100vw, 150px\" \/><\/a><span class=\"color_14\">Bruno Otero Sutti <span class=\"color_13\">(<\/span><a class=\"_3HCmE\" href=\"http:\/\/lattes.cnpq.br\/6632195266699299\" target=\"_blank\" rel=\"noopener\" data-testid=\"linkElement\" aria-disabled=\"false\"><span class=\"_1E9Uq\">Lattes<\/span><\/a>)<\/span><\/p>\n<p class=\"font_8\"><span class=\"color_13\">Graduou-se em Oceanografia na Universidade do Vale do Itaja\u00ed (2009) sob trabalho de conclus\u00e3o de curso na \u00e1rea de geomorfologia costeira. Possui Mestrado em Ecologia Marinha pela Universidade Santa Cec\u00edlia (2014), onde atuou em estudos ecol\u00f3gicos como indicadores de qualidade ambiental, focando a qualidade de \u00e1guas costeiras com base em par\u00e2metros f\u00edsico-qu\u00edmicos e microbiol\u00f3gico. Doutorando no Instituto Oceanogr\u00e1fico da Universidade de S\u00e3o Paulo em Oceanografia Qu\u00edmica, atuando principalmente em ciclos biogeoqu\u00edmicos (C, Si, N e P) na zona costeira; com \u00eanfase na din\u00e2mica de interfaces (estu\u00e1rio-mar e sedimento-\u00e1gua-atmosfera).<\/span><\/p>\n<p class=\"font_8\">Participa dos projetos: BIOGEOQUIS-ECOS (FAPEMA\/FAPESP).<\/p>\n<p class=\"font_8\">Especialidades:<span class=\"color_13\"> Ciclos Biogeoqu\u00edmicos, Estu\u00e1rios e Din\u00e2mica de Interfaces.<\/span><\/p>\n<hr \/>\n<p><a href=\"https:\/\/sites.usp.br\/labnut\/wp-content\/uploads\/sites\/1168\/2024\/02\/IMG-20240219-WA0001-scaled.jpg\"><img loading=\"lazy\" decoding=\"async\" class=\"alignleft wp-image-1255 size-thumbnail\" src=\"https:\/\/sites.usp.br\/labnut\/wp-content\/uploads\/sites\/1168\/2024\/02\/IMG-20240219-WA0001-150x150.jpg\" alt=\"\" width=\"150\" height=\"150\" srcset=\"https:\/\/sites.usp.br\/labnut\/wp-content\/uploads\/sites\/1168\/2024\/02\/IMG-20240219-WA0001-150x150.jpg 150w, https:\/\/sites.usp.br\/labnut\/wp-content\/uploads\/sites\/1168\/2024\/02\/IMG-20240219-WA0001-250x250.jpg 250w, https:\/\/sites.usp.br\/labnut\/wp-content\/uploads\/sites\/1168\/2024\/02\/IMG-20240219-WA0001-174x174.jpg 174w, https:\/\/sites.usp.br\/labnut\/wp-content\/uploads\/sites\/1168\/2024\/02\/IMG-20240219-WA0001-45x45.jpg 45w, https:\/\/sites.usp.br\/labnut\/wp-content\/uploads\/sites\/1168\/2024\/02\/IMG-20240219-WA0001-200x200.jpg 200w\" sizes=\"(max-width: 150px) 100vw, 150px\" \/><\/a><span class=\"color_14\">Antonio Jeferson Muniz Almeida <span class=\"color_13\">(<\/span><a class=\"_3HCmE\" href=\"http:\/\/lattes.cnpq.br\/5351841676536112\" target=\"_blank\" rel=\"noopener\" data-testid=\"linkElement\" aria-disabled=\"false\"><span class=\"_1E9Uq\">Lattes<\/span><\/a>)<\/span><\/p>\n<p class=\"font_8\"><span class=\"color_13\">Bacharel em Oceanografia (Universidade Federal do Maranh\u00e3o, 2021), doutorando em Oceanografia (\u00c1rea de atua\u00e7\u00e3o Oceanografia Qu\u00edmica) pelo Instituto Oceanogr\u00e1fico da Universidade de S\u00e3o Paulo &#8211; IOUSP, vinculado ao Laborat\u00f3rio de Biogeoqu\u00edmica de Nutrientes, Micronutrientes e Tra\u00e7os nos Oceanos, onde desenvolve pesquisas sobre o sistema carbonato em ambientes costeiros, com \u00eanfase no fluxo de carbono. T\u00e9cnico em Seguran\u00e7a do Trabalho pelo Centro de Forma\u00e7\u00e3o de Enfermagem Ana Neri (2019). Desenvolve tamb\u00e9m, projetos voltados para \u00e1rea da oceanografia qu\u00edmica, biol\u00f3gica e geol\u00f3gica, bem como ciclos biogeoqu\u00edmicos, fitopl\u00e2ncton, qualidade da \u00e1gua marinha e continental, mudan\u00e7as ambientais por interven\u00e7\u00f5es antr\u00f3picas em ambientes aqu\u00e1ticos, continentais, costeiros e marinhos, an\u00e1lise de par\u00e2metros f\u00edsicos e qu\u00edmicos da \u00e1gua.<\/span><\/p>\n<p class=\"font_8\">Participa dos projetos: BIOGEOQUIS-ECOS (FAPEMA\/FAPESP).<\/p>\n<p>Especialidades: <span class=\"color_13\">Propriedades Qu\u00edmicas da \u00c1gua e Ciclos Biogeoqu\u00edmicos. <\/span><\/p>\n<hr \/>\n<p><a href=\"https:\/\/sites.usp.br\/labnut\/wp-content\/uploads\/sites\/1168\/2024\/04\/IMG-20240423-WA0011.jpg\"><img loading=\"lazy\" decoding=\"async\" class=\"alignleft wp-image-1487 size-thumbnail\" src=\"https:\/\/sites.usp.br\/labnut\/wp-content\/uploads\/sites\/1168\/2024\/04\/IMG-20240423-WA0011-150x150.jpg\" alt=\"\" width=\"150\" height=\"150\" srcset=\"https:\/\/sites.usp.br\/labnut\/wp-content\/uploads\/sites\/1168\/2024\/04\/IMG-20240423-WA0011-150x150.jpg 150w, https:\/\/sites.usp.br\/labnut\/wp-content\/uploads\/sites\/1168\/2024\/04\/IMG-20240423-WA0011-250x250.jpg 250w, https:\/\/sites.usp.br\/labnut\/wp-content\/uploads\/sites\/1168\/2024\/04\/IMG-20240423-WA0011-174x174.jpg 174w, https:\/\/sites.usp.br\/labnut\/wp-content\/uploads\/sites\/1168\/2024\/04\/IMG-20240423-WA0011-45x45.jpg 45w, https:\/\/sites.usp.br\/labnut\/wp-content\/uploads\/sites\/1168\/2024\/04\/IMG-20240423-WA0011-200x200.jpg 200w\" sizes=\"(max-width: 150px) 100vw, 150px\" \/><\/a>Henrique Jos\u00e9 Rodrigues Dias (<a href=\"http:\/\/lattes.cnpq.br\/0606939032515368\">Lattes<\/a>)<\/p>\n<p>Bacharel em Oceanografia pelo Instituto Oceanogr\u00e1fico da Universidade de S\u00e3o Paulo &#8211; IOUSP e com repert\u00f3rio extenso em pesquisa pelo Laborat\u00f3rio de Biogeoqu\u00edmica de Nutrientes, Micronutrientes e Tra\u00e7os LABNUT. Atuou profissionalmente na gest\u00e3o de projetos na \u00e1rea de Licenciamento e Monitoramento Ambiental, como Analista T\u00e9cnico Ambiental. Busca ativa e forma\u00e7\u00e3o constante pelos temas de Meio Ambiente, Sustentabilidade, Gest\u00e3o de Projetos e Pessoas, ESG e Ci\u00eancia de Dados. Atualmente cursa mestrado no IOUSP.<\/p>\n<hr \/>\n<p>&nbsp;<\/p>\n","protected":false},"excerpt":{"rendered":"<p>A nossa equipe \u00e9 composta por alunos de gradua\u00e7\u00e3o, p\u00f3s e t\u00e9cnicos. Profa. Dra. Elisabete de Santis Braga (Coordenadora) (Lattes) Mestrado em Oceanografia (Oceanografia F\u00edsica &#8211; op\u00e7\u00e3o: Oceanografia Qu\u00edmica) pela Universidade de S\u00e3o Paulo (1989), Doutorado Sandwich em Oceanografia &#8211; (Oceanografia Biol\u00f3gica) pela Universidade de S\u00e3o Paulo e (Oceanografia Qu\u00edmica) pela Universit\u00e9 de Bretagne Occidentale\/Fran\u00e7a<a href=\"https:\/\/sites.usp.br\/labnut\/equipe-atual\/\">[&#8230;]<\/a><\/p>\n","protected":false},"author":23265,"featured_media":0,"parent":0,"menu_order":0,"comment_status":"closed","ping_status":"closed","template":"","meta":{"_monsterinsights_skip_tracking":false,"_monsterinsights_sitenote_active":false,"_monsterinsights_sitenote_note":"","_monsterinsights_sitenote_category":0,"footnotes":"","_links_to":"","_links_to_target":""},"class_list":["post-587","page","type-page","status-publish","hentry"],"_links":{"self":[{"href":"https:\/\/sites.usp.br\/labnut\/wp-json\/wp\/v2\/pages\/587","targetHints":{"allow":["GET"]}}],"collection":[{"href":"https:\/\/sites.usp.br\/labnut\/wp-json\/wp\/v2\/pages"}],"about":[{"href":"https:\/\/sites.usp.br\/labnut\/wp-json\/wp\/v2\/types\/page"}],"author":[{"embeddable":true,"href":"https:\/\/sites.usp.br\/labnut\/wp-json\/wp\/v2\/users\/23265"}],"replies":[{"embeddable":true,"href":"https:\/\/sites.usp.br\/labnut\/wp-json\/wp\/v2\/comments?post=587"}],"version-history":[{"count":5,"href":"https:\/\/sites.usp.br\/labnut\/wp-json\/wp\/v2\/pages\/587\/revisions"}],"predecessor-version":[{"id":1935,"href":"https:\/\/sites.usp.br\/labnut\/wp-json\/wp\/v2\/pages\/587\/revisions\/1935"}],"wp:attachment":[{"href":"https:\/\/sites.usp.br\/labnut\/wp-json\/wp\/v2\/media?parent=587"}],"curies":[{"name":"wp","href":"https:\/\/api.w.org\/{rel}","templated":true}]}}