{"id":438,"date":"2020-07-19T21:34:17","date_gmt":"2020-07-19T23:34:17","guid":{"rendered":"https:\/\/sites.usp.br\/labsantec\/?page_id=438"},"modified":"2020-07-21T11:14:46","modified_gmt":"2020-07-21T13:14:46","slug":"laboratorio","status":"publish","type":"page","link":"https:\/\/sites.usp.br\/labsantec\/gepass\/laboratorio\/","title":{"rendered":"Laborat\u00f3rio e instala\u00e7\u00f5es"},"content":{"rendered":"<p>O <strong>Laborat\u00f3rio de Saneamento e Tecnologias Ambientais (LabSanTec)<\/strong>, espa\u00e7o de desenvolvimento de estudos do GEPASS, foi inaugurado em 2008 e est\u00e1 fisicamente instalado no Conjunto Multidisciplinar de Pesquisa (CMP) da EACH-USP. O CMP foi idealizado como um espa\u00e7o para o desenvolvimento de estudos em diferentes linha de pesquisa, promovendo a intera\u00e7\u00e3o e coopera\u00e7\u00e3o entre grupos de pesquisa. Nesse sentido, o edif\u00edcio tamb\u00e9m conta com recursos especializados nas \u00e1reas de engenharia ambiental, biologia molecular, qu\u00edmica anal\u00edtica, biologia e microscopia, al\u00e9m de salas de conviv\u00eancia e reuni\u00e3o.<\/p>\n<p>O LabSanTec conta com infraestrutura para apoio a pesquisas na \u00e1rea de \u00e1gua e saneamento, especialmente para an\u00e1lises de par\u00e2metros de qualidade da \u00e1gua e estudos bioeletroqu\u00edmicos. O laborat\u00f3rio possui espa\u00e7o para montagem de experimentos em escala de bancada, espa\u00e7o para uso de computadores, sala para manipula\u00e7\u00e3o de amostras, sala para an\u00e1lise de amostras e espa\u00e7o para desenho e impress\u00e3o 3D, sala para cromatografia de alta efici\u00eancia, al\u00e9m de ambientes de apoio nas \u00e1reas de mec\u00e2nica e eletr\u00f4nica e ambientes externos, como espa\u00e7o para montagem de estudo em escala piloto, dentro da esta\u00e7\u00e3o de tratamento de esgotos da EACH-USP.<\/p>\n<p><strong>Exemplos de an\u00e1lises e estudos realizados no LabSanTec:<\/strong><\/p>\n<ul>\n<li>Determina\u00e7\u00e3o de Carbono Org\u00e2nico e Inorg\u00e2nico em amostras l\u00edquidas e s\u00f3lidas;<\/li>\n<li>Determina\u00e7\u00e3o de Nitrog\u00eanio em amostras l\u00edquidas e s\u00f3lidas;<\/li>\n<li>Determina\u00e7\u00e3o de Demanda Qu\u00edmica de oxig\u00eanio em amostras l\u00edquidas;<\/li>\n<li>Determina\u00e7\u00e3o de c\u00e1tions e \u00e2nions por cromatografia i\u00f4nica em amostras l\u00edquidas;<\/li>\n<li>Determina\u00e7\u00e3o de de acidez e alcalinidade por titula\u00e7\u00e3o autom\u00e1tica;<\/li>\n<li>Determina\u00e7\u00e3o de s\u00e9rie de s\u00f3lidos;<\/li>\n<li>Extra\u00e7\u00e3o de DNA a partir de biomassa bacteriana;<\/li>\n<li>Voltametria linear e c\u00edclica;<\/li>\n<li>Espectroscopia de Imped\u00e2ncia Eletroqu\u00edmica;<\/li>\n<li>Cronoamperometria;<\/li>\n<li>Modelagem e impress\u00e3o 3D;<\/li>\n<li>Avalia\u00e7\u00e3o de Ciclo de Vida.<\/li>\n<\/ul>\n<p>&nbsp;<\/p>\n<p style=\"text-align: center;\"><span style=\"color: #008000;\">As figuras abaixo mostram as principais instala\u00e7\u00f5es do LabSanTec\/GEPASS (clique para ampliar):<\/span><\/p>\n\n\t\t<style type=\"text\/css\">\n\t\t\t#gallery-1 {\n\t\t\t\tmargin: auto;\n\t\t\t}\n\t\t\t#gallery-1 .gallery-item {\n\t\t\t\tfloat: left;\n\t\t\t\tmargin-top: 10px;\n\t\t\t\ttext-align: center;\n\t\t\t\twidth: 12%;\n\t\t\t}\n\t\t\t#gallery-1 img {\n\t\t\t\tborder: 2px solid #cfcfcf;\n\t\t\t}\n\t\t\t#gallery-1 .gallery-caption {\n\t\t\t\tmargin-left: 0;\n\t\t\t}\n\t\t\t\/* see gallery_shortcode() in wp-includes\/media.php *\/\n\t\t<\/style>\n\t\t<div id='gallery-1' class='gallery galleryid-438 gallery-columns-8 gallery-size-thumbnail'><dl class='gallery-item'>\n\t\t\t<dt class='gallery-icon landscape'>\n\t\t\t\t<a href='https:\/\/sites.usp.br\/labsantec\/wp-content\/uploads\/sites\/771\/2020\/07\/P_20181126_193149_vHDR_On.jpg'><img loading=\"lazy\" decoding=\"async\" width=\"150\" height=\"150\" src=\"https:\/\/sites.usp.br\/labsantec\/wp-content\/uploads\/sites\/771\/2020\/07\/P_20181126_193149_vHDR_On-150x150.jpg\" class=\"attachment-thumbnail size-thumbnail\" alt=\"\" aria-describedby=\"gallery-1-448\" srcset=\"https:\/\/sites.usp.br\/labsantec\/wp-content\/uploads\/sites\/771\/2020\/07\/P_20181126_193149_vHDR_On-150x150.jpg 150w, https:\/\/sites.usp.br\/labsantec\/wp-content\/uploads\/sites\/771\/2020\/07\/P_20181126_193149_vHDR_On-160x160.jpg 160w, https:\/\/sites.usp.br\/labsantec\/wp-content\/uploads\/sites\/771\/2020\/07\/P_20181126_193149_vHDR_On-320x320.jpg 320w, https:\/\/sites.usp.br\/labsantec\/wp-content\/uploads\/sites\/771\/2020\/07\/P_20181126_193149_vHDR_On-45x45.jpg 45w, https:\/\/sites.usp.br\/labsantec\/wp-content\/uploads\/sites\/771\/2020\/07\/P_20181126_193149_vHDR_On-200x200.jpg 200w\" sizes=\"auto, (max-width: 150px) 100vw, 150px\" \/><\/a>\n\t\t\t<\/dt>\n\t\t\t\t<dd class='wp-caption-text gallery-caption' id='gallery-1-448'>\n\t\t\t\tVis\u00e3o geral do laborat\u00f3rio\n\t\t\t\t<\/dd><\/dl><dl class='gallery-item'>\n\t\t\t<dt class='gallery-icon landscape'>\n\t\t\t\t<a href='https:\/\/sites.usp.br\/labsantec\/wp-content\/uploads\/sites\/771\/2020\/07\/P_20181126_193324_vHDR_On.jpg'><img loading=\"lazy\" decoding=\"async\" width=\"150\" height=\"150\" src=\"https:\/\/sites.usp.br\/labsantec\/wp-content\/uploads\/sites\/771\/2020\/07\/P_20181126_193324_vHDR_On-150x150.jpg\" class=\"attachment-thumbnail size-thumbnail\" alt=\"\" aria-describedby=\"gallery-1-441\" srcset=\"https:\/\/sites.usp.br\/labsantec\/wp-content\/uploads\/sites\/771\/2020\/07\/P_20181126_193324_vHDR_On-150x150.jpg 150w, https:\/\/sites.usp.br\/labsantec\/wp-content\/uploads\/sites\/771\/2020\/07\/P_20181126_193324_vHDR_On-160x160.jpg 160w, https:\/\/sites.usp.br\/labsantec\/wp-content\/uploads\/sites\/771\/2020\/07\/P_20181126_193324_vHDR_On-320x320.jpg 320w, https:\/\/sites.usp.br\/labsantec\/wp-content\/uploads\/sites\/771\/2020\/07\/P_20181126_193324_vHDR_On-45x45.jpg 45w, https:\/\/sites.usp.br\/labsantec\/wp-content\/uploads\/sites\/771\/2020\/07\/P_20181126_193324_vHDR_On-200x200.jpg 200w\" sizes=\"auto, (max-width: 150px) 100vw, 150px\" \/><\/a>\n\t\t\t<\/dt>\n\t\t\t\t<dd class='wp-caption-text gallery-caption' id='gallery-1-441'>\n\t\t\t\tVis\u00e3o geral do laborat\u00f3rio\n\t\t\t\t<\/dd><\/dl><dl class='gallery-item'>\n\t\t\t<dt class='gallery-icon landscape'>\n\t\t\t\t<a href='https:\/\/sites.usp.br\/labsantec\/wp-content\/uploads\/sites\/771\/2020\/07\/P_20181126_193114_vHDR_On.jpg'><img loading=\"lazy\" decoding=\"async\" width=\"150\" height=\"150\" src=\"https:\/\/sites.usp.br\/labsantec\/wp-content\/uploads\/sites\/771\/2020\/07\/P_20181126_193114_vHDR_On-150x150.jpg\" class=\"attachment-thumbnail size-thumbnail\" alt=\"\" aria-describedby=\"gallery-1-447\" srcset=\"https:\/\/sites.usp.br\/labsantec\/wp-content\/uploads\/sites\/771\/2020\/07\/P_20181126_193114_vHDR_On-150x150.jpg 150w, https:\/\/sites.usp.br\/labsantec\/wp-content\/uploads\/sites\/771\/2020\/07\/P_20181126_193114_vHDR_On-160x160.jpg 160w, https:\/\/sites.usp.br\/labsantec\/wp-content\/uploads\/sites\/771\/2020\/07\/P_20181126_193114_vHDR_On-320x320.jpg 320w, https:\/\/sites.usp.br\/labsantec\/wp-content\/uploads\/sites\/771\/2020\/07\/P_20181126_193114_vHDR_On-45x45.jpg 45w, https:\/\/sites.usp.br\/labsantec\/wp-content\/uploads\/sites\/771\/2020\/07\/P_20181126_193114_vHDR_On-200x200.jpg 200w\" sizes=\"auto, (max-width: 150px) 100vw, 150px\" \/><\/a>\n\t\t\t<\/dt>\n\t\t\t\t<dd class='wp-caption-text gallery-caption' id='gallery-1-447'>\n\t\t\t\tVis\u00e3o geral do laborat\u00f3rio com experimento em opera\u00e7\u00e3o\n\t\t\t\t<\/dd><\/dl><dl class='gallery-item'>\n\t\t\t<dt class='gallery-icon landscape'>\n\t\t\t\t<a href='https:\/\/sites.usp.br\/labsantec\/wp-content\/uploads\/sites\/771\/2020\/07\/P_20200212_180651_vHDR_On-scaled.jpg'><img loading=\"lazy\" decoding=\"async\" width=\"150\" height=\"150\" src=\"https:\/\/sites.usp.br\/labsantec\/wp-content\/uploads\/sites\/771\/2020\/07\/P_20200212_180651_vHDR_On-150x150.jpg\" class=\"attachment-thumbnail size-thumbnail\" alt=\"\" aria-describedby=\"gallery-1-450\" srcset=\"https:\/\/sites.usp.br\/labsantec\/wp-content\/uploads\/sites\/771\/2020\/07\/P_20200212_180651_vHDR_On-150x150.jpg 150w, https:\/\/sites.usp.br\/labsantec\/wp-content\/uploads\/sites\/771\/2020\/07\/P_20200212_180651_vHDR_On-160x160.jpg 160w, https:\/\/sites.usp.br\/labsantec\/wp-content\/uploads\/sites\/771\/2020\/07\/P_20200212_180651_vHDR_On-320x320.jpg 320w, https:\/\/sites.usp.br\/labsantec\/wp-content\/uploads\/sites\/771\/2020\/07\/P_20200212_180651_vHDR_On-45x45.jpg 45w, https:\/\/sites.usp.br\/labsantec\/wp-content\/uploads\/sites\/771\/2020\/07\/P_20200212_180651_vHDR_On-200x200.jpg 200w\" sizes=\"auto, (max-width: 150px) 100vw, 150px\" \/><\/a>\n\t\t\t<\/dt>\n\t\t\t\t<dd class='wp-caption-text gallery-caption' id='gallery-1-450'>\n\t\t\t\tSala de cromatografia\n\t\t\t\t<\/dd><\/dl><dl class='gallery-item'>\n\t\t\t<dt class='gallery-icon landscape'>\n\t\t\t\t<a href='https:\/\/sites.usp.br\/labsantec\/wp-content\/uploads\/sites\/771\/2020\/07\/P_20200212_173410_vHDR_On.jpg'><img loading=\"lazy\" decoding=\"async\" width=\"150\" height=\"150\" src=\"https:\/\/sites.usp.br\/labsantec\/wp-content\/uploads\/sites\/771\/2020\/07\/P_20200212_173410_vHDR_On-150x150.jpg\" class=\"attachment-thumbnail size-thumbnail\" alt=\"\" aria-describedby=\"gallery-1-442\" srcset=\"https:\/\/sites.usp.br\/labsantec\/wp-content\/uploads\/sites\/771\/2020\/07\/P_20200212_173410_vHDR_On-150x150.jpg 150w, https:\/\/sites.usp.br\/labsantec\/wp-content\/uploads\/sites\/771\/2020\/07\/P_20200212_173410_vHDR_On-160x160.jpg 160w, https:\/\/sites.usp.br\/labsantec\/wp-content\/uploads\/sites\/771\/2020\/07\/P_20200212_173410_vHDR_On-320x320.jpg 320w, https:\/\/sites.usp.br\/labsantec\/wp-content\/uploads\/sites\/771\/2020\/07\/P_20200212_173410_vHDR_On-45x45.jpg 45w, https:\/\/sites.usp.br\/labsantec\/wp-content\/uploads\/sites\/771\/2020\/07\/P_20200212_173410_vHDR_On-200x200.jpg 200w\" sizes=\"auto, (max-width: 150px) 100vw, 150px\" \/><\/a>\n\t\t\t<\/dt>\n\t\t\t\t<dd class='wp-caption-text gallery-caption' id='gallery-1-442'>\n\t\t\t\tSala de an\u00e1lises e impress\u00e3o 3D\n\t\t\t\t<\/dd><\/dl><dl class='gallery-item'>\n\t\t\t<dt class='gallery-icon landscape'>\n\t\t\t\t<a href='https:\/\/sites.usp.br\/labsantec\/wp-content\/uploads\/sites\/771\/2020\/07\/DSCN2384-scaled.jpg'><img loading=\"lazy\" decoding=\"async\" width=\"150\" height=\"150\" src=\"https:\/\/sites.usp.br\/labsantec\/wp-content\/uploads\/sites\/771\/2020\/07\/DSCN2384-150x150.jpg\" class=\"attachment-thumbnail size-thumbnail\" alt=\"\" aria-describedby=\"gallery-1-446\" srcset=\"https:\/\/sites.usp.br\/labsantec\/wp-content\/uploads\/sites\/771\/2020\/07\/DSCN2384-150x150.jpg 150w, https:\/\/sites.usp.br\/labsantec\/wp-content\/uploads\/sites\/771\/2020\/07\/DSCN2384-160x160.jpg 160w, https:\/\/sites.usp.br\/labsantec\/wp-content\/uploads\/sites\/771\/2020\/07\/DSCN2384-320x320.jpg 320w, https:\/\/sites.usp.br\/labsantec\/wp-content\/uploads\/sites\/771\/2020\/07\/DSCN2384-45x45.jpg 45w, https:\/\/sites.usp.br\/labsantec\/wp-content\/uploads\/sites\/771\/2020\/07\/DSCN2384-200x200.jpg 200w\" sizes=\"auto, (max-width: 150px) 100vw, 150px\" \/><\/a>\n\t\t\t<\/dt>\n\t\t\t\t<dd class='wp-caption-text gallery-caption' id='gallery-1-446'>\n\t\t\t\tPotenciostato com m\u00f3dulo de Imped\u00e2ncia\n\t\t\t\t<\/dd><\/dl><dl class='gallery-item'>\n\t\t\t<dt class='gallery-icon landscape'>\n\t\t\t\t<a href='https:\/\/sites.usp.br\/labsantec\/wp-content\/uploads\/sites\/771\/2020\/07\/DSCN2445-scaled.jpg'><img loading=\"lazy\" decoding=\"async\" width=\"150\" height=\"150\" src=\"https:\/\/sites.usp.br\/labsantec\/wp-content\/uploads\/sites\/771\/2020\/07\/DSCN2445-150x150.jpg\" class=\"attachment-thumbnail size-thumbnail\" alt=\"\" aria-describedby=\"gallery-1-452\" srcset=\"https:\/\/sites.usp.br\/labsantec\/wp-content\/uploads\/sites\/771\/2020\/07\/DSCN2445-150x150.jpg 150w, https:\/\/sites.usp.br\/labsantec\/wp-content\/uploads\/sites\/771\/2020\/07\/DSCN2445-160x160.jpg 160w, https:\/\/sites.usp.br\/labsantec\/wp-content\/uploads\/sites\/771\/2020\/07\/DSCN2445-320x320.jpg 320w, https:\/\/sites.usp.br\/labsantec\/wp-content\/uploads\/sites\/771\/2020\/07\/DSCN2445-45x45.jpg 45w, https:\/\/sites.usp.br\/labsantec\/wp-content\/uploads\/sites\/771\/2020\/07\/DSCN2445-200x200.jpg 200w\" sizes=\"auto, (max-width: 150px) 100vw, 150px\" \/><\/a>\n\t\t\t<\/dt>\n\t\t\t\t<dd class='wp-caption-text gallery-caption' id='gallery-1-452'>\n\t\t\t\tSala de manipula\u00e7\u00e3o de amostras e experimentos\n\t\t\t\t<\/dd><\/dl><dl class='gallery-item'>\n\t\t\t<dt class='gallery-icon landscape'>\n\t\t\t\t<a href='https:\/\/sites.usp.br\/labsantec\/wp-content\/uploads\/sites\/771\/2020\/07\/DSCN2114-scaled.jpg'><img loading=\"lazy\" decoding=\"async\" width=\"150\" height=\"150\" src=\"https:\/\/sites.usp.br\/labsantec\/wp-content\/uploads\/sites\/771\/2020\/07\/DSCN2114-150x150.jpg\" class=\"attachment-thumbnail size-thumbnail\" alt=\"\" aria-describedby=\"gallery-1-451\" srcset=\"https:\/\/sites.usp.br\/labsantec\/wp-content\/uploads\/sites\/771\/2020\/07\/DSCN2114-150x150.jpg 150w, https:\/\/sites.usp.br\/labsantec\/wp-content\/uploads\/sites\/771\/2020\/07\/DSCN2114-160x160.jpg 160w, https:\/\/sites.usp.br\/labsantec\/wp-content\/uploads\/sites\/771\/2020\/07\/DSCN2114-320x320.jpg 320w, https:\/\/sites.usp.br\/labsantec\/wp-content\/uploads\/sites\/771\/2020\/07\/DSCN2114-45x45.jpg 45w, https:\/\/sites.usp.br\/labsantec\/wp-content\/uploads\/sites\/771\/2020\/07\/DSCN2114-200x200.jpg 200w\" sizes=\"auto, (max-width: 150px) 100vw, 150px\" \/><\/a>\n\t\t\t<\/dt>\n\t\t\t\t<dd class='wp-caption-text gallery-caption' id='gallery-1-451'>\n\t\t\t\tIntegrantes do grupo manipulando amsotras\n\t\t\t\t<\/dd><\/dl><br style=\"clear: both\" \/><dl class='gallery-item'>\n\t\t\t<dt class='gallery-icon landscape'>\n\t\t\t\t<a href='https:\/\/sites.usp.br\/labsantec\/wp-content\/uploads\/sites\/771\/2020\/07\/P_20181126_193509_vHDR_On-scaled.jpg'><img loading=\"lazy\" decoding=\"async\" width=\"150\" height=\"150\" src=\"https:\/\/sites.usp.br\/labsantec\/wp-content\/uploads\/sites\/771\/2020\/07\/P_20181126_193509_vHDR_On-150x150.jpg\" class=\"attachment-thumbnail size-thumbnail\" alt=\"\" aria-describedby=\"gallery-1-453\" srcset=\"https:\/\/sites.usp.br\/labsantec\/wp-content\/uploads\/sites\/771\/2020\/07\/P_20181126_193509_vHDR_On-150x150.jpg 150w, https:\/\/sites.usp.br\/labsantec\/wp-content\/uploads\/sites\/771\/2020\/07\/P_20181126_193509_vHDR_On-160x160.jpg 160w, https:\/\/sites.usp.br\/labsantec\/wp-content\/uploads\/sites\/771\/2020\/07\/P_20181126_193509_vHDR_On-320x320.jpg 320w, https:\/\/sites.usp.br\/labsantec\/wp-content\/uploads\/sites\/771\/2020\/07\/P_20181126_193509_vHDR_On-45x45.jpg 45w, https:\/\/sites.usp.br\/labsantec\/wp-content\/uploads\/sites\/771\/2020\/07\/P_20181126_193509_vHDR_On-200x200.jpg 200w\" sizes=\"auto, (max-width: 150px) 100vw, 150px\" \/><\/a>\n\t\t\t<\/dt>\n\t\t\t\t<dd class='wp-caption-text gallery-caption' id='gallery-1-453'>\n\t\t\t\tBancada de experimentos\n\t\t\t\t<\/dd><\/dl><dl class='gallery-item'>\n\t\t\t<dt class='gallery-icon landscape'>\n\t\t\t\t<a href='https:\/\/sites.usp.br\/labsantec\/wp-content\/uploads\/sites\/771\/2020\/07\/P_20181126_193100_vHDR_On-scaled.jpg'><img loading=\"lazy\" decoding=\"async\" width=\"150\" height=\"150\" src=\"https:\/\/sites.usp.br\/labsantec\/wp-content\/uploads\/sites\/771\/2020\/07\/P_20181126_193100_vHDR_On-150x150.jpg\" class=\"attachment-thumbnail size-thumbnail\" alt=\"\" aria-describedby=\"gallery-1-487\" srcset=\"https:\/\/sites.usp.br\/labsantec\/wp-content\/uploads\/sites\/771\/2020\/07\/P_20181126_193100_vHDR_On-150x150.jpg 150w, https:\/\/sites.usp.br\/labsantec\/wp-content\/uploads\/sites\/771\/2020\/07\/P_20181126_193100_vHDR_On-160x160.jpg 160w, https:\/\/sites.usp.br\/labsantec\/wp-content\/uploads\/sites\/771\/2020\/07\/P_20181126_193100_vHDR_On-320x320.jpg 320w, https:\/\/sites.usp.br\/labsantec\/wp-content\/uploads\/sites\/771\/2020\/07\/P_20181126_193100_vHDR_On-45x45.jpg 45w, https:\/\/sites.usp.br\/labsantec\/wp-content\/uploads\/sites\/771\/2020\/07\/P_20181126_193100_vHDR_On-200x200.jpg 200w\" sizes=\"auto, (max-width: 150px) 100vw, 150px\" \/><\/a>\n\t\t\t<\/dt>\n\t\t\t\t<dd class='wp-caption-text gallery-caption' id='gallery-1-487'>\n\t\t\t\tBancada de experimentos com biorreatores em opera\u00e7\u00e3o\n\t\t\t\t<\/dd><\/dl><dl class='gallery-item'>\n\t\t\t<dt class='gallery-icon landscape'>\n\t\t\t\t<a href='https:\/\/sites.usp.br\/labsantec\/wp-content\/uploads\/sites\/771\/2020\/07\/980382_10151904829046844_295753168_o.jpg'><img loading=\"lazy\" decoding=\"async\" width=\"150\" height=\"150\" src=\"https:\/\/sites.usp.br\/labsantec\/wp-content\/uploads\/sites\/771\/2020\/07\/980382_10151904829046844_295753168_o-150x150.jpg\" class=\"attachment-thumbnail size-thumbnail\" alt=\"\" aria-describedby=\"gallery-1-454\" srcset=\"https:\/\/sites.usp.br\/labsantec\/wp-content\/uploads\/sites\/771\/2020\/07\/980382_10151904829046844_295753168_o-150x150.jpg 150w, https:\/\/sites.usp.br\/labsantec\/wp-content\/uploads\/sites\/771\/2020\/07\/980382_10151904829046844_295753168_o-160x160.jpg 160w, https:\/\/sites.usp.br\/labsantec\/wp-content\/uploads\/sites\/771\/2020\/07\/980382_10151904829046844_295753168_o-320x320.jpg 320w, https:\/\/sites.usp.br\/labsantec\/wp-content\/uploads\/sites\/771\/2020\/07\/980382_10151904829046844_295753168_o-45x45.jpg 45w, https:\/\/sites.usp.br\/labsantec\/wp-content\/uploads\/sites\/771\/2020\/07\/980382_10151904829046844_295753168_o-200x200.jpg 200w\" sizes=\"auto, (max-width: 150px) 100vw, 150px\" \/><\/a>\n\t\t\t<\/dt>\n\t\t\t\t<dd class='wp-caption-text gallery-caption' id='gallery-1-454'>\n\t\t\t\tWetlands constru\u00eddos em escala de laborat\u00f3rio\n\t\t\t\t<\/dd><\/dl><dl class='gallery-item'>\n\t\t\t<dt class='gallery-icon landscape'>\n\t\t\t\t<a href='https:\/\/sites.usp.br\/labsantec\/wp-content\/uploads\/sites\/771\/2020\/07\/DSCN0745-scaled.jpg'><img loading=\"lazy\" decoding=\"async\" width=\"150\" height=\"150\" src=\"https:\/\/sites.usp.br\/labsantec\/wp-content\/uploads\/sites\/771\/2020\/07\/DSCN0745-150x150.jpg\" class=\"attachment-thumbnail size-thumbnail\" alt=\"\" aria-describedby=\"gallery-1-455\" srcset=\"https:\/\/sites.usp.br\/labsantec\/wp-content\/uploads\/sites\/771\/2020\/07\/DSCN0745-150x150.jpg 150w, https:\/\/sites.usp.br\/labsantec\/wp-content\/uploads\/sites\/771\/2020\/07\/DSCN0745-160x160.jpg 160w, https:\/\/sites.usp.br\/labsantec\/wp-content\/uploads\/sites\/771\/2020\/07\/DSCN0745-320x320.jpg 320w, https:\/\/sites.usp.br\/labsantec\/wp-content\/uploads\/sites\/771\/2020\/07\/DSCN0745-45x45.jpg 45w, https:\/\/sites.usp.br\/labsantec\/wp-content\/uploads\/sites\/771\/2020\/07\/DSCN0745-200x200.jpg 200w\" sizes=\"auto, (max-width: 150px) 100vw, 150px\" \/><\/a>\n\t\t\t<\/dt>\n\t\t\t\t<dd class='wp-caption-text gallery-caption' id='gallery-1-455'>\n\t\t\t\tEsta\u00e7\u00e3o de Tratamento de Esgoto da Universidade\n\t\t\t\t<\/dd><\/dl><dl class='gallery-item'>\n\t\t\t<dt class='gallery-icon portrait'>\n\t\t\t\t<a href='https:\/\/sites.usp.br\/labsantec\/wp-content\/uploads\/sites\/771\/2020\/07\/pilotos.jpg'><img loading=\"lazy\" decoding=\"async\" width=\"150\" height=\"150\" src=\"https:\/\/sites.usp.br\/labsantec\/wp-content\/uploads\/sites\/771\/2020\/07\/pilotos-150x150.jpg\" class=\"attachment-thumbnail size-thumbnail\" alt=\"\" aria-describedby=\"gallery-1-456\" srcset=\"https:\/\/sites.usp.br\/labsantec\/wp-content\/uploads\/sites\/771\/2020\/07\/pilotos-150x150.jpg 150w, https:\/\/sites.usp.br\/labsantec\/wp-content\/uploads\/sites\/771\/2020\/07\/pilotos-160x160.jpg 160w, https:\/\/sites.usp.br\/labsantec\/wp-content\/uploads\/sites\/771\/2020\/07\/pilotos-320x320.jpg 320w, https:\/\/sites.usp.br\/labsantec\/wp-content\/uploads\/sites\/771\/2020\/07\/pilotos-45x45.jpg 45w, https:\/\/sites.usp.br\/labsantec\/wp-content\/uploads\/sites\/771\/2020\/07\/pilotos-200x200.jpg 200w\" sizes=\"auto, (max-width: 150px) 100vw, 150px\" \/><\/a>\n\t\t\t<\/dt>\n\t\t\t\t<dd class='wp-caption-text gallery-caption' id='gallery-1-456'>\n\t\t\t\tReatores piloto instalados na ETE\n\t\t\t\t<\/dd><\/dl><dl class='gallery-item'>\n\t\t\t<dt class='gallery-icon landscape'>\n\t\t\t\t<a href='https:\/\/sites.usp.br\/labsantec\/wp-content\/uploads\/sites\/771\/2020\/07\/299432_128821660546722_7887427_n.jpg'><img loading=\"lazy\" decoding=\"async\" width=\"150\" height=\"150\" src=\"https:\/\/sites.usp.br\/labsantec\/wp-content\/uploads\/sites\/771\/2020\/07\/299432_128821660546722_7887427_n-150x150.jpg\" class=\"attachment-thumbnail size-thumbnail\" alt=\"\" aria-describedby=\"gallery-1-488\" srcset=\"https:\/\/sites.usp.br\/labsantec\/wp-content\/uploads\/sites\/771\/2020\/07\/299432_128821660546722_7887427_n-150x150.jpg 150w, https:\/\/sites.usp.br\/labsantec\/wp-content\/uploads\/sites\/771\/2020\/07\/299432_128821660546722_7887427_n-160x160.jpg 160w, https:\/\/sites.usp.br\/labsantec\/wp-content\/uploads\/sites\/771\/2020\/07\/299432_128821660546722_7887427_n-320x320.jpg 320w, https:\/\/sites.usp.br\/labsantec\/wp-content\/uploads\/sites\/771\/2020\/07\/299432_128821660546722_7887427_n-45x45.jpg 45w, https:\/\/sites.usp.br\/labsantec\/wp-content\/uploads\/sites\/771\/2020\/07\/299432_128821660546722_7887427_n-200x200.jpg 200w\" sizes=\"auto, (max-width: 150px) 100vw, 150px\" \/><\/a>\n\t\t\t<\/dt>\n\t\t\t\t<dd class='wp-caption-text gallery-caption' id='gallery-1-488'>\n\t\t\t\tSistemas de wetlands constru\u00eddos piloto instalados na ETE\n\t\t\t\t<\/dd><\/dl><dl class='gallery-item'>\n\t\t\t<dt class='gallery-icon landscape'>\n\t\t\t\t<a href='https:\/\/sites.usp.br\/labsantec\/wp-content\/uploads\/sites\/771\/2020\/07\/DSCN0768-1-scaled.jpg'><img loading=\"lazy\" decoding=\"async\" width=\"150\" height=\"150\" src=\"https:\/\/sites.usp.br\/labsantec\/wp-content\/uploads\/sites\/771\/2020\/07\/DSCN0768-1-150x150.jpg\" class=\"attachment-thumbnail size-thumbnail\" alt=\"\" aria-describedby=\"gallery-1-489\" srcset=\"https:\/\/sites.usp.br\/labsantec\/wp-content\/uploads\/sites\/771\/2020\/07\/DSCN0768-1-150x150.jpg 150w, https:\/\/sites.usp.br\/labsantec\/wp-content\/uploads\/sites\/771\/2020\/07\/DSCN0768-1-160x160.jpg 160w, https:\/\/sites.usp.br\/labsantec\/wp-content\/uploads\/sites\/771\/2020\/07\/DSCN0768-1-320x320.jpg 320w, https:\/\/sites.usp.br\/labsantec\/wp-content\/uploads\/sites\/771\/2020\/07\/DSCN0768-1-45x45.jpg 45w, https:\/\/sites.usp.br\/labsantec\/wp-content\/uploads\/sites\/771\/2020\/07\/DSCN0768-1-200x200.jpg 200w\" sizes=\"auto, (max-width: 150px) 100vw, 150px\" \/><\/a>\n\t\t\t<\/dt>\n\t\t\t\t<dd class='wp-caption-text gallery-caption' id='gallery-1-489'>\n\t\t\t\tSistema de wetlands contru\u00eddo piloto instalado na ETE\n\t\t\t\t<\/dd><\/dl>\n\t\t\t<br style='clear: both' \/>\n\t\t<\/div>\n\n","protected":false},"excerpt":{"rendered":"<p>O Laborat\u00f3rio de Saneamento e Tecnologias Ambientais (LabSanTec), espa\u00e7o de desenvolvimento de estudos do GEPASS, foi inaugurado em 2008 e&#46;&#46;&#46;<\/p>\n","protected":false},"author":21970,"featured_media":0,"parent":62,"menu_order":0,"comment_status":"closed","ping_status":"closed","template":"","meta":{"footnotes":"","_links_to":"","_links_to_target":""},"class_list":["post-438","page","type-page","status-publish","hentry"],"_links":{"self":[{"href":"https:\/\/sites.usp.br\/labsantec\/wp-json\/wp\/v2\/pages\/438","targetHints":{"allow":["GET"]}}],"collection":[{"href":"https:\/\/sites.usp.br\/labsantec\/wp-json\/wp\/v2\/pages"}],"about":[{"href":"https:\/\/sites.usp.br\/labsantec\/wp-json\/wp\/v2\/types\/page"}],"author":[{"embeddable":true,"href":"https:\/\/sites.usp.br\/labsantec\/wp-json\/wp\/v2\/users\/21970"}],"replies":[{"embeddable":true,"href":"https:\/\/sites.usp.br\/labsantec\/wp-json\/wp\/v2\/comments?post=438"}],"version-history":[{"count":4,"href":"https:\/\/sites.usp.br\/labsantec\/wp-json\/wp\/v2\/pages\/438\/revisions"}],"predecessor-version":[{"id":499,"href":"https:\/\/sites.usp.br\/labsantec\/wp-json\/wp\/v2\/pages\/438\/revisions\/499"}],"up":[{"embeddable":true,"href":"https:\/\/sites.usp.br\/labsantec\/wp-json\/wp\/v2\/pages\/62"}],"wp:attachment":[{"href":"https:\/\/sites.usp.br\/labsantec\/wp-json\/wp\/v2\/media?parent=438"}],"curies":[{"name":"wp","href":"https:\/\/api.w.org\/{rel}","templated":true}]}}