{"id":407,"date":"2024-05-22T11:52:19","date_gmt":"2024-05-22T13:52:19","guid":{"rendered":"https:\/\/sites.usp.br\/lac\/?page_id=407"},"modified":"2024-05-22T11:59:47","modified_gmt":"2024-05-22T13:59:47","slug":"pesquisa","status":"publish","type":"page","link":"https:\/\/sites.usp.br\/lac\/pesquisa\/","title":{"rendered":"Pesquisa"},"content":{"rendered":"<p style=\"text-align: justify;\">O LAC atua nas seguintes especialidades: Sistemas de Controle e Automa\u00e7\u00e3o, Modelos Probabil\u00edsticos, Sistemas Estoc\u00e1sticos, Modelos Matem\u00e1ticos e Sistemas Din\u00e2micos. Dentro de cada uma delas, a atividade de pesquisa tem se desenvolvido nas dire\u00e7\u00f5es abrangidas pelas seguintes linhas de pesquisa: Otimiza\u00e7\u00e3o, Controle Robusto, Controle Inteligente, Controle Linear, Controle de Processos, Controle Estoc\u00e1stico, Biomatem\u00e1tica e Sistemas N\u00e3o-Lineares.<\/p>\n<p style=\"text-align: justify;\">O laborat\u00f3rio tem colabora\u00e7\u00f5es com universidades do Pa\u00eds e do exterior \u2013 Fran\u00e7a, Gr\u00e3-Bretanha, Estados Unidos, Portugal, It\u00e1lia e Su\u00ed\u00e7a.<\/p>\n<h4>Produ\u00e7\u00e3o dos docentes desde o in\u00edcio das atividades do laborat\u00f3rio<\/h4>\n<table border=\"2\" width=\"100%\" cellspacing=\"2\" cellpadding=\"2\">\n<tbody>\n<tr>\n<td align=\"left\" valign=\"top\" bgcolor=\"lightskyblue\"><big><big><span style=\"font-family: Calibri;\">\u00a0Mestres formados<br \/>\n<\/span><\/big><\/big><\/td>\n<td style=\"text-align: center;\" align=\"center\" valign=\"top\" bgcolor=\"lightskyblue\"><big><big><span style=\"font-family: Calibri;\">199<br \/>\n<\/span><\/big><\/big><\/td>\n<\/tr>\n<tr>\n<td align=\"left\" valign=\"top\" bgcolor=\"lightcyan\"><big><big><span style=\"font-family: Calibri;\">\u00a0Doutores formados<br \/>\n<\/span><\/big><\/big><\/td>\n<td style=\"text-align: center;\" align=\"center\" valign=\"top\" bgcolor=\"lightcyan\"><big><big><span style=\"font-family: Calibri;\">78<br \/>\n<\/span><\/big><\/big><\/td>\n<\/tr>\n<tr>\n<td align=\"left\" valign=\"top\" bgcolor=\"lightskyblue\"><big><big><span style=\"font-family: Calibri;\">\u00a0Supervis\u00f5es de p\u00f3s-doutorado<br \/>\n<\/span><\/big><\/big><\/td>\n<td style=\"text-align: center;\" align=\"center\" valign=\"top\" bgcolor=\"lightskyblue\"><big><big><span style=\"font-family: Calibri;\">12<br \/>\n<\/span><\/big><\/big><\/td>\n<\/tr>\n<tr>\n<td align=\"left\" valign=\"top\" bgcolor=\"lightcyan\"><big><big><span style=\"font-family: Calibri;\">\u00a0Artigos completos publicados em anais<br \/>\n<\/span><\/big><\/big><\/td>\n<td style=\"text-align: center;\" align=\"center\" valign=\"top\" bgcolor=\"lightcyan\"><big><big><span style=\"font-family: Calibri;\">668<br \/>\n<\/span><\/big><\/big><\/td>\n<\/tr>\n<tr>\n<td align=\"left\" valign=\"top\" bgcolor=\"lightskyblue\"><big><big><span style=\"font-family: Calibri;\">\u00a0Resumos de artigos publicados em anais<br \/>\n<\/span><\/big><\/big><\/td>\n<td style=\"text-align: center;\" align=\"center\" valign=\"top\" bgcolor=\"lightskyblue\"><big><big><span style=\"font-family: Calibri;\">85<br \/>\n<\/span><\/big><\/big><\/td>\n<\/tr>\n<tr>\n<td align=\"left\" valign=\"top\" bgcolor=\"lightcyan\"><big><big><span style=\"font-family: Calibri;\">\u00a0Artigos publicados em peri\u00f3dicos<br \/>\n<\/span><\/big><\/big><\/td>\n<td style=\"text-align: center;\" align=\"center\" valign=\"top\" bgcolor=\"lightcyan\"><big><big><span style=\"font-family: Calibri;\">419<br \/>\n<\/span><\/big><\/big><\/td>\n<\/tr>\n<tr>\n<td align=\"left\" valign=\"top\" bgcolor=\"lightskyblue\"><big><big><span style=\"font-family: Calibri;\">\u00a0Livros e cap\u00edtulos de livros<br \/>\n<\/span><\/big><\/big><\/td>\n<td style=\"text-align: center;\" align=\"center\" valign=\"top\" bgcolor=\"lightskyblue\"><big><big><span style=\"font-family: Calibri;\">74<br \/>\n<\/span><\/big><\/big><\/td>\n<\/tr>\n<tr>\n<td align=\"left\" valign=\"top\" bgcolor=\"lightcyan\"><big><big><span style=\"font-family: Calibri;\">\u00a0Apresenta\u00e7\u00f5es realizadas<br \/>\n<\/span><\/big><\/big><\/td>\n<td style=\"text-align: center;\" align=\"center\" valign=\"top\" bgcolor=\"lightcyan\"><big><big><span style=\"font-family: Calibri;\">63<br \/>\n<\/span><\/big><\/big><\/td>\n<\/tr>\n<\/tbody>\n<\/table>\n","protected":false},"excerpt":{"rendered":"<p>O LAC atua nas seguintes especialidades: Sistemas de Controle e Automa\u00e7\u00e3o, Modelos Probabil\u00edsticos, Sistemas Estoc\u00e1sticos, Modelos Matem\u00e1ticos e Sistemas Din\u00e2micos. Dentro de cada uma delas, a atividade de pesquisa tem se desenvolvido nas dire\u00e7\u00f5es abrangidas pelas seguintes linhas de pesquisa: Otimiza\u00e7\u00e3o, Controle Robusto, Controle Inteligente, Controle Linear, Controle de Processos, Controle Estoc\u00e1stico, Biomatem\u00e1tica e Sistemas [&hellip;]<\/p>\n","protected":false},"author":24061,"featured_media":0,"parent":0,"menu_order":0,"comment_status":"closed","ping_status":"closed","template":"","meta":{"footnotes":"","_links_to":"","_links_to_target":""},"class_list":["post-407","page","type-page","status-publish","hentry"],"_links":{"self":[{"href":"https:\/\/sites.usp.br\/lac\/wp-json\/wp\/v2\/pages\/407","targetHints":{"allow":["GET"]}}],"collection":[{"href":"https:\/\/sites.usp.br\/lac\/wp-json\/wp\/v2\/pages"}],"about":[{"href":"https:\/\/sites.usp.br\/lac\/wp-json\/wp\/v2\/types\/page"}],"author":[{"embeddable":true,"href":"https:\/\/sites.usp.br\/lac\/wp-json\/wp\/v2\/users\/24061"}],"replies":[{"embeddable":true,"href":"https:\/\/sites.usp.br\/lac\/wp-json\/wp\/v2\/comments?post=407"}],"version-history":[{"count":3,"href":"https:\/\/sites.usp.br\/lac\/wp-json\/wp\/v2\/pages\/407\/revisions"}],"predecessor-version":[{"id":415,"href":"https:\/\/sites.usp.br\/lac\/wp-json\/wp\/v2\/pages\/407\/revisions\/415"}],"wp:attachment":[{"href":"https:\/\/sites.usp.br\/lac\/wp-json\/wp\/v2\/media?parent=407"}],"curies":[{"name":"wp","href":"https:\/\/api.w.org\/{rel}","templated":true}]}}