{"id":453,"date":"2024-05-22T16:20:26","date_gmt":"2024-05-22T18:20:26","guid":{"rendered":"https:\/\/sites.usp.br\/lac\/?page_id=453"},"modified":"2024-05-28T10:06:28","modified_gmt":"2024-05-28T12:06:28","slug":"simuladores","status":"publish","type":"page","link":"https:\/\/sites.usp.br\/lac\/simuladores\/","title":{"rendered":"Simuladores"},"content":{"rendered":"<h4>Naval<\/h4>\n<p style=\"text-align: justify;\">Em parceria com o Departamento de Engenharia Naval e Oce\u00e2nica da Poli, foi desenvolvido um simulador de passadi\u00e7o e m\u00e1quinas para a Transpetro. A primeira vers\u00e3o j\u00e1 est\u00e1 em uso no Centro de Treinamento da Transpetro no Rio de Janeiro.<\/p>\n<p><a href=\"https:\/\/sites.usp.br\/lac\/wp-content\/uploads\/sites\/1482\/2024\/05\/naval3.jpg\"><img fetchpriority=\"high\" decoding=\"async\" class=\" wp-image-454 aligncenter\" src=\"https:\/\/sites.usp.br\/lac\/wp-content\/uploads\/sites\/1482\/2024\/05\/naval3-300x89.jpg\" alt=\"\" width=\"601\" height=\"178\" srcset=\"https:\/\/sites.usp.br\/lac\/wp-content\/uploads\/sites\/1482\/2024\/05\/naval3-300x89.jpg 300w, https:\/\/sites.usp.br\/lac\/wp-content\/uploads\/sites\/1482\/2024\/05\/naval3-400x119.jpg 400w, https:\/\/sites.usp.br\/lac\/wp-content\/uploads\/sites\/1482\/2024\/05\/naval3.jpg 630w\" sizes=\"(max-width: 601px) 100vw, 601px\" \/><\/a><a href=\"https:\/\/sites.usp.br\/lac\/wp-content\/uploads\/sites\/1482\/2024\/05\/naval1.jpg\"><img decoding=\"async\" class=\"alignnone wp-image-455\" src=\"https:\/\/sites.usp.br\/lac\/wp-content\/uploads\/sites\/1482\/2024\/05\/naval1-300x226.jpg\" alt=\"\" width=\"262\" height=\"197\" srcset=\"https:\/\/sites.usp.br\/lac\/wp-content\/uploads\/sites\/1482\/2024\/05\/naval1-300x226.jpg 300w, https:\/\/sites.usp.br\/lac\/wp-content\/uploads\/sites\/1482\/2024\/05\/naval1-80x60.jpg 80w, https:\/\/sites.usp.br\/lac\/wp-content\/uploads\/sites\/1482\/2024\/05\/naval1.jpg 331w\" sizes=\"(max-width: 262px) 100vw, 262px\" \/><\/a><a href=\"https:\/\/sites.usp.br\/lac\/wp-content\/uploads\/sites\/1482\/2024\/05\/naval2.jpg\"><img decoding=\"async\" class=\"alignnone wp-image-456\" src=\"https:\/\/sites.usp.br\/lac\/wp-content\/uploads\/sites\/1482\/2024\/05\/naval2-300x174.jpg\" alt=\"\" width=\"333\" height=\"193\" srcset=\"https:\/\/sites.usp.br\/lac\/wp-content\/uploads\/sites\/1482\/2024\/05\/naval2-300x174.jpg 300w, https:\/\/sites.usp.br\/lac\/wp-content\/uploads\/sites\/1482\/2024\/05\/naval2.jpg 321w\" sizes=\"(max-width: 333px) 100vw, 333px\" \/><\/a><\/p>\n<h4>Ferrovi\u00e1rio<\/h4>\n<p style=\"text-align: justify;\">Em parceria com os Departamentos de Engenharia Mec\u00e2nica e Naval da Poli, foi desenvolvido um simulador para treinamento dos maquinistas da Vale. Esse simulador \u00e9 pioneiro no Pa\u00eds e, possivelmente, o mais avan\u00e7ado em opera\u00e7\u00e3o no mundo. Ele j\u00e1 foi implantado nos centros de treinamento da Vale em Minas Gerais, no Esp\u00edrito Santo, no Maranh\u00e3o e em Mo\u00e7ambique.<\/p>\n<p><a href=\"https:\/\/sites.usp.br\/lac\/wp-content\/uploads\/sites\/1482\/2024\/05\/ferrovia.jpg\"><img loading=\"lazy\" decoding=\"async\" class=\" wp-image-459 aligncenter\" src=\"https:\/\/sites.usp.br\/lac\/wp-content\/uploads\/sites\/1482\/2024\/05\/ferrovia-300x190.jpg\" alt=\"\" width=\"445\" height=\"282\" srcset=\"https:\/\/sites.usp.br\/lac\/wp-content\/uploads\/sites\/1482\/2024\/05\/ferrovia-300x190.jpg 300w, https:\/\/sites.usp.br\/lac\/wp-content\/uploads\/sites\/1482\/2024\/05\/ferrovia-400x253.jpg 400w, https:\/\/sites.usp.br\/lac\/wp-content\/uploads\/sites\/1482\/2024\/05\/ferrovia.jpg 545w\" sizes=\"(max-width: 445px) 100vw, 445px\" \/><\/a><\/p>\n","protected":false},"excerpt":{"rendered":"<p>Naval Em parceria com o Departamento de Engenharia Naval e Oce\u00e2nica da Poli, foi desenvolvido um simulador de passadi\u00e7o e m\u00e1quinas para a Transpetro. A primeira vers\u00e3o j\u00e1 est\u00e1 em uso no Centro de Treinamento da Transpetro no Rio de Janeiro. Ferrovi\u00e1rio Em parceria com os Departamentos de Engenharia Mec\u00e2nica e Naval da Poli, foi [&hellip;]<\/p>\n","protected":false},"author":24061,"featured_media":0,"parent":0,"menu_order":0,"comment_status":"closed","ping_status":"closed","template":"","meta":{"footnotes":"","_links_to":"","_links_to_target":""},"class_list":["post-453","page","type-page","status-publish","hentry"],"_links":{"self":[{"href":"https:\/\/sites.usp.br\/lac\/wp-json\/wp\/v2\/pages\/453","targetHints":{"allow":["GET"]}}],"collection":[{"href":"https:\/\/sites.usp.br\/lac\/wp-json\/wp\/v2\/pages"}],"about":[{"href":"https:\/\/sites.usp.br\/lac\/wp-json\/wp\/v2\/types\/page"}],"author":[{"embeddable":true,"href":"https:\/\/sites.usp.br\/lac\/wp-json\/wp\/v2\/users\/24061"}],"replies":[{"embeddable":true,"href":"https:\/\/sites.usp.br\/lac\/wp-json\/wp\/v2\/comments?post=453"}],"version-history":[{"count":5,"href":"https:\/\/sites.usp.br\/lac\/wp-json\/wp\/v2\/pages\/453\/revisions"}],"predecessor-version":[{"id":499,"href":"https:\/\/sites.usp.br\/lac\/wp-json\/wp\/v2\/pages\/453\/revisions\/499"}],"wp:attachment":[{"href":"https:\/\/sites.usp.br\/lac\/wp-json\/wp\/v2\/media?parent=453"}],"curies":[{"name":"wp","href":"https:\/\/api.w.org\/{rel}","templated":true}]}}