{"id":462,"date":"2024-05-22T16:27:11","date_gmt":"2024-05-22T18:27:11","guid":{"rendered":"https:\/\/sites.usp.br\/lac\/?page_id=462"},"modified":"2024-05-22T16:28:11","modified_gmt":"2024-05-22T18:28:11","slug":"geracao","status":"publish","type":"page","link":"https:\/\/sites.usp.br\/lac\/geracao\/","title":{"rendered":"Gera\u00e7\u00e3o n\u00facleo-el\u00e9trica"},"content":{"rendered":"<p style=\"text-align: justify;\">O LABGENE &#8211; Laborat\u00f3rio de Gera\u00e7\u00e3o N\u00facleo-El\u00e9trica &#8211; \u00e9 uma planta nuclear em desenvolvimento pela Marinha do Brasil. Um reator semelhante dever\u00e1 equipar o Submarino Nuclear Brasileiro.<\/p>\n<p style=\"text-align: justify;\">O LAC criou um simulador para a planta e projetou o sistema de controle, al\u00e9m de auxiliar a Marinha em todos os aspectos de automa\u00e7\u00e3o e controle do projeto. Atualmente a planta encontra-se em constru\u00e7\u00e3o na base de Aramar, em Iper\u00f3, SP.<\/p>\n<p><a href=\"https:\/\/sites.usp.br\/lac\/wp-content\/uploads\/sites\/1482\/2024\/05\/nuclear.jpg\"><img fetchpriority=\"high\" decoding=\"async\" class=\" wp-image-463 aligncenter\" src=\"https:\/\/sites.usp.br\/lac\/wp-content\/uploads\/sites\/1482\/2024\/05\/nuclear-300x153.jpg\" alt=\"\" width=\"494\" height=\"252\" srcset=\"https:\/\/sites.usp.br\/lac\/wp-content\/uploads\/sites\/1482\/2024\/05\/nuclear-300x153.jpg 300w, https:\/\/sites.usp.br\/lac\/wp-content\/uploads\/sites\/1482\/2024\/05\/nuclear-400x204.jpg 400w, https:\/\/sites.usp.br\/lac\/wp-content\/uploads\/sites\/1482\/2024\/05\/nuclear.jpg 539w\" sizes=\"(max-width: 494px) 100vw, 494px\" \/><\/a><\/p>\n","protected":false},"excerpt":{"rendered":"<p>O LABGENE &#8211; Laborat\u00f3rio de Gera\u00e7\u00e3o N\u00facleo-El\u00e9trica &#8211; \u00e9 uma planta nuclear em desenvolvimento pela Marinha do Brasil. Um reator semelhante dever\u00e1 equipar o Submarino Nuclear Brasileiro. O LAC criou um simulador para a planta e projetou o sistema de controle, al\u00e9m de auxiliar a Marinha em todos os aspectos de automa\u00e7\u00e3o e controle do [&hellip;]<\/p>\n","protected":false},"author":24061,"featured_media":0,"parent":0,"menu_order":0,"comment_status":"closed","ping_status":"closed","template":"","meta":{"footnotes":"","_links_to":"","_links_to_target":""},"class_list":["post-462","page","type-page","status-publish","hentry"],"_links":{"self":[{"href":"https:\/\/sites.usp.br\/lac\/wp-json\/wp\/v2\/pages\/462","targetHints":{"allow":["GET"]}}],"collection":[{"href":"https:\/\/sites.usp.br\/lac\/wp-json\/wp\/v2\/pages"}],"about":[{"href":"https:\/\/sites.usp.br\/lac\/wp-json\/wp\/v2\/types\/page"}],"author":[{"embeddable":true,"href":"https:\/\/sites.usp.br\/lac\/wp-json\/wp\/v2\/users\/24061"}],"replies":[{"embeddable":true,"href":"https:\/\/sites.usp.br\/lac\/wp-json\/wp\/v2\/comments?post=462"}],"version-history":[{"count":3,"href":"https:\/\/sites.usp.br\/lac\/wp-json\/wp\/v2\/pages\/462\/revisions"}],"predecessor-version":[{"id":465,"href":"https:\/\/sites.usp.br\/lac\/wp-json\/wp\/v2\/pages\/462\/revisions\/465"}],"wp:attachment":[{"href":"https:\/\/sites.usp.br\/lac\/wp-json\/wp\/v2\/media?parent=462"}],"curies":[{"name":"wp","href":"https:\/\/api.w.org\/{rel}","templated":true}]}}