{"id":79,"date":"2014-02-24T16:51:20","date_gmt":"2014-02-24T18:51:20","guid":{"rendered":"http:\/\/sites.usp.br\/lacocid\/?page_id=79"},"modified":"2025-05-08T11:47:38","modified_gmt":"2025-05-08T13:47:38","slug":"pagina-inicial","status":"publish","type":"page","link":"https:\/\/sites.usp.br\/lacocid\/","title":{"rendered":"Boas-vindas ao LaCoCiD!"},"content":{"rendered":"<p>Este \u00e9 o site do <strong>Laborat\u00f3rio de Cogni\u00e7\u00e3o e Ci\u00eancias da Decis\u00e3o (LaCoCiD)<\/strong> do Departamento de Psicologia, da Faculdade de Filosofia, Ci\u00eancias e Letras de Ribeir\u00e3o Preto (FFCLRP), da Universidade de S\u00e3o Paulo (USP). Fundado e coordenado pela Dra. Priscila Goergen Brust-Renck, trata-se de um laborat\u00f3rio que tem por objetivo produzir conhecimentos baseados em evid\u00eancia do ponto de vista da Psicologia Cognitiva Experimental.<\/p>\n<p>Assim como o LaCoCiD-USP, este site est\u00e1 em desenvolvimento. Acompanhe nossos avan\u00e7os e sinta-se \u00e0 vontade para visitar nossa p\u00e1gina sempre que puder, e se desejar entre em contato.<\/p>\n","protected":false},"excerpt":{"rendered":"<p>Este \u00e9 o site do Laborat\u00f3rio de Cogni\u00e7\u00e3o e Ci\u00eancias da Decis\u00e3o (LaCoCiD) do Departamento de Psicologia, da Faculdade de Filosofia, Ci\u00eancias e Letras de Ribeir\u00e3o Preto (FFCLRP), da Universidade de S\u00e3o Paulo (USP). Fundado e coordenado pela Dra. Priscila Goergen Brust-Renck, trata-se de um laborat\u00f3rio que tem por objetivo produzir conhecimentos baseados em evid\u00eancia [&hellip;]<\/p>\n","protected":false},"author":1,"featured_media":0,"parent":0,"menu_order":0,"comment_status":"closed","ping_status":"closed","template":"","meta":{"footnotes":"","_links_to":"","_links_to_target":""},"class_list":["post-79","page","type-page","status-publish","hentry"],"_links":{"self":[{"href":"https:\/\/sites.usp.br\/lacocid\/wp-json\/wp\/v2\/pages\/79","targetHints":{"allow":["GET"]}}],"collection":[{"href":"https:\/\/sites.usp.br\/lacocid\/wp-json\/wp\/v2\/pages"}],"about":[{"href":"https:\/\/sites.usp.br\/lacocid\/wp-json\/wp\/v2\/types\/page"}],"author":[{"embeddable":true,"href":"https:\/\/sites.usp.br\/lacocid\/wp-json\/wp\/v2\/users\/1"}],"replies":[{"embeddable":true,"href":"https:\/\/sites.usp.br\/lacocid\/wp-json\/wp\/v2\/comments?post=79"}],"version-history":[{"count":4,"href":"https:\/\/sites.usp.br\/lacocid\/wp-json\/wp\/v2\/pages\/79\/revisions"}],"predecessor-version":[{"id":140,"href":"https:\/\/sites.usp.br\/lacocid\/wp-json\/wp\/v2\/pages\/79\/revisions\/140"}],"wp:attachment":[{"href":"https:\/\/sites.usp.br\/lacocid\/wp-json\/wp\/v2\/media?parent=79"}],"curies":[{"name":"wp","href":"https:\/\/api.w.org\/{rel}","templated":true}]}}