{"id":813,"date":"2021-01-18T23:53:58","date_gmt":"2021-01-19T01:53:58","guid":{"rendered":"https:\/\/sites.usp.br\/laec\/?page_id=813"},"modified":"2021-02-10T23:39:12","modified_gmt":"2021-02-11T01:39:12","slug":"ensino","status":"publish","type":"page","link":"https:\/\/sites.usp.br\/laec\/ensino\/","title":{"rendered":"Ensino"},"content":{"rendered":"\t\t<div data-elementor-type=\"wp-page\" data-elementor-id=\"813\" class=\"elementor elementor-813\" data-elementor-post-type=\"page\">\n\t\t\t\t\t\t<section class=\"elementor-section elementor-top-section elementor-element elementor-element-3d7d575 elementor-section-boxed elementor-section-height-default elementor-section-height-default\" data-id=\"3d7d575\" data-element_type=\"section\">\n\t\t\t\t\t\t<div class=\"elementor-container elementor-column-gap-default\">\n\t\t\t\t\t<div class=\"elementor-column elementor-col-100 elementor-top-column elementor-element elementor-element-d3287b1\" data-id=\"d3287b1\" data-element_type=\"column\">\n\t\t\t<div class=\"elementor-widget-wrap elementor-element-populated\">\n\t\t\t\t\t\t<div class=\"elementor-element elementor-element-ec027a0 elementor-widget elementor-widget-text-editor\" data-id=\"ec027a0\" data-element_type=\"widget\" data-widget_type=\"text-editor.default\">\n\t\t\t\t<div class=\"elementor-widget-container\">\n\t\t\t\t\t\t\t<p style=\"text-align: justify;\"><span style=\"color: #000000;\">O Laborat\u00f3rio de Ecologia e Conserva\u00e7\u00e3o \u00e9 respons\u00e1vel por cinco disciplinas ministradas na FFCLRP-USP; quatro para o Bacharelado e Licenciatura em Ci\u00eancias Biol\u00f3gicas e uma no Programa de P\u00f3s-Gradua\u00e7\u00e3o em Biologia Comparada.<\/span><\/p><p style=\"text-align: justify;\"><span style=\"color: #000000;\"><\/span><\/p>\t\t\t\t\t\t<\/div>\n\t\t\t\t<\/div>\n\t\t\t\t\t<\/div>\n\t\t<\/div>\n\t\t\t\t\t<\/div>\n\t\t<\/section>\n\t\t\t\t<section class=\"elementor-section elementor-top-section elementor-element elementor-element-30ff6e1 elementor-section-boxed elementor-section-height-default elementor-section-height-default\" data-id=\"30ff6e1\" data-element_type=\"section\">\n\t\t\t\t\t\t<div class=\"elementor-container elementor-column-gap-default\">\n\t\t\t\t\t<div class=\"elementor-column elementor-col-50 elementor-top-column elementor-element elementor-element-0238a3e\" data-id=\"0238a3e\" data-element_type=\"column\">\n\t\t\t<div class=\"elementor-widget-wrap elementor-element-populated\">\n\t\t\t\t\t\t<div class=\"elementor-element elementor-element-06c76e2 elementor-widget-divider--view-line elementor-widget elementor-widget-divider\" data-id=\"06c76e2\" data-element_type=\"widget\" data-widget_type=\"divider.default\">\n\t\t\t\t<div class=\"elementor-widget-container\">\n\t\t\t\t\t<div class=\"elementor-divider\">\n\t\t\t<span class=\"elementor-divider-separator\">\n\t\t\t\t\t\t<\/span>\n\t\t<\/div>\n\t\t\t\t<\/div>\n\t\t\t\t<\/div>\n\t\t\t\t<div class=\"elementor-element elementor-element-591a4f8 elementor-widget elementor-widget-heading\" data-id=\"591a4f8\" data-element_type=\"widget\" data-widget_type=\"heading.default\">\n\t\t\t\t<div class=\"elementor-widget-container\">\n\t\t\t<h3 class=\"elementor-heading-title elementor-size-default\"><b>Bacharelado e Licenciatura em Ci\u00eancias Biol\u00f3gicas <\/b><\/h3>\t\t<\/div>\n\t\t\t\t<\/div>\n\t\t\t\t\t<\/div>\n\t\t<\/div>\n\t\t\t\t<div class=\"elementor-column elementor-col-50 elementor-top-column elementor-element elementor-element-c6371c3\" data-id=\"c6371c3\" data-element_type=\"column\">\n\t\t\t<div class=\"elementor-widget-wrap elementor-element-populated\">\n\t\t\t\t\t\t<div class=\"elementor-element elementor-element-387e650 elementor-align-left elementor-icon-list--layout-traditional elementor-list-item-link-full_width elementor-widget elementor-widget-icon-list\" data-id=\"387e650\" data-element_type=\"widget\" data-widget_type=\"icon-list.default\">\n\t\t\t\t<div class=\"elementor-widget-container\">\n\t\t\t\t\t<ul class=\"elementor-icon-list-items\">\n\t\t\t\t\t\t\t<li class=\"elementor-icon-list-item\">\n\t\t\t\t\t\t\t\t\t\t\t<span class=\"elementor-icon-list-icon\">\n\t\t\t\t\t\t\t<i aria-hidden=\"true\" class=\"fas fa-circle\"><\/i>\t\t\t\t\t\t<\/span>\n\t\t\t\t\t\t\t\t\t\t<span class=\"elementor-icon-list-text\">Biologia da Conserva\u00e7\u00e3o; <\/span>\n\t\t\t\t\t\t\t\t\t<\/li>\n\t\t\t\t\t\t\t\t<li class=\"elementor-icon-list-item\">\n\t\t\t\t\t\t\t\t\t\t\t<span class=\"elementor-icon-list-icon\">\n\t\t\t\t\t\t\t<i aria-hidden=\"true\" class=\"fas fa-circle\"><\/i>\t\t\t\t\t\t<\/span>\n\t\t\t\t\t\t\t\t\t\t<span class=\"elementor-icon-list-text\">Aplica\u00e7\u00e3o de Modelos Ecol\u00f3gicos; <\/span>\n\t\t\t\t\t\t\t\t\t<\/li>\n\t\t\t\t\t\t\t\t<li class=\"elementor-icon-list-item\">\n\t\t\t\t\t\t\t\t\t\t\t<span class=\"elementor-icon-list-icon\">\n\t\t\t\t\t\t\t<i aria-hidden=\"true\" class=\"fas fa-circle\"><\/i>\t\t\t\t\t\t<\/span>\n\t\t\t\t\t\t\t\t\t\t<span class=\"elementor-icon-list-text\">Trabalho de Conclus\u00e3o de Curso: Monografia em Ecologia; <\/span>\n\t\t\t\t\t\t\t\t\t<\/li>\n\t\t\t\t\t\t\t\t<li class=\"elementor-icon-list-item\">\n\t\t\t\t\t\t\t\t\t\t\t<span class=\"elementor-icon-list-icon\">\n\t\t\t\t\t\t\t<i aria-hidden=\"true\" class=\"fas fa-circle\"><\/i>\t\t\t\t\t\t<\/span>\n\t\t\t\t\t\t\t\t\t\t<span class=\"elementor-icon-list-text\">Est\u00e1gios em Ecologia I, II, III, IV. <\/span>\n\t\t\t\t\t\t\t\t\t<\/li>\n\t\t\t\t\t\t<\/ul>\n\t\t\t\t<\/div>\n\t\t\t\t<\/div>\n\t\t\t\t\t<\/div>\n\t\t<\/div>\n\t\t\t\t\t<\/div>\n\t\t<\/section>\n\t\t\t\t<section class=\"elementor-section elementor-top-section elementor-element elementor-element-5d57d3c elementor-section-boxed elementor-section-height-default elementor-section-height-default\" data-id=\"5d57d3c\" data-element_type=\"section\">\n\t\t\t\t\t\t<div class=\"elementor-container elementor-column-gap-default\">\n\t\t\t\t\t<div class=\"elementor-column elementor-col-50 elementor-top-column elementor-element elementor-element-4c9049e\" data-id=\"4c9049e\" data-element_type=\"column\">\n\t\t\t<div class=\"elementor-widget-wrap elementor-element-populated\">\n\t\t\t\t\t\t<div class=\"elementor-element elementor-element-ac93a97 elementor-widget-divider--view-line elementor-widget elementor-widget-divider\" data-id=\"ac93a97\" data-element_type=\"widget\" data-widget_type=\"divider.default\">\n\t\t\t\t<div class=\"elementor-widget-container\">\n\t\t\t\t\t<div class=\"elementor-divider\">\n\t\t\t<span class=\"elementor-divider-separator\">\n\t\t\t\t\t\t<\/span>\n\t\t<\/div>\n\t\t\t\t<\/div>\n\t\t\t\t<\/div>\n\t\t\t\t<div class=\"elementor-element elementor-element-45fadb5 elementor-widget elementor-widget-heading\" data-id=\"45fadb5\" data-element_type=\"widget\" data-widget_type=\"heading.default\">\n\t\t\t\t<div class=\"elementor-widget-container\">\n\t\t\t<h3 class=\"elementor-heading-title elementor-size-default\"><b>Programa de P\u00f3s-Gradua\u00e7\u00e3o em Biologia Comparada <\/b><\/h3>\t\t<\/div>\n\t\t\t\t<\/div>\n\t\t\t\t\t<\/div>\n\t\t<\/div>\n\t\t\t\t<div class=\"elementor-column elementor-col-50 elementor-top-column elementor-element elementor-element-70d1f4b\" data-id=\"70d1f4b\" data-element_type=\"column\">\n\t\t\t<div class=\"elementor-widget-wrap elementor-element-populated\">\n\t\t\t\t\t\t<div class=\"elementor-element elementor-element-76afa30 elementor-align-left elementor-icon-list--layout-traditional elementor-list-item-link-full_width elementor-widget elementor-widget-icon-list\" data-id=\"76afa30\" data-element_type=\"widget\" data-widget_type=\"icon-list.default\">\n\t\t\t\t<div class=\"elementor-widget-container\">\n\t\t\t\t\t<ul class=\"elementor-icon-list-items\">\n\t\t\t\t\t\t\t<li class=\"elementor-icon-list-item\">\n\t\t\t\t\t\t\t\t\t\t\t<span class=\"elementor-icon-list-icon\">\n\t\t\t\t\t\t\t<i aria-hidden=\"true\" class=\"fas fa-circle\"><\/i>\t\t\t\t\t\t<\/span>\n\t\t\t\t\t\t\t\t\t\t<span class=\"elementor-icon-list-text\"><span style=\"font-family: &quot;PT Sans&quot;, sans-serif; font-style: normal; font-weight: 400;\">Ecologia e Conserva\u00e7\u00e3o de Mam\u00edferos Neotropicais. <\/span><\/span>\n\t\t\t\t\t\t\t\t\t<\/li>\n\t\t\t\t\t\t<\/ul>\n\t\t\t\t<\/div>\n\t\t\t\t<\/div>\n\t\t\t\t\t<\/div>\n\t\t<\/div>\n\t\t\t\t\t<\/div>\n\t\t<\/section>\n\t\t\t\t<section class=\"elementor-section elementor-top-section elementor-element elementor-element-734a87f1 elementor-section-boxed elementor-section-height-default elementor-section-height-default\" data-id=\"734a87f1\" data-element_type=\"section\">\n\t\t\t\t\t\t<div class=\"elementor-container elementor-column-gap-no\">\n\t\t\t\t\t<div class=\"elementor-column elementor-col-50 elementor-top-column elementor-element elementor-element-3f42be43\" data-id=\"3f42be43\" data-element_type=\"column\">\n\t\t\t<div class=\"elementor-widget-wrap elementor-element-populated\">\n\t\t\t\t\t\t<div class=\"elementor-element elementor-element-1efae6b3 elementor-widget elementor-widget-image\" data-id=\"1efae6b3\" data-element_type=\"widget\" data-widget_type=\"image.default\">\n\t\t\t\t<div class=\"elementor-widget-container\">\n\t\t\t\t\t\t\t\t\t\t\t\t\t<img fetchpriority=\"high\" decoding=\"async\" width=\"2560\" height=\"1920\" src=\"https:\/\/sites.usp.br\/laec\/wp-content\/uploads\/sites\/849\/2020\/11\/P064_47-1-scaled.jpg\" class=\"attachment-full size-full wp-image-674\" alt=\"\" srcset=\"https:\/\/sites.usp.br\/laec\/wp-content\/uploads\/sites\/849\/2020\/11\/P064_47-1-scaled.jpg 2560w, https:\/\/sites.usp.br\/laec\/wp-content\/uploads\/sites\/849\/2020\/11\/P064_47-1-300x225.jpg 300w, https:\/\/sites.usp.br\/laec\/wp-content\/uploads\/sites\/849\/2020\/11\/P064_47-1-1024x768.jpg 1024w, https:\/\/sites.usp.br\/laec\/wp-content\/uploads\/sites\/849\/2020\/11\/P064_47-1-768x576.jpg 768w, https:\/\/sites.usp.br\/laec\/wp-content\/uploads\/sites\/849\/2020\/11\/P064_47-1-1536x1152.jpg 1536w, https:\/\/sites.usp.br\/laec\/wp-content\/uploads\/sites\/849\/2020\/11\/P064_47-1-2048x1536.jpg 2048w, https:\/\/sites.usp.br\/laec\/wp-content\/uploads\/sites\/849\/2020\/11\/P064_47-1-80x60.jpg 80w, https:\/\/sites.usp.br\/laec\/wp-content\/uploads\/sites\/849\/2020\/11\/P064_47-1-400x300.jpg 400w\" sizes=\"(max-width: 2560px) 100vw, 2560px\" \/>\t\t\t\t\t\t\t\t\t\t\t\t\t<\/div>\n\t\t\t\t<\/div>\n\t\t\t\t<div class=\"elementor-element elementor-element-ee6e5d6 elementor-widget elementor-widget-image\" data-id=\"ee6e5d6\" data-element_type=\"widget\" data-widget_type=\"image.default\">\n\t\t\t\t<div class=\"elementor-widget-container\">\n\t\t\t\t\t\t\t\t\t\t\t\t\t<img decoding=\"async\" width=\"2560\" height=\"1920\" src=\"https:\/\/sites.usp.br\/laec\/wp-content\/uploads\/sites\/849\/2020\/11\/Imagem-042-scaled.jpg\" class=\"attachment-full size-full wp-image-564\" alt=\"\" srcset=\"https:\/\/sites.usp.br\/laec\/wp-content\/uploads\/sites\/849\/2020\/11\/Imagem-042-scaled.jpg 2560w, https:\/\/sites.usp.br\/laec\/wp-content\/uploads\/sites\/849\/2020\/11\/Imagem-042-300x225.jpg 300w, https:\/\/sites.usp.br\/laec\/wp-content\/uploads\/sites\/849\/2020\/11\/Imagem-042-1024x768.jpg 1024w, https:\/\/sites.usp.br\/laec\/wp-content\/uploads\/sites\/849\/2020\/11\/Imagem-042-768x576.jpg 768w, https:\/\/sites.usp.br\/laec\/wp-content\/uploads\/sites\/849\/2020\/11\/Imagem-042-1536x1152.jpg 1536w, https:\/\/sites.usp.br\/laec\/wp-content\/uploads\/sites\/849\/2020\/11\/Imagem-042-2048x1536.jpg 2048w, https:\/\/sites.usp.br\/laec\/wp-content\/uploads\/sites\/849\/2020\/11\/Imagem-042-80x60.jpg 80w, https:\/\/sites.usp.br\/laec\/wp-content\/uploads\/sites\/849\/2020\/11\/Imagem-042-400x300.jpg 400w\" sizes=\"(max-width: 2560px) 100vw, 2560px\" \/>\t\t\t\t\t\t\t\t\t\t\t\t\t<\/div>\n\t\t\t\t<\/div>\n\t\t\t\t\t<\/div>\n\t\t<\/div>\n\t\t\t\t<div class=\"elementor-column elementor-col-50 elementor-top-column elementor-element elementor-element-4b113ae2\" data-id=\"4b113ae2\" data-element_type=\"column\" data-settings=\"{&quot;background_background&quot;:&quot;classic&quot;}\">\n\t\t\t<div class=\"elementor-widget-wrap elementor-element-populated\">\n\t\t\t\t\t\t<div class=\"elementor-element elementor-element-298b7f02 elementor-widget elementor-widget-heading\" data-id=\"298b7f02\" data-element_type=\"widget\" data-widget_type=\"heading.default\">\n\t\t\t\t<div class=\"elementor-widget-container\">\n\t\t\t<h3 class=\"elementor-heading-title elementor-size-default\">Trabalhos de campo did\u00e1ticos <\/h3>\t\t<\/div>\n\t\t\t\t<\/div>\n\t\t\t\t<section class=\"elementor-section elementor-inner-section elementor-element elementor-element-5fd999d4 elementor-reverse-mobile elementor-section-boxed elementor-section-height-default elementor-section-height-default\" data-id=\"5fd999d4\" data-element_type=\"section\">\n\t\t\t\t\t\t<div class=\"elementor-container elementor-column-gap-default\">\n\t\t\t\t\t<div class=\"elementor-column elementor-col-100 elementor-inner-column elementor-element elementor-element-51390701\" data-id=\"51390701\" data-element_type=\"column\" data-settings=\"{&quot;background_background&quot;:&quot;classic&quot;}\">\n\t\t\t<div class=\"elementor-widget-wrap elementor-element-populated\">\n\t\t\t\t\t\t<div class=\"elementor-element elementor-element-2615c0ab elementor-widget elementor-widget-text-editor\" data-id=\"2615c0ab\" data-element_type=\"widget\" data-widget_type=\"text-editor.default\">\n\t\t\t\t<div class=\"elementor-widget-container\">\n\t\t\t\t\t\t\t<p style=\"text-align: justify;\"><span style=\"color: #000000;\">A disciplina Biologia da Conserva\u00e7\u00e3o e a disciplina Ecologia e Conserva\u00e7\u00e3o de Mam\u00edferos Neotropicais incluem atividades pr\u00e1ticas de campo. Como parte dessas disciplinas \u00e9 geralmente realizada uma sa\u00edda de campo de dois ou mais dias n\u00e3o consecutivos para unidades de conserva\u00e7\u00e3o ou reservas legais existentes na regi\u00e3o de Ribeir\u00e3o Preto. Essas atividades t\u00eam por finalidade aproximar os alunos dos aspectos pr\u00e1ticos que envolvem as pesquisas de ecologia, al\u00e9m da aplica\u00e7\u00e3o de alguns m\u00e9todos de coleta de dados.<\/span><\/p><p style=\"text-align: justify;\"><span style=\"color: #000000;\"><\/span><\/p>\t\t\t\t\t\t<\/div>\n\t\t\t\t<\/div>\n\t\t\t\t\t<\/div>\n\t\t<\/div>\n\t\t\t\t\t<\/div>\n\t\t<\/section>\n\t\t\t\t\t<\/div>\n\t\t<\/div>\n\t\t\t\t\t<\/div>\n\t\t<\/section>\n\t\t\t\t<\/div>\n\t\t","protected":false},"excerpt":{"rendered":"<p>O Laborat\u00f3rio de Ecologia e Conserva\u00e7\u00e3o \u00e9 respons\u00e1vel por cinco disciplinas ministradas na FFCLRP-USP; quatro para o Bacharelado e Licenciatura em Ci\u00eancias Biol\u00f3gicas e uma no Programa de P\u00f3s-Gradua\u00e7\u00e3o em Biologia Comparada. Bacharelado e Licenciatura em Ci\u00eancias Biol\u00f3gicas Biologia da Conserva\u00e7\u00e3o; Aplica\u00e7\u00e3o de Modelos Ecol\u00f3gicos; Trabalho de Conclus\u00e3o de Curso: Monografia em Ecologia; Est\u00e1gios em<a href=\"https:\/\/sites.usp.br\/laec\/ensino\/\">[&#8230;]<\/a><\/p>\n","protected":false},"author":1200,"featured_media":0,"parent":0,"menu_order":0,"comment_status":"closed","ping_status":"closed","template":"elementor_header_footer","meta":{"footnotes":"","_links_to":"","_links_to_target":""},"class_list":["post-813","page","type-page","status-publish","hentry"],"_links":{"self":[{"href":"https:\/\/sites.usp.br\/laec\/wp-json\/wp\/v2\/pages\/813","targetHints":{"allow":["GET"]}}],"collection":[{"href":"https:\/\/sites.usp.br\/laec\/wp-json\/wp\/v2\/pages"}],"about":[{"href":"https:\/\/sites.usp.br\/laec\/wp-json\/wp\/v2\/types\/page"}],"author":[{"embeddable":true,"href":"https:\/\/sites.usp.br\/laec\/wp-json\/wp\/v2\/users\/1200"}],"replies":[{"embeddable":true,"href":"https:\/\/sites.usp.br\/laec\/wp-json\/wp\/v2\/comments?post=813"}],"version-history":[{"count":5,"href":"https:\/\/sites.usp.br\/laec\/wp-json\/wp\/v2\/pages\/813\/revisions"}],"predecessor-version":[{"id":1347,"href":"https:\/\/sites.usp.br\/laec\/wp-json\/wp\/v2\/pages\/813\/revisions\/1347"}],"wp:attachment":[{"href":"https:\/\/sites.usp.br\/laec\/wp-json\/wp\/v2\/media?parent=813"}],"curies":[{"name":"wp","href":"https:\/\/api.w.org\/{rel}","templated":true}]}}