{"id":170,"date":"2020-05-27T16:00:35","date_gmt":"2020-05-27T18:00:35","guid":{"rendered":"https:\/\/sites.usp.br\/lafipebio\/?page_id=170"},"modified":"2020-05-31T18:15:44","modified_gmt":"2020-05-31T20:15:44","slug":"membros-atuais","status":"publish","type":"page","link":"https:\/\/sites.usp.br\/lafipebio\/membros-atuais\/","title":{"rendered":"Membros Atuais"},"content":{"rendered":"<div id=\"pl-170\"  class=\"panel-layout\" ><div id=\"pg-170-0\"  class=\"panel-grid panel-no-style\" ><div id=\"pgc-170-0-0\"  class=\"panel-grid-cell\" ><div id=\"panel-170-0-0-0\" class=\"so-panel widget widget_sow-editor panel-first-child\" data-index=\"0\" ><div\n\t\t\t\n\t\t\tclass=\"so-widget-sow-editor so-widget-sow-editor-base\"\n\t\t\t\n\t\t><h3 class=\"widget-title\">Jeniffer Farias dos Santos<\/h3>\n<div class=\"siteorigin-widget-tinymce textwidget\">\n\t<p>Doutoranda no Programa Interunidades em Biotecnologia (USP)<\/p>\n<\/div>\n<\/div><\/div><div id=\"panel-170-0-0-1\" class=\"so-panel widget widget_sow-editor\" data-index=\"1\" ><div\n\t\t\t\n\t\t\tclass=\"so-widget-sow-editor so-widget-sow-editor-base\"\n\t\t\t\n\t\t><h3 class=\"widget-title\">Myrian Thiago Pruschinski Fernandes <\/h3>\n<div class=\"siteorigin-widget-tinymce textwidget\">\n\t<p>Mestranda no Programa Interunidades em Biotecnologia (USP)<\/p>\n<\/div>\n<\/div><\/div><div id=\"panel-170-0-0-2\" class=\"so-panel widget widget_sow-editor\" data-index=\"2\" ><div\n\t\t\t\n\t\t\tclass=\"so-widget-sow-editor so-widget-sow-editor-base\"\n\t\t\t\n\t\t><h3 class=\"widget-title\">Gustavo Roncoli Reigado<\/h3>\n<div class=\"siteorigin-widget-tinymce textwidget\">\n\t<p>Mestrando no Programa Interunidades em Biotecnologia (USP)<\/p>\n<\/div>\n<\/div><\/div><div id=\"panel-170-0-0-3\" class=\"so-panel widget widget_sow-editor\" data-index=\"3\" ><div\n\t\t\t\n\t\t\tclass=\"so-widget-sow-editor so-widget-sow-editor-base\"\n\t\t\t\n\t\t><h3 class=\"widget-title\">Willian Moreira Miguel<\/h3>\n<div class=\"siteorigin-widget-tinymce textwidget\">\n\t<p>Mestrando no Programa de P\u00f3s-gradua\u00e7\u00e3o em Bioqu\u00edmica e Biologia Molecular (USP)<\/p>\n<\/div>\n<\/div><\/div><div id=\"panel-170-0-0-4\" class=\"so-panel widget widget_sow-editor\" data-index=\"4\" ><div\n\t\t\t\n\t\t\tclass=\"so-widget-sow-editor so-widget-sow-editor-base\"\n\t\t\t\n\t\t><h3 class=\"widget-title\">Bruna Let\u00edcia de Freitas<\/h3>\n<div class=\"siteorigin-widget-tinymce textwidget\">\n\t<p>Mestranda no Programa de P\u00f3s-gradua\u00e7\u00e3o em Bioqu\u00edmica e Biologia Molecular (USP)<\/p>\n<\/div>\n<\/div><\/div><div id=\"panel-170-0-0-5\" class=\"so-panel widget widget_sow-editor panel-last-child\" data-index=\"5\" ><div\n\t\t\t\n\t\t\tclass=\"so-widget-sow-editor so-widget-sow-editor-base\"\n\t\t\t\n\t\t><h3 class=\"widget-title\">Mateus Santos Barbosa<\/h3>\n<div class=\"siteorigin-widget-tinymce textwidget\">\n\t<p>Aluno de inicia\u00e7\u00e3o cient\u00edfica do curso de Biotecnologia da USP<\/p>\n<\/div>\n<\/div><\/div><\/div><\/div><\/div>","protected":false},"excerpt":{"rendered":"<p>Doutoranda no Programa Interunidades em Biotecnologia (USP) Mestranda no Programa Interunidades em Biotecnologia (USP) Mestrando no Programa Interunidades em Biotecnologia (USP) Mestrando no Programa de P\u00f3s-gradua\u00e7\u00e3o em Bioqu\u00edmica e Biologia Molecular (USP) Mestranda no Programa de P\u00f3s-gradua\u00e7\u00e3o em Bioqu\u00edmica e Biologia Molecular (USP) Aluno de inicia\u00e7\u00e3o cient\u00edfica do curso de Biotecnologia da USP<\/p>\n","protected":false},"author":484,"featured_media":0,"parent":0,"menu_order":0,"comment_status":"closed","ping_status":"closed","template":"","meta":{"_monsterinsights_skip_tracking":false,"_monsterinsights_sitenote_active":false,"_monsterinsights_sitenote_note":"","_monsterinsights_sitenote_category":0,"footnotes":"","_links_to":"","_links_to_target":""},"class_list":["post-170","page","type-page","status-publish","hentry"],"_links":{"self":[{"href":"https:\/\/sites.usp.br\/lafipebio\/wp-json\/wp\/v2\/pages\/170","targetHints":{"allow":["GET"]}}],"collection":[{"href":"https:\/\/sites.usp.br\/lafipebio\/wp-json\/wp\/v2\/pages"}],"about":[{"href":"https:\/\/sites.usp.br\/lafipebio\/wp-json\/wp\/v2\/types\/page"}],"author":[{"embeddable":true,"href":"https:\/\/sites.usp.br\/lafipebio\/wp-json\/wp\/v2\/users\/484"}],"replies":[{"embeddable":true,"href":"https:\/\/sites.usp.br\/lafipebio\/wp-json\/wp\/v2\/comments?post=170"}],"version-history":[{"count":4,"href":"https:\/\/sites.usp.br\/lafipebio\/wp-json\/wp\/v2\/pages\/170\/revisions"}],"predecessor-version":[{"id":256,"href":"https:\/\/sites.usp.br\/lafipebio\/wp-json\/wp\/v2\/pages\/170\/revisions\/256"}],"wp:attachment":[{"href":"https:\/\/sites.usp.br\/lafipebio\/wp-json\/wp\/v2\/media?parent=170"}],"curies":[{"name":"wp","href":"https:\/\/api.w.org\/{rel}","templated":true}]}}