{"id":24,"date":"2024-03-26T14:27:37","date_gmt":"2024-03-26T17:27:37","guid":{"rendered":"https:\/\/sites.usp.br\/lamom\/?page_id=24"},"modified":"2026-03-27T11:39:29","modified_gmt":"2026-03-27T14:39:29","slug":"equipe","status":"publish","type":"page","link":"https:\/\/sites.usp.br\/lamom\/equipe\/","title":{"rendered":"Equipe"},"content":{"rendered":"<p><img fetchpriority=\"high\" decoding=\"async\" class=\"alignnone wp-image-119 aligncenter\" src=\"https:\/\/sites.usp.br\/lamom\/wp-content\/uploads\/sites\/1450\/2024\/04\/WhatsApp-Image-2024-04-05-at-9.59.22-AM-258x300.jpeg\" alt=\"\" width=\"225\" height=\"262\" srcset=\"https:\/\/sites.usp.br\/lamom\/wp-content\/uploads\/sites\/1450\/2024\/04\/WhatsApp-Image-2024-04-05-at-9.59.22-AM-258x300.jpeg 258w, https:\/\/sites.usp.br\/lamom\/wp-content\/uploads\/sites\/1450\/2024\/04\/WhatsApp-Image-2024-04-05-at-9.59.22-AM.jpeg 459w\" sizes=\"(max-width: 225px) 100vw, 225px\" \/><\/p>\n<p style=\"text-align: center;\">Profa. Dra. Tailisi Hoppe Trevizani<\/p>\n<p style=\"text-align: center;\">Possui gradua\u00e7\u00e3o em Oceanografia com habilita\u00e7\u00e3o em Pesquisa Oceanogr\u00e1fica pela Universidade Federal do Paran\u00e1 (2011), mestrado em Oceanografia Qu\u00edmica (2014) e doutorado em Ci\u00eancias &#8211; Oceanografia Qu\u00edmica (2018) pela Universidade de S\u00e3o Paulo. Realizou p\u00f3s-doutorados no Instituto Oceanogr\u00e1fico da Universidade de S\u00e3o Paulo (IOUSP) entre 2018 e 2022. Atualmente \u00e9 professora doutora do Departamento de Oceanografia F\u00edsica, Qu\u00edmica e Geol\u00f3gica do IOUSP. Tem experi\u00eancia nas \u00e1reas de Oceanografia Qu\u00edmica, Geol\u00f3gica e Biol\u00f3gica, especialmente nas \u00e1reas de polui\u00e7\u00e3o marinha por metais em matrizes bi\u00f3ticas, bioacumula\u00e7\u00e3o, biomagnifica\u00e7\u00e3o e paleoceanografia.<\/p>\n<p style=\"text-align: center;\"><a href=\"https:\/\/lattes.cnpq.br\/3187730790966048\">https:\/\/lattes.cnpq.br\/3187730790966048<\/a><\/p>\n<p>&nbsp;<\/p>\n<p style=\"text-align: center;\"><img decoding=\"async\" class=\"alignnone wp-image-227 aligncenter\" src=\"https:\/\/sites.usp.br\/lamom\/wp-content\/uploads\/sites\/1450\/2025\/11\/WhatsApp-Image-2025-11-05-at-09.34.26-300x293.jpeg\" alt=\"\" width=\"207\" height=\"202\" srcset=\"https:\/\/sites.usp.br\/lamom\/wp-content\/uploads\/sites\/1450\/2025\/11\/WhatsApp-Image-2025-11-05-at-09.34.26-300x293.jpeg 300w, https:\/\/sites.usp.br\/lamom\/wp-content\/uploads\/sites\/1450\/2025\/11\/WhatsApp-Image-2025-11-05-at-09.34.26-45x45.jpeg 45w, https:\/\/sites.usp.br\/lamom\/wp-content\/uploads\/sites\/1450\/2025\/11\/WhatsApp-Image-2025-11-05-at-09.34.26.jpeg 539w\" sizes=\"(max-width: 207px) 100vw, 207px\" \/><\/p>\n<p style=\"text-align: center;\">Francesco Silveira Machado Chioatto<\/p>\n<p style=\"text-align: center;\">Graduado em Oceanografia pelo Instituto Oceanogr\u00e1fico da Universidade de S\u00e3o Paulo (2020), mestre em Oceanografia Biol\u00f3gica (2025) pelo mesmo instituto. Atualmente doutorando em Oceanografia Qu\u00edmica no IOUSP, com pesquisa focada na avalia\u00e7\u00e3o de metais em sedimento e organismos com objetivo de estudar a bioacumula\u00e7\u00e3o de metais no estu\u00e1rio de Canan\u00e9ia e Iguape, avaliar os efeitos dos metais na biota, e os riscos a sa\u00fade humana.<\/p>\n<p style=\"text-align: center;\"><a href=\"http:\/\/lattes.cnpq.br\/1321043975042368\">http:\/\/lattes.cnpq.br\/1321043975042368<\/a><\/p>\n<p>&nbsp;<\/p>\n<p style=\"text-align: center;\"><img decoding=\"async\" class=\"wp-image-118 aligncenter\" src=\"https:\/\/sites.usp.br\/lamom\/wp-content\/uploads\/sites\/1450\/2024\/04\/WhatsApp-Image-2024-04-05-at-9.14.42-AM-300x300.jpeg\" alt=\"\" width=\"283\" height=\"283\" srcset=\"https:\/\/sites.usp.br\/lamom\/wp-content\/uploads\/sites\/1450\/2024\/04\/WhatsApp-Image-2024-04-05-at-9.14.42-AM-300x300.jpeg 300w, https:\/\/sites.usp.br\/lamom\/wp-content\/uploads\/sites\/1450\/2024\/04\/WhatsApp-Image-2024-04-05-at-9.14.42-AM-150x150.jpeg 150w, https:\/\/sites.usp.br\/lamom\/wp-content\/uploads\/sites\/1450\/2024\/04\/WhatsApp-Image-2024-04-05-at-9.14.42-AM-45x45.jpeg 45w, https:\/\/sites.usp.br\/lamom\/wp-content\/uploads\/sites\/1450\/2024\/04\/WhatsApp-Image-2024-04-05-at-9.14.42-AM.jpeg 577w\" sizes=\"(max-width: 283px) 100vw, 283px\" \/><\/p>\n<p style=\"text-align: center;\">B\u00e1rbara Uenoyama da Silva<\/p>\n<p style=\"text-align: center;\">Graduada em Oceanografia pelo Instituto Oceanogr\u00e1fico da Universidade de S\u00e3o Paulo (IOUSP, 2024). Tem \u00eanfase na \u00e1rea de Oceanografia Qu\u00edmica, especificamente em an\u00e1lises geoqu\u00edmicas. Realizou o trabalho de gradua\u00e7\u00e3o \u201cCaracteriza\u00e7\u00e3o qu\u00edmica de Corais de Ubatuba (S\u00e3o Paulo, Brasil)\u201d. Atualmente \u00e9 mestranda em oceanografia qu\u00edmica no IOUSP, com a pesquisa focada tamb\u00e9m na caracteriza\u00e7\u00e3o qu\u00edmica, mas do g\u00eanero <i>Paragorgia spp,\u00a0<\/i>e reconstru\u00e7\u00e3o paleoceanogr\u00e1fica a partir da an\u00e1lise de metais.<\/p>\n<p style=\"text-align: center;\"><a href=\"http:\/\/lattes.cnpq.br\/5355667620987924\">http:\/\/lattes.cnpq.br\/5355667620987924<\/a><\/p>\n<p style=\"text-align: center;\"><img loading=\"lazy\" decoding=\"async\" class=\" wp-image-199 aligncenter\" src=\"https:\/\/sites.usp.br\/lamom\/wp-content\/uploads\/sites\/1450\/2025\/02\/WhatsApp-Image-2025-02-05-at-15.11.11-282x300.jpeg\" alt=\"\" width=\"221\" height=\"235\" srcset=\"https:\/\/sites.usp.br\/lamom\/wp-content\/uploads\/sites\/1450\/2025\/02\/WhatsApp-Image-2025-02-05-at-15.11.11-282x300.jpeg 282w, https:\/\/sites.usp.br\/lamom\/wp-content\/uploads\/sites\/1450\/2025\/02\/WhatsApp-Image-2025-02-05-at-15.11.11.jpeg 478w\" sizes=\"(max-width: 221px) 100vw, 221px\" \/><\/p>\n<p style=\"text-align: center;\">Rayane dos Santos de Fran\u00e7a<\/p>\n<p style=\"text-align: center;\">Graduada em Oceanografia pelo Instituto Oceanogr\u00e1fico da Universidade de S\u00e3o Paulo (IOUSP, 2023), atualmente \u00e9 mestranda em Oceanografia Qu\u00edmica no mesmo instituto. Sua pesquisa foca na contamina\u00e7\u00e3o por metais em peixes de Santos e Canan\u00e9ia, comparando esp\u00e9cies de alto valor comercial e ca\u00e7\u00f5es, com avalia\u00e7\u00e3o dos riscos \u00e0 sa\u00fade humana associados ao consumo. Possui experi\u00eancia em ictiologia de oceano profundo, especialmente com elasmobr\u00e2nquios. Tem especial interesse em biomagnifica\u00e7\u00e3o, bioacumula\u00e7\u00e3o e nos impactos de metais pesados \u200b\u200bno ambiente e na biota.<\/p>\n<p style=\"text-align: center;\"><a href=\"http:\/\/lattes.cnpq.br\/8461150020057119\">http:\/\/lattes.cnpq.br\/8461150020057119<\/a><\/p>\n<p style=\"text-align: center;\"><img loading=\"lazy\" decoding=\"async\" class=\"wp-image-251 aligncenter\" src=\"https:\/\/sites.usp.br\/lamom\/wp-content\/uploads\/sites\/1450\/2026\/03\/WhatsApp-Image-2026-03-27-at-11.29.45-1-296x300.jpeg\" alt=\"\" width=\"208\" height=\"211\" srcset=\"https:\/\/sites.usp.br\/lamom\/wp-content\/uploads\/sites\/1450\/2026\/03\/WhatsApp-Image-2026-03-27-at-11.29.45-1-296x300.jpeg 296w, https:\/\/sites.usp.br\/lamom\/wp-content\/uploads\/sites\/1450\/2026\/03\/WhatsApp-Image-2026-03-27-at-11.29.45-1-45x45.jpeg 45w, https:\/\/sites.usp.br\/lamom\/wp-content\/uploads\/sites\/1450\/2026\/03\/WhatsApp-Image-2026-03-27-at-11.29.45-1.jpeg 457w\" sizes=\"(max-width: 208px) 100vw, 208px\" \/><\/p>\n<p style=\"text-align: center;\">Bruna Sanches de Freitas Felipe<\/p>\n<p style=\"text-align: center;\">Graduada em Oceanografia pelo Instituto Oceanogr\u00e1fico da USP (2024), tive como foco de estudo an\u00e1lises biogeoqu\u00edmicas sobre a polui\u00e7\u00e3o em ecossistemas costeiros do Brasil, utilizando organismos marinhos como bioindicadores e seu impacto para a sa\u00fade humana. Atualmente aluna de mestrado do laborat\u00f3rio, trabalho com a avalia\u00e7\u00e3o da presen\u00e7a de metais em peixes da esp\u00e9cie Notothenia sp. na Ba\u00eda do Almirantado, Ant\u00e1rtica.<\/p>\n<p style=\"text-align: center;\"><a href=\"http:\/\/lattes.cnpq.br\/9120262997600427\">http:\/\/lat<\/a><a href=\"http:\/\/lattes.cnpq.br\/9120262997600427\">tes.cnpq.br\/9120262997600427<\/a><\/p>\n<p><img loading=\"lazy\" decoding=\"async\" class=\" wp-image-248 aligncenter\" src=\"https:\/\/sites.usp.br\/lamom\/wp-content\/uploads\/sites\/1450\/2026\/03\/WhatsApp-Image-2026-03-24-at-10.52.01-272x300.jpeg\" alt=\"\" width=\"201\" height=\"222\" srcset=\"https:\/\/sites.usp.br\/lamom\/wp-content\/uploads\/sites\/1450\/2026\/03\/WhatsApp-Image-2026-03-24-at-10.52.01-272x300.jpeg 272w, https:\/\/sites.usp.br\/lamom\/wp-content\/uploads\/sites\/1450\/2026\/03\/WhatsApp-Image-2026-03-24-at-10.52.01.jpeg 456w\" sizes=\"(max-width: 201px) 100vw, 201px\" \/><\/p>\n<p style=\"text-align: center;\"><span style=\"font-weight: 400;\">Tatiane Leite Ramos<\/span><\/p>\n<p style=\"text-align: center;\"><span style=\"font-weight: 400;\">Descri\u00e7\u00e3o:<\/span><span style=\"font-weight: 400;\"> Bacharel em Oceanografia pelo Instituto Oceanogr\u00e1fico da Universidade de S\u00e3o Paulo (IOUSP, 2025), atualmente \u00e9 mestranda em Oceanografia Qu\u00edmica no mesmo Instituto. Sua pesquisa, entitulada\u00a0 \u201c<\/span><span style=\"font-weight: 400;\">Avalia\u00e7\u00e3o de merc\u00fario total (Hg<\/span><span style=\"font-weight: 400;\">T<\/span><span style=\"font-weight: 400;\">) e rela\u00e7\u00e3o com o n\u00edvel tr\u00f3fico em <\/span><i><span style=\"font-weight: 400;\">Euthynnus alletteratus <\/span><\/i><span style=\"font-weight: 400;\">(Rafinesque, 1810) <\/span><span style=\"font-weight: 400;\">no Atl\u00e2ntico Sul Ocidental.\u201d, busca avaliar as concentra\u00e7\u00f5es de merc\u00fario em <\/span><i><span style=\"font-weight: 400;\">Euthynnus alletteratus<\/span><\/i><span style=\"font-weight: 400;\">, esp\u00e9cie expressivamente comercializada no Brasil, comparar as macrorregi\u00f5es sudeste e nordeste e avaliar, por meio da t\u00e9cnica de is\u00f3topos est\u00e1veis de carbono e nitrog\u00eanio, a rela\u00e7\u00e3o que a esp\u00e9cie desenvolve com o habitat nessas regi\u00f5es.<\/span><\/p>\n<p style=\"text-align: center;\"><a href=\"https:\/\/lattes.cnpq.br\/9056817009519448\"><span style=\"font-weight: 400;\">\u00a0<\/span><span style=\"font-weight: 400;\">https:\/\/lattes.cnpq.br\/9056817009519448<\/span><\/a><\/p>\n<p><img loading=\"lazy\" decoding=\"async\" class=\" wp-image-252 aligncenter\" src=\"https:\/\/sites.usp.br\/lamom\/wp-content\/uploads\/sites\/1450\/2026\/03\/WhatsApp-Image-2026-03-27-at-11.29.45-292x300.jpeg\" alt=\"\" width=\"208\" height=\"214\" srcset=\"https:\/\/sites.usp.br\/lamom\/wp-content\/uploads\/sites\/1450\/2026\/03\/WhatsApp-Image-2026-03-27-at-11.29.45-292x300.jpeg 292w, https:\/\/sites.usp.br\/lamom\/wp-content\/uploads\/sites\/1450\/2026\/03\/WhatsApp-Image-2026-03-27-at-11.29.45-45x45.jpeg 45w, https:\/\/sites.usp.br\/lamom\/wp-content\/uploads\/sites\/1450\/2026\/03\/WhatsApp-Image-2026-03-27-at-11.29.45.jpeg 458w\" sizes=\"(max-width: 208px) 100vw, 208px\" \/><\/p>\n<p style=\"text-align: center;\">Ana Clara Gomes Franco<\/p>\n<p style=\"text-align: center;\">Ocean\u00f3grafa pelo Instituto Oceanogr\u00e1fico da Universidade de S\u00e3o Paulo &#8211; IOUSP, atualmente mestranda em Oceanografia pelo mesmo instituto, com a pesquisa voltada para a an\u00e1lise de elementos essenciais e elementos potencialmente t\u00f3xicos em pescados amplamente consumidos no estado de S\u00e3o Paulo, visando avaliar a qualidade e a seguran\u00e7a alimentar dos mesmos, em parceria com o N\u00facleo de Pesquisa Pescado para Sa\u00fade.<\/p>\n<p style=\"text-align: center;\"><a href=\"http:\/\/lattes.cnpq.br\/3660774127303432\">http:\/\/lattes.cnpq.br\/3660774127303432<\/a><\/p>\n<p style=\"text-align: center;\"><img loading=\"lazy\" decoding=\"async\" class=\"alignnone wp-image-184 aligncenter\" src=\"https:\/\/sites.usp.br\/lamom\/wp-content\/uploads\/sites\/1450\/2024\/12\/WhatsApp-Image-2024-12-05-at-10.40.02-296x300.jpeg\" alt=\"\" width=\"201\" height=\"204\" srcset=\"https:\/\/sites.usp.br\/lamom\/wp-content\/uploads\/sites\/1450\/2024\/12\/WhatsApp-Image-2024-12-05-at-10.40.02-296x300.jpeg 296w, https:\/\/sites.usp.br\/lamom\/wp-content\/uploads\/sites\/1450\/2024\/12\/WhatsApp-Image-2024-12-05-at-10.40.02-45x45.jpeg 45w, https:\/\/sites.usp.br\/lamom\/wp-content\/uploads\/sites\/1450\/2024\/12\/WhatsApp-Image-2024-12-05-at-10.40.02.jpeg 452w\" sizes=\"(max-width: 201px) 100vw, 201px\" \/><\/p>\n<p style=\"text-align: center;\">Martin Vicente Belz Fachetti<\/p>\n<p style=\"text-align: center;\">Graduando em Oceanografia pelo Instituto Oceanogr\u00e1fico da Universidade de S\u00e3o Paulo (IOUSP), possui t\u00e9cnico em meio ambiente pelo Instituto Federal do Esp\u00edrito Santo (Ifes). Atualmente \u00e9 bolsista PUB junto \u00e0 Comiss\u00e3o de Inclus\u00e3o e Pertencimento (CIP), com o intuito de levantar dados e refortalecer os coletivos de mulheres (Tethys), LGBTQIAPN+ (Euph\u00f3tica) e negro (Okun) do IOUSP.<\/p>\n<p style=\"text-align: center;\"><a href=\"http:\/\/lattes.cnpq.br\/0953970881089810\">http:\/\/lattes.cnpq.br\/0953970881089810<\/a><\/p>\n<p style=\"text-align: center;\"><img loading=\"lazy\" decoding=\"async\" class=\"aligncenter wp-image-208\" src=\"https:\/\/sites.usp.br\/lamom\/wp-content\/uploads\/sites\/1450\/2025\/05\/WhatsApp-Image-2025-05-20-at-10.20.51-300x288.jpeg\" alt=\"\" width=\"244\" height=\"234\" \/><\/p>\n<p style=\"text-align: center;\">Caio Alves Carvalho Andrade<\/p>\n<p style=\"text-align: center;\">Graduando em Oceanografia pelo IOUSP e aluno de Inicia\u00e7\u00e3o Cient\u00edfica (PIBIC) voltado para a bioacumula\u00e7\u00e3o de metais em pescados no litoral norte paulista com \u00eanfase em seguran\u00e7a alimentar.\u00a0 Atualmente desenvolve o trabalho de gradua\u00e7\u00e3o intitulado &#8220;Bioacumula\u00e7\u00e3o de metais em pescados no Litoral Norte de S\u00e3o Paulo (SP), Brasil&#8221;.<\/p>\n<p style=\"text-align: center;\"><a href=\"http:\/\/lattes.cnpq.br\/6130997472482293\">http:\/\/lattes.cnpq.br\/6130997472482293<\/a><\/p>\n<p style=\"text-align: center;\"><img loading=\"lazy\" decoding=\"async\" class=\"wp-image-217 aligncenter\" src=\"https:\/\/sites.usp.br\/lamom\/wp-content\/uploads\/sites\/1450\/2025\/09\/WhatsApp-Image-2025-09-18-at-13.34.44-1-293x300.jpeg\" alt=\"\" width=\"197\" height=\"202\" srcset=\"https:\/\/sites.usp.br\/lamom\/wp-content\/uploads\/sites\/1450\/2025\/09\/WhatsApp-Image-2025-09-18-at-13.34.44-1-293x300.jpeg 293w, https:\/\/sites.usp.br\/lamom\/wp-content\/uploads\/sites\/1450\/2025\/09\/WhatsApp-Image-2025-09-18-at-13.34.44-1-45x45.jpeg 45w, https:\/\/sites.usp.br\/lamom\/wp-content\/uploads\/sites\/1450\/2025\/09\/WhatsApp-Image-2025-09-18-at-13.34.44-1.jpeg 470w\" sizes=\"(max-width: 197px) 100vw, 197px\" \/><\/p>\n<p style=\"text-align: center;\">Jess\u00e9 Felipe de Oliveira Costa<\/p>\n<p style=\"text-align: center;\">Graduando em Oceanografia pelo Instituto Oceanogr\u00e1fico da Universidade de S\u00e3o Paulo (IOUSP), al\u00e9m de possuir forma\u00e7\u00e3o t\u00e9cnica em Qu\u00edmica pela Centro Estadual de Educa\u00e7\u00e3o Tecnol\u00f3gica Paula Souza. Atualmente \u00e9 bolsista PUB pesquisa com o projeto &#8220;Avalia\u00e7\u00e3o de merc\u00fario (Hg) e is\u00f3topos est\u00e1veis nitrog\u00eanio (\u03b4<sup>15<\/sup>N) na biota das APAMs Centro e Norte de S\u00e3o Paulo, Brasil&#8221;.<\/p>\n<p style=\"text-align: center;\"><a href=\"http:\/\/lattes.cnpq.br\/3581891676761316\">http:\/\/lattes.cnpq.br\/3581891676761316<\/a><\/p>\n<p style=\"text-align: center;\"><img loading=\"lazy\" decoding=\"async\" class=\"wp-image-218 aligncenter\" src=\"https:\/\/sites.usp.br\/lamom\/wp-content\/uploads\/sites\/1450\/2025\/09\/WhatsApp-Image-2025-09-18-at-13.34.44-300x288.jpeg\" alt=\"\" width=\"207\" height=\"199\" srcset=\"https:\/\/sites.usp.br\/lamom\/wp-content\/uploads\/sites\/1450\/2025\/09\/WhatsApp-Image-2025-09-18-at-13.34.44-300x288.jpeg 300w, https:\/\/sites.usp.br\/lamom\/wp-content\/uploads\/sites\/1450\/2025\/09\/WhatsApp-Image-2025-09-18-at-13.34.44.jpeg 496w\" sizes=\"(max-width: 207px) 100vw, 207px\" \/><\/p>\n<p>&nbsp;<\/p>\n<p style=\"text-align: center;\">Gabriela Colombo Gomes de Albuquerque Nunes<\/p>\n<p style=\"text-align: center;\">Graduanda em Oceanografia pelo Instituto Oceanogr\u00e1fico da Universidade de S\u00e3o Paulo (IOUSP). Atualmente \u00e9 bolsista PUB no projeto de extens\u00e3o &#8220;Metais em Pescados como subs\u00eddio \u00e0 gest\u00e3o nas APAMs Centro e Norte de S\u00e3o Paulo, Brasil&#8221;.<\/p>\n<p style=\"text-align: center;\"><a href=\"http:\/\/lattes.cnpq.br\/8376066408496025\">http:\/\/lattes.cnpq.br\/8376066408496025<\/a><\/p>\n<p>&nbsp;<\/p>\n<p style=\"text-align: center;\"><strong>Egressos<\/strong><\/p>\n<p style=\"text-align: center;\"><img loading=\"lazy\" decoding=\"async\" class=\"alignnone wp-image-180 aligncenter\" src=\"https:\/\/sites.usp.br\/lamom\/wp-content\/uploads\/sites\/1450\/2024\/09\/WhatsApp-Image-2024-09-17-at-09.40.19-293x300.jpeg\" alt=\"\" width=\"202\" height=\"207\" srcset=\"https:\/\/sites.usp.br\/lamom\/wp-content\/uploads\/sites\/1450\/2024\/09\/WhatsApp-Image-2024-09-17-at-09.40.19-293x300.jpeg 293w, https:\/\/sites.usp.br\/lamom\/wp-content\/uploads\/sites\/1450\/2024\/09\/WhatsApp-Image-2024-09-17-at-09.40.19-45x45.jpeg 45w, https:\/\/sites.usp.br\/lamom\/wp-content\/uploads\/sites\/1450\/2024\/09\/WhatsApp-Image-2024-09-17-at-09.40.19.jpeg 406w\" sizes=\"(max-width: 202px) 100vw, 202px\" \/><\/p>\n<p style=\"text-align: center;\">Ana Carolina Lobo Furlan<\/p>\n<p style=\"text-align: center;\">Graduanda em Qu\u00edmica pelo IQUSP, foi volunt\u00e1ria no projeto de pesquisa &#8220;Metais em pescados: monitoramento ambiental e seguran\u00e7a alimentar nas \u00c1reas de Prote\u00e7\u00e3o Ambiental Marinhas do Estado de S\u00e3o Paulo, Brasil&#8221;, na \u00e1rea de monitoramento ambiental e seguran\u00e7a alimentar.<\/p>\n<p style=\"text-align: center;\"><a href=\"http:\/\/lattes.cnpq.br\/4117709567863482\">http:\/\/lattes.cnpq.br\/4117709567863482<\/a><\/p>\n<p style=\"text-align: center;\"><img loading=\"lazy\" decoding=\"async\" class=\"wp-image-116 aligncenter\" src=\"https:\/\/sites.usp.br\/lamom\/wp-content\/uploads\/sites\/1450\/2024\/04\/WhatsApp-Image-2024-04-05-at-9.51.44-AM-300x300.jpeg\" alt=\"\" width=\"282\" height=\"282\" srcset=\"https:\/\/sites.usp.br\/lamom\/wp-content\/uploads\/sites\/1450\/2024\/04\/WhatsApp-Image-2024-04-05-at-9.51.44-AM-300x300.jpeg 300w, https:\/\/sites.usp.br\/lamom\/wp-content\/uploads\/sites\/1450\/2024\/04\/WhatsApp-Image-2024-04-05-at-9.51.44-AM-150x150.jpeg 150w, https:\/\/sites.usp.br\/lamom\/wp-content\/uploads\/sites\/1450\/2024\/04\/WhatsApp-Image-2024-04-05-at-9.51.44-AM-45x45.jpeg 45w, https:\/\/sites.usp.br\/lamom\/wp-content\/uploads\/sites\/1450\/2024\/04\/WhatsApp-Image-2024-04-05-at-9.51.44-AM.jpeg 563w\" sizes=\"(max-width: 282px) 100vw, 282px\" \/><\/p>\n<p style=\"text-align: center;\">Esther\u00a0Calochorios Litvac<\/p>\n<p style=\"text-align: center;\">Graduada em Oceanografia pelo Instituto Oceanogr\u00e1fico da Universidade de S\u00e3o Paulo (IOUSP). Desenvolveu o trabalho de gradua\u00e7\u00e3o intitulado &#8220;Avalia\u00e7\u00e3o de metais em Lulas (<em>Doryteuthis sanpaulensis<\/em>) de Canan\u00e9ia e Ilhabela, S\u00e3o Paulo para seguran\u00e7a alimentar&#8221;.<\/p>\n<p style=\"text-align: center;\"><a href=\"http:\/\/lattes.cnpq.br\/9801761863500444\">http:\/\/lattes.cnpq.br\/9801761863500444<\/a><\/p>\n<p style=\"text-align: center;\"><img loading=\"lazy\" decoding=\"async\" class=\" wp-image-173 aligncenter\" src=\"https:\/\/sites.usp.br\/lamom\/wp-content\/uploads\/sites\/1450\/2024\/09\/WhatsApp-Image-2024-09-16-at-12.43.12-300x284.jpeg\" alt=\"\" width=\"243\" height=\"230\" srcset=\"https:\/\/sites.usp.br\/lamom\/wp-content\/uploads\/sites\/1450\/2024\/09\/WhatsApp-Image-2024-09-16-at-12.43.12-300x284.jpeg 300w, https:\/\/sites.usp.br\/lamom\/wp-content\/uploads\/sites\/1450\/2024\/09\/WhatsApp-Image-2024-09-16-at-12.43.12.jpeg 498w\" sizes=\"(max-width: 243px) 100vw, 243px\" \/><\/p>\n<p style=\"text-align: center;\">Camile Biz Chiodini<\/p>\n<p style=\"text-align: center;\">Graduanda em Oceanografia pelo Instituto Oceanogr\u00e1fico da Universidade de S\u00e3o Paulo (IOUSP). Tem experi\u00eancia e interesse nas \u00e1reas de Oceanografia F\u00edsica e Qu\u00edmica, e possui t\u00e9cnico em qu\u00edmica pelo Instituto Federal de Santa Catarina (IFSC). Desenvolveu o trabalho de gradua\u00e7\u00e3o intitulado &#8220;Biomagnificac\u0327a\u0303o de merc\u00fario (Hg) em organismos no Complexo Estuarino Lagunar de Canan\u00e9ia-Iguape, S\u00e3o Paulo, Brasil&#8221;<\/p>\n<p style=\"text-align: center;\"><a href=\"https:\/\/lattes.cnpq.br\/1889176776277314\">https:\/\/lattes.cnpq.br\/1889176776277314<\/a><\/p>\n","protected":false},"excerpt":{"rendered":"<p>Profa. Dra. Tailisi Hoppe Trevizani Possui gradua\u00e7\u00e3o em Oceanografia com habilita\u00e7\u00e3o em Pesquisa Oceanogr\u00e1fica pela Universidade Federal do Paran\u00e1 (2011), mestrado em Oceanografia Qu\u00edmica (2014) e doutorado em Ci\u00eancias &#8211; Oceanografia Qu\u00edmica (2018) pela Universidade de S\u00e3o Paulo. Realizou p\u00f3s-doutorados no Instituto Oceanogr\u00e1fico da Universidade de S\u00e3o Paulo (IOUSP) entre 2018 e 2022. Atualmente \u00e9 [&hellip;]<\/p>\n","protected":false},"author":23971,"featured_media":0,"parent":0,"menu_order":0,"comment_status":"closed","ping_status":"closed","template":"","meta":{"ocean_post_layout":"","ocean_both_sidebars_style":"","ocean_both_sidebars_content_width":0,"ocean_both_sidebars_sidebars_width":0,"ocean_sidebar":"0","ocean_second_sidebar":"0","ocean_disable_margins":"enable","ocean_add_body_class":"","ocean_shortcode_before_top_bar":"","ocean_shortcode_after_top_bar":"","ocean_shortcode_before_header":"","ocean_shortcode_after_header":"","ocean_has_shortcode":"","ocean_shortcode_after_title":"","ocean_shortcode_before_footer_widgets":"","ocean_shortcode_after_footer_widgets":"","ocean_shortcode_before_footer_bottom":"","ocean_shortcode_after_footer_bottom":"","ocean_display_top_bar":"default","ocean_display_header":"default","ocean_header_style":"","ocean_center_header_left_menu":"0","ocean_custom_header_template":"0","ocean_custom_logo":0,"ocean_custom_retina_logo":0,"ocean_custom_logo_max_width":0,"ocean_custom_logo_tablet_max_width":0,"ocean_custom_logo_mobile_max_width":0,"ocean_custom_logo_max_height":0,"ocean_custom_logo_tablet_max_height":0,"ocean_custom_logo_mobile_max_height":0,"ocean_header_custom_menu":"0","ocean_menu_typo_font_family":"0","ocean_menu_typo_font_subset":"","ocean_menu_typo_font_size":0,"ocean_menu_typo_font_size_tablet":0,"ocean_menu_typo_font_size_mobile":0,"ocean_menu_typo_font_size_unit":"px","ocean_menu_typo_font_weight":"","ocean_menu_typo_font_weight_tablet":"","ocean_menu_typo_font_weight_mobile":"","ocean_menu_typo_transform":"","ocean_menu_typo_transform_tablet":"","ocean_menu_typo_transform_mobile":"","ocean_menu_typo_line_height":0,"ocean_menu_typo_line_height_tablet":0,"ocean_menu_typo_line_height_mobile":0,"ocean_menu_typo_line_height_unit":"","ocean_menu_typo_spacing":0,"ocean_menu_typo_spacing_tablet":0,"ocean_menu_typo_spacing_mobile":0,"ocean_menu_typo_spacing_unit":"","ocean_menu_link_color":"","ocean_menu_link_color_hover":"","ocean_menu_link_color_active":"","ocean_menu_link_background":"","ocean_menu_link_hover_background":"","ocean_menu_link_active_background":"","ocean_menu_social_links_bg":"","ocean_menu_social_hover_links_bg":"","ocean_menu_social_links_color":"","ocean_menu_social_hover_links_color":"","ocean_disable_title":"default","ocean_disable_heading":"default","ocean_post_title":"","ocean_post_subheading":"","ocean_post_title_style":"","ocean_post_title_background_color":"","ocean_post_title_background":0,"ocean_post_title_bg_image_position":"","ocean_post_title_bg_image_attachment":"","ocean_post_title_bg_image_repeat":"","ocean_post_title_bg_image_size":"","ocean_post_title_height":0,"ocean_post_title_bg_overlay":0.5,"ocean_post_title_bg_overlay_color":"","ocean_disable_breadcrumbs":"default","ocean_breadcrumbs_color":"","ocean_breadcrumbs_separator_color":"","ocean_breadcrumbs_links_color":"","ocean_breadcrumbs_links_hover_color":"","ocean_display_footer_widgets":"default","ocean_display_footer_bottom":"default","ocean_custom_footer_template":"0","footnotes":"","_links_to":"","_links_to_target":""},"class_list":["post-24","page","type-page","status-publish","hentry","entry"],"_links":{"self":[{"href":"https:\/\/sites.usp.br\/lamom\/wp-json\/wp\/v2\/pages\/24","targetHints":{"allow":["GET"]}}],"collection":[{"href":"https:\/\/sites.usp.br\/lamom\/wp-json\/wp\/v2\/pages"}],"about":[{"href":"https:\/\/sites.usp.br\/lamom\/wp-json\/wp\/v2\/types\/page"}],"author":[{"embeddable":true,"href":"https:\/\/sites.usp.br\/lamom\/wp-json\/wp\/v2\/users\/23971"}],"replies":[{"embeddable":true,"href":"https:\/\/sites.usp.br\/lamom\/wp-json\/wp\/v2\/comments?post=24"}],"version-history":[{"count":4,"href":"https:\/\/sites.usp.br\/lamom\/wp-json\/wp\/v2\/pages\/24\/revisions"}],"predecessor-version":[{"id":254,"href":"https:\/\/sites.usp.br\/lamom\/wp-json\/wp\/v2\/pages\/24\/revisions\/254"}],"wp:attachment":[{"href":"https:\/\/sites.usp.br\/lamom\/wp-json\/wp\/v2\/media?parent=24"}],"curies":[{"name":"wp","href":"https:\/\/api.w.org\/{rel}","templated":true}]}}