{"id":1308,"date":"2022-10-25T14:47:08","date_gmt":"2022-10-25T17:47:08","guid":{"rendered":"https:\/\/sites.usp.br\/lamus-each\/?page_id=1308"},"modified":"2024-03-25T15:58:03","modified_gmt":"2024-03-25T18:58:03","slug":"grupos-de-estudo-e-trabalho","status":"publish","type":"page","link":"https:\/\/sites.usp.br\/lamus-each\/grupos-de-estudo-e-trabalho\/","title":{"rendered":"Grupos de Estudos"},"content":{"rendered":"<p style=\"text-align: justify;\">O LAMUS possui grupos de estudo e de trabalho que se reunem semanalmente para consolida\u00e7\u00e3o dos conte\u00fados e saberes produzidos pelos membros do laborat\u00f3rio.<\/p>\n<p>Al\u00e9m disso, os grupos produzem constantes atualiza\u00e7\u00f5es te\u00f3ricas com apresenta\u00e7\u00f5es em congressos, simp\u00f3sios e outros eventos importantes.<\/p>\n<p>Todos os grupos s\u00e3o supervisionados pelo coordenador do laborat\u00f3rio Di\u00f3snio Machado Neto.<\/p>\n<h2>Grupos da linha: M\u00fasica, Mem\u00f3ria e Cultura Popular<\/h2>\n<ul>\n<li style=\"font-weight: 400;\" aria-level=\"2\"><span style=\"font-weight: 400;\">GE M\u00fasica e Cultura Popular<\/span>\n<ul>\n<li style=\"font-weight: 400;\" aria-level=\"3\"><span style=\"font-weight: 400;\">Coordena\u00e7\u00e3o: Soraia<\/span><\/li>\n<li style=\"font-weight: 400;\" aria-level=\"3\"><span style=\"font-weight: 400;\">Reuni\u00e3o on-line e quinzenal<\/span><\/li>\n<\/ul>\n<\/li>\n<li style=\"font-weight: 400;\" aria-level=\"2\"><span style=\"font-weight: 400;\">GE Bandas<\/span>\n<ul>\n<li style=\"font-weight: 400;\" aria-level=\"3\"><span style=\"font-weight: 400;\">Coordena\u00e7\u00e3o: Aldo Luiz Leoni<\/span><\/li>\n<li style=\"font-weight: 400;\" aria-level=\"3\"><span style=\"font-weight: 400;\">Reuni\u00e3o on-line e quinzenal<\/span><\/li>\n<\/ul>\n<\/li>\n<li style=\"font-weight: 400;\" aria-level=\"2\"><span style=\"font-weight: 400;\">GE Rock\u00a0<\/span>\n<ul>\n<li style=\"font-weight: 400;\" aria-level=\"3\"><span style=\"font-weight: 400;\">Coordena\u00e7\u00e3o: Fernando Tavares<\/span><\/li>\n<li style=\"font-weight: 400;\" aria-level=\"3\"><span style=\"font-weight: 400;\">Reuni\u00e3o on-line e quinzenal<\/span><\/li>\n<\/ul>\n<\/li>\n<li style=\"font-weight: 400;\" aria-level=\"2\"><span style=\"font-weight: 400;\">GE Mulheres Negras na M\u00fasica <\/span>\n<ul>\n<li style=\"font-weight: 400;\" aria-level=\"3\"><span style=\"font-weight: 400;\">Coordena\u00e7\u00e3o: Helleny Nobre<\/span><\/li>\n<li aria-level=\"3\">Reuni\u00e3o on-line e quinzenal<\/li>\n<\/ul>\n<\/li>\n<\/ul>\n<h2>Grupos da linha: Significa\u00e7\u00e3o Musical<\/h2>\n<ul>\n<li style=\"font-weight: 400;\" aria-level=\"1\"><span style=\"font-weight: 400;\">GE Significa\u00e7\u00e3o Musical<\/span>\n<ul>\n<li style=\"font-weight: 400;\" aria-level=\"2\"><span style=\"font-weight: 400;\">Coordena\u00e7\u00e3o: Di\u00f3snio Machado Neto<\/span><\/li>\n<li style=\"font-weight: 400;\" aria-level=\"2\"><span style=\"font-weight: 400;\">Reuni\u00e3o on-line e quinzenal<\/span><\/li>\n<\/ul>\n<\/li>\n<li style=\"font-weight: 400;\" aria-level=\"2\"><span style=\"font-weight: 400;\">GE An\u00e1lises\u00a0<\/span>\n<ul>\n<li style=\"font-weight: 400;\" aria-level=\"3\"><span style=\"font-weight: 400;\">Coordena\u00e7\u00e3o: Fernando Tavares e Gustavo Caum e Silva<\/span><\/li>\n<li style=\"font-weight: 400;\" aria-level=\"3\"><span style=\"font-weight: 400;\">Reuni\u00e3o presencial e semanal<\/span><\/li>\n<\/ul>\n<\/li>\n<li style=\"font-weight: 400;\" aria-level=\"2\"><span style=\"font-weight: 400;\">GE Teoria Musical (revis\u00e3o e consolida\u00e7\u00e3o dos princ\u00edpios da teoria musical)<\/span>\n<ul>\n<li style=\"font-weight: 400;\" aria-level=\"3\"><span style=\"font-weight: 400;\">Coordena\u00e7\u00e3o: Fernando Tavares e Gustavo Caum e Silva<\/span><\/li>\n<li style=\"font-weight: 400;\" aria-level=\"3\"><span style=\"font-weight: 400;\">Reuni\u00e3o on-line e semanal<\/span><\/li>\n<\/ul>\n<\/li>\n<\/ul>\n<h2>Teorias de Transcultura\u00e7\u00e3o<\/h2>\n<h2>Grupos de Trabalho<\/h2>\n<ul>\n<li style=\"font-weight: 400;\" aria-level=\"3\"><span style=\"font-weight: 400;\">Coordena\u00e7\u00e3o e atividades: Aldo Luiz Leoni, Caio Azevedo, Fernando Tavares e Gustavo Caum e Silva.<\/span>\n<ul>\n<li style=\"font-weight: 400;\" aria-level=\"3\"><span style=\"font-weight: 400;\">Site e Divulga\u00e7\u00e3o de resultados<\/span><\/li>\n<li style=\"font-weight: 400;\" aria-level=\"3\"><span style=\"font-weight: 400;\">Congressos e Simp\u00f3sios<\/span><\/li>\n<li style=\"font-weight: 400;\" aria-level=\"3\">Livros e Publica\u00e7\u00f5es<\/li>\n<\/ul>\n<\/li>\n<\/ul>\n","protected":false},"excerpt":{"rendered":"<p>O LAMUS possui grupos de estudo e de trabalho que se reunem semanalmente para consolida\u00e7\u00e3o dos conte\u00fados e saberes produzidos pelos membros do laborat\u00f3rio. Al\u00e9m disso, os grupos produzem constantes atualiza\u00e7\u00f5es te\u00f3ricas com apresenta\u00e7\u00f5es em congressos, simp\u00f3sios e outros eventos &hellip; <a href=\"https:\/\/sites.usp.br\/lamus-each\/grupos-de-estudo-e-trabalho\/\">Continue reading <span class=\"meta-nav\">&rarr;<\/span><\/a><\/p>\n","protected":false},"author":1246,"featured_media":0,"parent":0,"menu_order":0,"comment_status":"closed","ping_status":"closed","template":"","meta":{"footnotes":"","_links_to":"","_links_to_target":""},"class_list":["post-1308","page","type-page","status-publish","hentry"],"_links":{"self":[{"href":"https:\/\/sites.usp.br\/lamus-each\/wp-json\/wp\/v2\/pages\/1308","targetHints":{"allow":["GET"]}}],"collection":[{"href":"https:\/\/sites.usp.br\/lamus-each\/wp-json\/wp\/v2\/pages"}],"about":[{"href":"https:\/\/sites.usp.br\/lamus-each\/wp-json\/wp\/v2\/types\/page"}],"author":[{"embeddable":true,"href":"https:\/\/sites.usp.br\/lamus-each\/wp-json\/wp\/v2\/users\/1246"}],"replies":[{"embeddable":true,"href":"https:\/\/sites.usp.br\/lamus-each\/wp-json\/wp\/v2\/comments?post=1308"}],"version-history":[{"count":4,"href":"https:\/\/sites.usp.br\/lamus-each\/wp-json\/wp\/v2\/pages\/1308\/revisions"}],"predecessor-version":[{"id":1366,"href":"https:\/\/sites.usp.br\/lamus-each\/wp-json\/wp\/v2\/pages\/1308\/revisions\/1366"}],"wp:attachment":[{"href":"https:\/\/sites.usp.br\/lamus-each\/wp-json\/wp\/v2\/media?parent=1308"}],"curies":[{"name":"wp","href":"https:\/\/api.w.org\/{rel}","templated":true}]}}