{"id":515,"date":"2024-02-19T22:27:59","date_gmt":"2024-02-20T00:27:59","guid":{"rendered":"https:\/\/sites.usp.br\/lanem\/?page_id=515"},"modified":"2024-02-22T16:30:13","modified_gmt":"2024-02-22T18:30:13","slug":"fundings","status":"publish","type":"page","link":"https:\/\/sites.usp.br\/lanem\/fundings\/","title":{"rendered":"Fundings"},"content":{"rendered":"\t\t<div data-elementor-type=\"wp-page\" data-elementor-id=\"515\" class=\"elementor elementor-515\" data-elementor-post-type=\"page\">\n\t\t\t\t\t\t<section class=\"elementor-section elementor-top-section elementor-element elementor-element-cb5069c elementor-section-boxed elementor-section-height-default elementor-section-height-default\" data-id=\"cb5069c\" data-element_type=\"section\">\n\t\t\t\t\t\t<div class=\"elementor-container elementor-column-gap-default\">\n\t\t\t\t\t<div class=\"elementor-column elementor-col-100 elementor-top-column elementor-element elementor-element-6d3d178\" data-id=\"6d3d178\" data-element_type=\"column\">\n\t\t\t<div class=\"elementor-widget-wrap elementor-element-populated\">\n\t\t\t\t\t\t<div class=\"elementor-element elementor-element-8f7007c elementor-widget elementor-widget-heading\" data-id=\"8f7007c\" data-element_type=\"widget\" data-widget_type=\"heading.default\">\n\t\t\t\t<div class=\"elementor-widget-container\">\n\t\t\t<h2 class=\"elementor-heading-title elementor-size-default\">Fundings<\/h2>\t\t<\/div>\n\t\t\t\t<\/div>\n\t\t\t\t<div class=\"elementor-element elementor-element-2d3570c elementor-widget elementor-widget-text-editor\" data-id=\"2d3570c\" data-element_type=\"widget\" data-widget_type=\"text-editor.default\">\n\t\t\t\t<div class=\"elementor-widget-container\">\n\t\t\t\t\t\t\t<p><strong>Sistema nervoso central como um alvo do horm\u00f4nio do crescimento para a regula\u00e7\u00e3o de m\u00faltiplas fun\u00e7\u00f5es biol\u00f3gicas<\/strong><\/p><p><span style=\"font-weight: 400;\">Modalidade de apoio:<\/span> <span style=\"font-weight: 400;\">Aux\u00edlio \u00e0 Pesquisa \u2013 Tem\u00e1tico FAPESP<\/span><\/p><p><span style=\"font-weight: 400;\">Processo:<\/span> <span style=\"font-weight: 400;\">2020\/01318-8<\/span><\/p><p><span style=\"font-weight: 400;\">Vig\u00eancia:<\/span> <span style=\"font-weight: 400;\">01 de outubro de 2020 &#8211; 30 de setembro de 2025<\/span><\/p><p><span style=\"font-weight: 400;\">Fun\u00e7\u00e3o: Coordenador\/Pesquisador Respons\u00e1vel<\/span><\/p><p>\u00a0<\/p><p><strong>CMPO &#8211; Centro Multidisciplinar de Pesquisa em Obesidade e Doen\u00e7as Associadas<\/strong><\/p><p><span style=\"font-weight: 400;\">Modalidade de apoio:<\/span> <span style=\"font-weight: 400;\">Aux\u00edlio \u00e0 Pesquisa &#8211; Centros de Pesquisa, Inova\u00e7\u00e3o e Difus\u00e3o \u2013 CEPID FAPESP<\/span><\/p><p><span style=\"font-weight: 400;\">Vig\u00eancia:<\/span> <span style=\"font-weight: 400;\">01 de junho de 2013 &#8211; 31 de maio de 2024<\/span><\/p><p><span style=\"font-weight: 400;\">Processo:<\/span> <span style=\"font-weight: 400;\">2013\/07607-8<\/span><\/p><p><span style=\"font-weight: 400;\">Fun\u00e7\u00e3o: Pesquisador Principal<\/span><\/p><p>\u00a0<\/p><p><strong>Novas fronteiras em fisiologia end\u00f3crina<\/strong><\/p><p><span style=\"font-weight: 400;\">Modalidade de apoio:<\/span> <span style=\"font-weight: 400;\">Aux\u00edlio \u00e0 Pesquisa &#8211; Universal 2023 \u2013 CNPq<\/span><\/p><p><span style=\"font-weight: 400;\">Vig\u00eancia:<\/span> <span style=\"font-weight: 400;\">23 de novembro de 2023 &#8211; 22 de novembro de 2026<\/span><\/p><p><span style=\"font-weight: 400;\">Processo:<\/span> <span style=\"font-weight: 400;\">404393\/2023-3<\/span><\/p><p><span style=\"font-weight: 400;\">Fun\u00e7\u00e3o: Coordenador\/Pesquisador Respons\u00e1vel<\/span><\/p>\t\t\t\t\t\t<\/div>\n\t\t\t\t<\/div>\n\t\t\t\t\t<\/div>\n\t\t<\/div>\n\t\t\t\t\t<\/div>\n\t\t<\/section>\n\t\t\t\t<section class=\"elementor-section elementor-top-section elementor-element elementor-element-0e71d80 elementor-section-boxed elementor-section-height-default elementor-section-height-default\" data-id=\"0e71d80\" data-element_type=\"section\">\n\t\t\t\t\t\t<div class=\"elementor-container elementor-column-gap-default\">\n\t\t\t\t\t<div class=\"elementor-column elementor-col-100 elementor-top-column elementor-element elementor-element-879b58e\" data-id=\"879b58e\" data-element_type=\"column\">\n\t\t\t<div class=\"elementor-widget-wrap elementor-element-populated\">\n\t\t\t\t\t\t<div class=\"elementor-element elementor-element-aa0a9fa elementor-widget elementor-widget-text-editor\" data-id=\"aa0a9fa\" data-element_type=\"widget\" data-widget_type=\"text-editor.default\">\n\t\t\t\t<div class=\"elementor-widget-container\">\n\t\t\t\t\t\t\t<p><strong>Informa\u00e7\u00f5es adicionais sobre fundings:<\/strong><\/p>\t\t\t\t\t\t<\/div>\n\t\t\t\t<\/div>\n\t\t\t\t<div class=\"elementor-element elementor-element-5e605ea elementor-widget__width-initial elementor-view-default elementor-widget elementor-widget-icon\" data-id=\"5e605ea\" data-element_type=\"widget\" data-widget_type=\"icon.default\">\n\t\t\t\t<div class=\"elementor-widget-container\">\n\t\t\t\t\t<div class=\"elementor-icon-wrapper\">\n\t\t\t<a class=\"elementor-icon\" href=\"https:\/\/bv.fapesp.br\/pt\/pesquisador\/64998\/jose-donato-junior\" target=\"_blank\">\n\t\t\t<svg xmlns=\"http:\/\/www.w3.org\/2000\/svg\" viewBox=\"0 0 1287.55 283.47\"><title>Ativo 1logo fapesp em preto<\/title><g id=\"Camada_2\" data-name=\"Camada 2\"><g id=\"Camada_1-2\" data-name=\"Camada 1\"><path d=\"M207.8,137.19c9.59-32.27,19.18-64.55,29.26-96.83C214.36,16.65,189.65,0,159.9,0,129.63,0,95.33,16.65,58,40.36Q43.63,88.78,29.26,137.19C19.18,169.47,9.59,201.76,0,234.53c36.82-23.19,71.12-38.83,100.89-38.83,30.25,0,55,15.64,77.67,38.83,9.57-32.77,19.65-65.06,29.24-97.34\"><\/path><path d=\"M823.13,175.53a76.55,76.55,0,0,0,11.6-24.22c7.06-22.69,4.54-39.84-7.05-50.94-1-1.51-2.54-2.51-4.55-4-11.1-8.07-30.76-12.61-57.5-12.61H694.52L637,278.92v.5H704.1l19.17-65.06h13.62c6.05,0,12.1-.5,18.16-1,17.14-2.52,32.27-7.56,45.39-16.13a77.85,77.85,0,0,0,22.69-21.69M772.7,147.28a25.09,25.09,0,0,1-12.1,16.14,19.19,19.19,0,0,1-5.55,2.52c-5,2-11.1,3-18.67,3L749,125.6h6.06c7.05.5,12.6,2,15.63,5.55,3.53,3.52,4,9.07,2,16.13\"><\/path><polygon points=\"486.22 179.05 491.77 159.38 446.38 159.38 454.44 131.15 506.38 131.15 520.52 83.73 402.92 83.73 415.11 40.86 238.07 40.86 401.14 84.88 357.6 234.54 177.04 234.54 344.49 279.42 411.07 279.42 432.76 205.78 478.15 205.78 486.22 179.05\"><\/polygon><path d=\"M1276.56,100.37c-11.1-11.09-32.28-16.64-62.53-16.64h-71.12l-39.85,136.18-17.65,59.51h67.07l19.18-65.06h13.62c6,0,12.1-.5,18.15-1,17.16-2.52,32.28-7.56,45.39-16.13,17.65-11.11,29.26-26.24,34.81-45.91,7-22.69,4.53-39.84-7.07-50.94m-55.48,46.91c-2.53,7.57-6,12.61-12.1,16.14a19.07,19.07,0,0,1-5.55,2.52c-5,2-11.1,3-18.67,3l12.62-43.37h6c7.06.5,12.61,2,15.63,5.55,3.54,3.52,4,9.07,2,16.13\"><\/path><path d=\"M1091,190.16c-3.54-8.58-13.62-19.18-29.75-32.29,0-.5-.52-.5-1.53-1.51-9.07-7.06-13.1-13.11-11.59-18.16a14.6,14.6,0,0,1,7.05-8.57,26.74,26.74,0,0,1,13.12-3.53c6.06,0,11.6,1.52,18.16,4a114.92,114.92,0,0,1,16.64,9.57,5,5,0,0,0,2.53,2l14.61-50.44a121.11,121.11,0,0,0-17.14-6.56c-3-.5-5.55-1.5-8.07-2a111.81,111.81,0,0,0-25.72-3c-21.69,0-40.86,5.55-57.51,16.15C994.63,106.42,984,120.05,979,136.69c-2.52,9.58-2.52,18.66.51,26.73,3.53,8.58,13.12,20.18,28.76,35.3a.49.49,0,0,0,.49.51c8.58,9.08,12.62,15.64,11.09,20.17a15.65,15.65,0,0,1-8.07,10.1,25.85,25.85,0,0,1-14.11,4c-6,0-12.61-2-19.67-5a124.51,124.51,0,0,1-15.64-9.09,31.76,31.76,0,0,1-6.56-5l-16.13,54a114.45,114.45,0,0,0,22.69,10.59c.5.5,1.52.5,2,1a117.71,117.71,0,0,0,26.73,3.54c24.72,0,45.91-6.07,64.06-17.66s30.27-26.74,35.82-45.9c3.53-11.6,3-21.19,0-29.75\"><\/path><polygon points=\"890.22 228.99 898.28 201.76 944.68 201.76 958.31 156.36 911.39 156.36 918.96 131.15 970.41 131.15 984.52 83.73 865.5 83.73 823.13 227.48 808.5 279.42 927.03 279.42 942.16 228.99 890.22 228.99\"><\/polygon><path d=\"M637,83.73H561.87L486.22,218.4l-34.3,61H517l13.62-28.74h39.85l-3.53,28.74H632l5-192.16ZM575.5,211.33H548.76L565.91,175l17.14-36.31Z\"><\/path><\/g><\/g><\/svg>\t\t\t<\/a>\n\t\t<\/div>\n\t\t\t\t<\/div>\n\t\t\t\t<\/div>\n\t\t\t\t\t<\/div>\n\t\t<\/div>\n\t\t\t\t\t<\/div>\n\t\t<\/section>\n\t\t\t\t<\/div>\n\t\t","protected":false},"excerpt":{"rendered":"<p>Fundings Sistema nervoso central como um alvo do horm\u00f4nio do crescimento para a regula\u00e7\u00e3o de m\u00faltiplas fun\u00e7\u00f5es biol\u00f3gicas Modalidade de apoio: Aux\u00edlio \u00e0 Pesquisa \u2013 Tem\u00e1tico FAPESP Processo: 2020\/01318-8 Vig\u00eancia: 01 de outubro de 2020 &#8211; 30 de setembro de 2025 Fun\u00e7\u00e3o: Coordenador\/Pesquisador Respons\u00e1vel \u00a0 CMPO &#8211; Centro Multidisciplinar de Pesquisa em Obesidade e Doen\u00e7as [&hellip;]<\/p>\n","protected":false},"author":23866,"featured_media":0,"parent":0,"menu_order":0,"comment_status":"closed","ping_status":"closed","template":"elementor_header_footer","meta":{"footnotes":"","_links_to":"","_links_to_target":""},"class_list":["post-515","page","type-page","status-publish","hentry"],"_links":{"self":[{"href":"https:\/\/sites.usp.br\/lanem\/wp-json\/wp\/v2\/pages\/515","targetHints":{"allow":["GET"]}}],"collection":[{"href":"https:\/\/sites.usp.br\/lanem\/wp-json\/wp\/v2\/pages"}],"about":[{"href":"https:\/\/sites.usp.br\/lanem\/wp-json\/wp\/v2\/types\/page"}],"author":[{"embeddable":true,"href":"https:\/\/sites.usp.br\/lanem\/wp-json\/wp\/v2\/users\/23866"}],"replies":[{"embeddable":true,"href":"https:\/\/sites.usp.br\/lanem\/wp-json\/wp\/v2\/comments?post=515"}],"version-history":[{"count":4,"href":"https:\/\/sites.usp.br\/lanem\/wp-json\/wp\/v2\/pages\/515\/revisions"}],"predecessor-version":[{"id":834,"href":"https:\/\/sites.usp.br\/lanem\/wp-json\/wp\/v2\/pages\/515\/revisions\/834"}],"wp:attachment":[{"href":"https:\/\/sites.usp.br\/lanem\/wp-json\/wp\/v2\/media?parent=515"}],"curies":[{"name":"wp","href":"https:\/\/api.w.org\/{rel}","templated":true}]}}