{"id":621,"date":"2024-02-20T12:49:42","date_gmt":"2024-02-20T14:49:42","guid":{"rendered":"https:\/\/sites.usp.br\/lanem\/?page_id=621"},"modified":"2024-05-14T08:31:31","modified_gmt":"2024-05-14T10:31:31","slug":"eventos-e-seminarios","status":"publish","type":"page","link":"https:\/\/sites.usp.br\/lanem\/eventos-e-seminarios\/","title":{"rendered":"Eventos"},"content":{"rendered":"\t\t<div data-elementor-type=\"wp-page\" data-elementor-id=\"621\" class=\"elementor elementor-621\" data-elementor-post-type=\"page\">\n\t\t\t\t\t\t<section class=\"elementor-section elementor-top-section elementor-element elementor-element-42499ad elementor-section-boxed elementor-section-height-default elementor-section-height-default\" data-id=\"42499ad\" data-element_type=\"section\">\n\t\t\t\t\t\t<div class=\"elementor-container elementor-column-gap-default\">\n\t\t\t\t\t<div class=\"elementor-column elementor-col-100 elementor-top-column elementor-element elementor-element-19e202b\" data-id=\"19e202b\" data-element_type=\"column\">\n\t\t\t<div class=\"elementor-widget-wrap elementor-element-populated\">\n\t\t\t\t\t\t<div class=\"elementor-element elementor-element-520b1e7 elementor-widget elementor-widget-heading\" data-id=\"520b1e7\" data-element_type=\"widget\" data-widget_type=\"heading.default\">\n\t\t\t\t<div class=\"elementor-widget-container\">\n\t\t\t<h2 class=\"elementor-heading-title elementor-size-default\">Eventos<\/h2>\t\t<\/div>\n\t\t\t\t<\/div>\n\t\t\t\t<div class=\"elementor-element elementor-element-8520f2c elementor-widget elementor-widget-text-editor\" data-id=\"8520f2c\" data-element_type=\"widget\" data-widget_type=\"text-editor.default\">\n\t\t\t\t<div class=\"elementor-widget-container\">\n\t\t\t\t\t\t\t<ul><li><strong>Ci\u00eancia com Caf\u00e9<\/strong><br \/>Semin\u00e1rios cient\u00edficos realizados quinzenalmente no Departamento de Fisiologia e Biof\u00edsica (ICB\/USP) \u00e0s 15:00 nas sextas-feiras. \u00c9 servido um caf\u00e9 com comidinhas na sequ\u00eancia. Local: Pr\u00e9dio ICB I, Av. Prof. Lineu Prestes, 1524, 1\u00ba andar (Salas de aula).<\/li><\/ul>\t\t\t\t\t\t<\/div>\n\t\t\t\t<\/div>\n\t\t\t\t\t<\/div>\n\t\t<\/div>\n\t\t\t\t\t<\/div>\n\t\t<\/section>\n\t\t\t\t<section class=\"elementor-section elementor-top-section elementor-element elementor-element-ce4b26b elementor-section-boxed elementor-section-height-default elementor-section-height-default\" data-id=\"ce4b26b\" data-element_type=\"section\">\n\t\t\t\t\t\t<div class=\"elementor-container elementor-column-gap-default\">\n\t\t\t\t\t<div class=\"elementor-column elementor-col-100 elementor-top-column elementor-element elementor-element-5de55f7\" data-id=\"5de55f7\" data-element_type=\"column\">\n\t\t\t<div class=\"elementor-widget-wrap elementor-element-populated\">\n\t\t\t\t\t\t<div class=\"elementor-element elementor-element-908a1b8 elementor-widget elementor-widget-image\" data-id=\"908a1b8\" data-element_type=\"widget\" data-widget_type=\"image.default\">\n\t\t\t\t<div class=\"elementor-widget-container\">\n\t\t\t\t\t\t\t\t\t\t\t\t\t<img fetchpriority=\"high\" decoding=\"async\" width=\"800\" height=\"450\" src=\"https:\/\/sites.usp.br\/lanem\/wp-content\/uploads\/sites\/1397\/2024\/04\/Ciencia-com-Cafe-1024x576.jpg\" class=\"attachment-large size-large wp-image-1370\" alt=\"\" srcset=\"https:\/\/sites.usp.br\/lanem\/wp-content\/uploads\/sites\/1397\/2024\/04\/Ciencia-com-Cafe-1024x576.jpg 1024w, https:\/\/sites.usp.br\/lanem\/wp-content\/uploads\/sites\/1397\/2024\/04\/Ciencia-com-Cafe-300x169.jpg 300w, https:\/\/sites.usp.br\/lanem\/wp-content\/uploads\/sites\/1397\/2024\/04\/Ciencia-com-Cafe-768x432.jpg 768w, https:\/\/sites.usp.br\/lanem\/wp-content\/uploads\/sites\/1397\/2024\/04\/Ciencia-com-Cafe-1536x864.jpg 1536w, https:\/\/sites.usp.br\/lanem\/wp-content\/uploads\/sites\/1397\/2024\/04\/Ciencia-com-Cafe-2048x1152.jpg 2048w, https:\/\/sites.usp.br\/lanem\/wp-content\/uploads\/sites\/1397\/2024\/04\/Ciencia-com-Cafe-310x174.jpg 310w, https:\/\/sites.usp.br\/lanem\/wp-content\/uploads\/sites\/1397\/2024\/04\/Ciencia-com-Cafe-400x225.jpg 400w\" sizes=\"(max-width: 800px) 100vw, 800px\" \/>\t\t\t\t\t\t\t\t\t\t\t\t\t<\/div>\n\t\t\t\t<\/div>\n\t\t\t\t\t<\/div>\n\t\t<\/div>\n\t\t\t\t\t<\/div>\n\t\t<\/section>\n\t\t\t\t<section class=\"elementor-section elementor-top-section elementor-element elementor-element-6e839eb elementor-section-boxed elementor-section-height-default elementor-section-height-default\" data-id=\"6e839eb\" data-element_type=\"section\">\n\t\t\t\t\t\t<div class=\"elementor-container elementor-column-gap-default\">\n\t\t\t\t\t<div class=\"elementor-column elementor-col-100 elementor-top-column elementor-element elementor-element-9d860d6\" data-id=\"9d860d6\" data-element_type=\"column\">\n\t\t\t<div class=\"elementor-widget-wrap elementor-element-populated\">\n\t\t\t\t\t\t<div class=\"elementor-element elementor-element-0463528 elementor-widget elementor-widget-text-editor\" data-id=\"0463528\" data-element_type=\"widget\" data-widget_type=\"text-editor.default\">\n\t\t\t\t<div class=\"elementor-widget-container\">\n\t\t\t\t\t\t\t<ul><li><strong>GroPro Meeting 2024<\/strong><br \/><p class=\"selectable-text copyable-text iq0m558w g0rxnol2\" dir=\"ltr\"><span class=\"selectable-text copyable-text\">Announcing the formation of a new special interest group, supported by the Pituitary Society. The group\u2019s origins are from the long-standing \u201cGordon Conference\u201d on Prolactin, and the subsequent \u201cFASEB SRC\u201d on the GH\/PRL Family in Health and Disease. The group has decided to move to an independent conference format, under the auspices of the Pituitary Society. The goal will be to hold scientific meetings every two years, focused on the fundamental biology of these two pituitary hormones and their complex range of targets. The meetings will use a similar \u201call inclusive\u201d residential format to previous meetings, but at a significantly reduced cost. The meetings will include both basic science and how this can inform clinical research and its application. <\/span><\/p><p class=\"selectable-text copyable-text iq0m558w g0rxnol2\" dir=\"ltr\"><span class=\"selectable-text copyable-text\">The first meeting of this new group will be held in Stirling, Scotland: 11th-15th August 2024, chaired by Paul Le Tissier (Edinburgh, UK) and Sebastian Neggers (Erasmus, NL). <\/span><\/p><p class=\"selectable-text copyable-text iq0m558w g0rxnol2\" dir=\"ltr\"><a href=\"https:\/\/web.cvent.com\/event\/0030aca0-644b-4ad8-8374-ff2fd5152368\/summary\"><span class=\"selectable-text copyable-text\">https:\/\/web.cvent.com\/event\/0030aca0-644b-4ad8-8374-ff2fd5152368\/summary<\/span><\/a><\/p><\/li><\/ul>\t\t\t\t\t\t<\/div>\n\t\t\t\t<\/div>\n\t\t\t\t<div class=\"elementor-element elementor-element-86beb18 elementor-widget elementor-widget-image\" data-id=\"86beb18\" data-element_type=\"widget\" data-widget_type=\"image.default\">\n\t\t\t\t<div class=\"elementor-widget-container\">\n\t\t\t\t\t\t\t\t\t\t\t\t\t<img decoding=\"async\" width=\"713\" height=\"197\" src=\"https:\/\/sites.usp.br\/lanem\/wp-content\/uploads\/sites\/1397\/2024\/04\/GROPRO.jpg\" class=\"attachment-large size-large wp-image-1371\" alt=\"\" srcset=\"https:\/\/sites.usp.br\/lanem\/wp-content\/uploads\/sites\/1397\/2024\/04\/GROPRO.jpg 713w, https:\/\/sites.usp.br\/lanem\/wp-content\/uploads\/sites\/1397\/2024\/04\/GROPRO-300x83.jpg 300w, https:\/\/sites.usp.br\/lanem\/wp-content\/uploads\/sites\/1397\/2024\/04\/GROPRO-400x111.jpg 400w\" sizes=\"(max-width: 713px) 100vw, 713px\" \/>\t\t\t\t\t\t\t\t\t\t\t\t\t<\/div>\n\t\t\t\t<\/div>\n\t\t\t\t\t<\/div>\n\t\t<\/div>\n\t\t\t\t\t<\/div>\n\t\t<\/section>\n\t\t\t\t<\/div>\n\t\t","protected":false},"excerpt":{"rendered":"<p>Eventos Ci\u00eancia com Caf\u00e9Semin\u00e1rios cient\u00edficos realizados quinzenalmente no Departamento de Fisiologia e Biof\u00edsica (ICB\/USP) \u00e0s 15:00 nas sextas-feiras. \u00c9 servido um caf\u00e9 com comidinhas na sequ\u00eancia. Local: Pr\u00e9dio ICB I, Av. Prof. Lineu Prestes, 1524, 1\u00ba andar (Salas de aula). GroPro Meeting 2024 Announcing the formation of a new special interest group, supported by the [&hellip;]<\/p>\n","protected":false},"author":23866,"featured_media":0,"parent":0,"menu_order":0,"comment_status":"closed","ping_status":"closed","template":"elementor_header_footer","meta":{"footnotes":"","_links_to":"","_links_to_target":""},"class_list":["post-621","page","type-page","status-publish","hentry"],"_links":{"self":[{"href":"https:\/\/sites.usp.br\/lanem\/wp-json\/wp\/v2\/pages\/621","targetHints":{"allow":["GET"]}}],"collection":[{"href":"https:\/\/sites.usp.br\/lanem\/wp-json\/wp\/v2\/pages"}],"about":[{"href":"https:\/\/sites.usp.br\/lanem\/wp-json\/wp\/v2\/types\/page"}],"author":[{"embeddable":true,"href":"https:\/\/sites.usp.br\/lanem\/wp-json\/wp\/v2\/users\/23866"}],"replies":[{"embeddable":true,"href":"https:\/\/sites.usp.br\/lanem\/wp-json\/wp\/v2\/comments?post=621"}],"version-history":[{"count":4,"href":"https:\/\/sites.usp.br\/lanem\/wp-json\/wp\/v2\/pages\/621\/revisions"}],"predecessor-version":[{"id":1385,"href":"https:\/\/sites.usp.br\/lanem\/wp-json\/wp\/v2\/pages\/621\/revisions\/1385"}],"wp:attachment":[{"href":"https:\/\/sites.usp.br\/lanem\/wp-json\/wp\/v2\/media?parent=621"}],"curies":[{"name":"wp","href":"https:\/\/api.w.org\/{rel}","templated":true}]}}