{"id":229,"date":"2019-07-04T15:01:58","date_gmt":"2019-07-04T17:01:58","guid":{"rendered":"http:\/\/sites.usp.br\/lapcat\/?page_id=229"},"modified":"2023-06-19T10:32:06","modified_gmt":"2023-06-19T12:32:06","slug":"livro","status":"publish","type":"page","link":"https:\/\/sites.usp.br\/lapcat\/producao-intelectual\/livro\/","title":{"rendered":"Livros"},"content":{"rendered":"&nbsp;<\/p>\n<div class=\"su-note\"  style=\"border-color:#d8d7d1;border-radius:4px;-moz-border-radius:4px;-webkit-border-radius:4px;\"><div class=\"su-note-inner su-u-clearfix su-u-trim\" style=\"background-color:#f2f1eb;border-color:#ffffff;color:#333333;border-radius:4px;-moz-border-radius:4px;-webkit-border-radius:4px;\">\n<p><a href=\"https:\/\/sites.usp.br\/lapcat\/wp-content\/uploads\/sites\/566\/2022\/12\/1.jpg\"><img loading=\"lazy\" decoding=\"async\" class=\"alignnone size-full wp-image-808\" src=\"https:\/\/sites.usp.br\/lapcat\/wp-content\/uploads\/sites\/566\/2022\/12\/1.jpg\" alt=\"\" width=\"180\" height=\"266\" \/><\/a><\/p>\n<p><span style=\"color: #808080;\"><strong>Chemical Reaction Engineering: Parameter Estimation, Exercises and Examples &#8211; 2nd Edition<br \/>\n<\/strong>Martin Schmal, Jos\u00e9 Carlos Pinto<\/span><br \/>\n<span style=\"color: #808080;\">CRC Press, ISBN 9781003046608, 2021.<\/span><br \/>\n<span style=\"color: #3366ff;\"><a style=\"color: #3366ff;\" href=\"https:\/\/doi.org\/10.1201\/9781003046608\">https:\/\/doi.org\/10.1201\/9781003046608<\/a><\/span><\/div><\/div>\n<div class=\"su-note\"  style=\"border-color:#d8d7d1;border-radius:4px;-moz-border-radius:4px;-webkit-border-radius:4px;\"><div class=\"su-note-inner su-u-clearfix su-u-trim\" style=\"background-color:#f2f1eb;border-color:#ffffff;color:#333333;border-radius:4px;-moz-border-radius:4px;-webkit-border-radius:4px;\">\n<p><a href=\"https:\/\/sites.usp.br\/lapcat\/wp-content\/uploads\/sites\/566\/2022\/12\/2.jpg\"><img loading=\"lazy\" decoding=\"async\" class=\"alignnone size-medium wp-image-809\" src=\"https:\/\/sites.usp.br\/lapcat\/wp-content\/uploads\/sites\/566\/2022\/12\/2-203x300.jpg\" alt=\"\" width=\"203\" height=\"300\" srcset=\"https:\/\/sites.usp.br\/lapcat\/wp-content\/uploads\/sites\/566\/2022\/12\/2-203x300.jpg 203w, https:\/\/sites.usp.br\/lapcat\/wp-content\/uploads\/sites\/566\/2022\/12\/2.jpg 337w\" sizes=\"auto, (max-width: 203px) 100vw, 203px\" \/><\/a><\/p>\n<p><span style=\"color: #808080;\"><strong>Cin\u00e9tica e Reatores: Aplica\u00e7\u00e3o na Engenharia Qu\u00edmica &#8211; 3\u00aa Edi\u00e7\u00e3o<br \/>\n<\/strong>Martin Schmal<\/span><br \/>\n<span style=\"color: #808080;\">Synergia, ISBN 9788568483411, 2017.<\/span><br \/>\n<span style=\"color: #3366ff;\"><a style=\"color: #3366ff;\" href=\"https:\/\/www.livrariasynergia.com.br\/product\/cinetica-e-reatores-aplicacao-a-engenharia-quimica-3-edicao-9788568483411,000743\">https:\/\/www.livrariasynergia.com.br\/product\/cinetica-e-reatores-aplicacao-a-engenharia-quimica-3-edicao-9788568483411,000743<\/a><\/span><\/div><\/div>\n<div class=\"su-note\"  style=\"border-color:#d8d7d1;border-radius:4px;-moz-border-radius:4px;-webkit-border-radius:4px;\"><div class=\"su-note-inner su-u-clearfix su-u-trim\" style=\"background-color:#f2f1eb;border-color:#ffffff;color:#333333;border-radius:4px;-moz-border-radius:4px;-webkit-border-radius:4px;\">\n<p><a href=\"https:\/\/sites.usp.br\/lapcat\/wp-content\/uploads\/sites\/566\/2019\/07\/livro.png\"><img loading=\"lazy\" decoding=\"async\" class=\"alignnone wp-image-544\" src=\"https:\/\/sites.usp.br\/lapcat\/wp-content\/uploads\/sites\/566\/2019\/07\/livro-189x300.png\" alt=\"\" width=\"189\" height=\"300\" srcset=\"https:\/\/sites.usp.br\/lapcat\/wp-content\/uploads\/sites\/566\/2019\/07\/livro-189x300.png 189w, https:\/\/sites.usp.br\/lapcat\/wp-content\/uploads\/sites\/566\/2019\/07\/livro.png 317w\" sizes=\"auto, (max-width: 189px) 100vw, 189px\" \/><\/a><\/p>\n<p><span style=\"color: #808080;\"><strong>Heterogeneous Catalysis and its Industrial Applications<br \/>\n<\/strong>Martin Schmal<\/span><br \/>\n<span style=\"color: #808080;\">Springer, Print ISBN 978-3-319-09249-2, Online ISBN 978-3-319-09250-8, 2016.<\/span><br \/>\n<span style=\"color: #3366ff;\"><a style=\"color: #3366ff;\" href=\"https:\/\/link.springer.com\/chapter\/10.1007%2F978-3-319-09250-8_1\">https:\/\/link.springer.com\/chapter\/10.1007%2F978-3-319-09250-8_1<\/a><\/span><\/div><\/div>\n<div class=\"su-spacer\" style=\"height:240px\"><\/div>","protected":false},"excerpt":{"rendered":"<p>&nbsp;<\/p>\n","protected":false},"author":1072,"featured_media":0,"parent":192,"menu_order":0,"comment_status":"closed","ping_status":"closed","template":"","meta":{"footnotes":"","_links_to":"","_links_to_target":""},"class_list":["post-229","page","type-page","status-publish","hentry"],"_links":{"self":[{"href":"https:\/\/sites.usp.br\/lapcat\/wp-json\/wp\/v2\/pages\/229","targetHints":{"allow":["GET"]}}],"collection":[{"href":"https:\/\/sites.usp.br\/lapcat\/wp-json\/wp\/v2\/pages"}],"about":[{"href":"https:\/\/sites.usp.br\/lapcat\/wp-json\/wp\/v2\/types\/page"}],"author":[{"embeddable":true,"href":"https:\/\/sites.usp.br\/lapcat\/wp-json\/wp\/v2\/users\/1072"}],"replies":[{"embeddable":true,"href":"https:\/\/sites.usp.br\/lapcat\/wp-json\/wp\/v2\/comments?post=229"}],"version-history":[{"count":4,"href":"https:\/\/sites.usp.br\/lapcat\/wp-json\/wp\/v2\/pages\/229\/revisions"}],"predecessor-version":[{"id":861,"href":"https:\/\/sites.usp.br\/lapcat\/wp-json\/wp\/v2\/pages\/229\/revisions\/861"}],"up":[{"embeddable":true,"href":"https:\/\/sites.usp.br\/lapcat\/wp-json\/wp\/v2\/pages\/192"}],"wp:attachment":[{"href":"https:\/\/sites.usp.br\/lapcat\/wp-json\/wp\/v2\/media?parent=229"}],"curies":[{"name":"wp","href":"https:\/\/api.w.org\/{rel}","templated":true}]}}