{"id":79,"date":"2014-02-24T16:51:20","date_gmt":"2014-02-24T18:51:20","guid":{"rendered":"http:\/\/sites.usp.br\/labcat\/?page_id=79"},"modified":"2025-01-22T10:55:59","modified_gmt":"2025-01-22T12:55:59","slug":"pagina-inicial","status":"publish","type":"page","link":"https:\/\/sites.usp.br\/lapcat\/","title":{"rendered":"LaPCat"},"content":{"rendered":"<span style=\"color: #808080;\">O Laborat\u00f3rio de Pesquisa e Inova\u00e7\u00e3o em Processos Catal\u00edticos (LaPCat) do Departamento de Engenharia Qu\u00edmica da Escola Polit\u00e9cnica da Universidade de S\u00e3o Paulo (Poli\/USP), constitui-se em um centro de excel\u00eancia para o desenvolvimento de pesquisas fundamentais e tecnol\u00f3gicas aplicadas \u00e0 processos catal\u00edticos, visando a forma\u00e7\u00e3o de pessoal altamente qualificado e assessoria t\u00e9cnica nas \u00e1reas de Cat\u00e1lise e Cin\u00e9tica Qu\u00edmica.<\/span><\/p>\n<p><span style=\"color: #808080;\">O LaPCat tem como objetivo principal a s\u00edntese, caracteriza\u00e7\u00e3o f\u00edsico-qu\u00edmica e aplica\u00e7\u00e3o de catalisadores em processos catal\u00edticos heterog\u00eaneos para o uso sustent\u00e1vel do g\u00e1s natural, biog\u00e1s, hidrog\u00eanio e CO<sub>2<\/sub>, difundindo o conhecimento para o potencial econ\u00f4mico e energ\u00e9tico do g\u00e1s natural e do hidrog\u00eanio e contribuindo para a inova\u00e7\u00e3o e competitividade da pesquisa nacional.<\/span><\/p>\n<p>&nbsp;<\/p>\n<p><img decoding=\"async\" src=\"https:\/\/sites.usp.br\/lapcat\/wp-content\/uploads\/sites\/566\/2024\/10\/Equipe-1.jpeg\" \/><\/p>\n<p>&nbsp;<\/p>\n<p>&nbsp;<\/p>\n<p>&nbsp;","protected":false},"excerpt":{"rendered":"<p>O Laborat\u00f3rio de Pesquisa e Inova\u00e7\u00e3o em Processos Catal\u00edticos (LaPCat) do Departamento de Engenharia Qu\u00edmica da Escola Polit\u00e9cnica da Universidade de S\u00e3o Paulo (Poli\/USP), constitui-se em um centro de excel\u00eancia para o desenvolvimento de pesquisas fundamentais e tecnol\u00f3gicas aplicadas \u00e0 processos catal\u00edticos, visando a forma\u00e7\u00e3o de pessoal altamente qualificado e assessoria t\u00e9cnica nas \u00e1reas de [&hellip;]<\/p>\n","protected":false},"author":1,"featured_media":0,"parent":0,"menu_order":0,"comment_status":"closed","ping_status":"closed","template":"","meta":{"footnotes":"","_links_to":"","_links_to_target":""},"class_list":["post-79","page","type-page","status-publish","hentry"],"_links":{"self":[{"href":"https:\/\/sites.usp.br\/lapcat\/wp-json\/wp\/v2\/pages\/79","targetHints":{"allow":["GET"]}}],"collection":[{"href":"https:\/\/sites.usp.br\/lapcat\/wp-json\/wp\/v2\/pages"}],"about":[{"href":"https:\/\/sites.usp.br\/lapcat\/wp-json\/wp\/v2\/types\/page"}],"author":[{"embeddable":true,"href":"https:\/\/sites.usp.br\/lapcat\/wp-json\/wp\/v2\/users\/1"}],"replies":[{"embeddable":true,"href":"https:\/\/sites.usp.br\/lapcat\/wp-json\/wp\/v2\/comments?post=79"}],"version-history":[{"count":5,"href":"https:\/\/sites.usp.br\/lapcat\/wp-json\/wp\/v2\/pages\/79\/revisions"}],"predecessor-version":[{"id":1149,"href":"https:\/\/sites.usp.br\/lapcat\/wp-json\/wp\/v2\/pages\/79\/revisions\/1149"}],"wp:attachment":[{"href":"https:\/\/sites.usp.br\/lapcat\/wp-json\/wp\/v2\/media?parent=79"}],"curies":[{"name":"wp","href":"https:\/\/api.w.org\/{rel}","templated":true}]}}