{"id":170,"date":"2017-07-01T19:53:30","date_gmt":"2017-07-01T21:53:30","guid":{"rendered":"http:\/\/sites.usp.br\/lapepg\/?page_id=170"},"modified":"2017-09-23T15:24:24","modified_gmt":"2017-09-23T17:24:24","slug":"proximos","status":"publish","type":"page","link":"https:\/\/sites.usp.br\/lapepg\/proximos\/","title":{"rendered":"Pr\u00f3ximos"},"content":{"rendered":"<h2 id=\"seo_h1_tag\" class=\"_5gmx\"><a href=\"https:\/\/www.facebook.com\/events\/1752578998374117\/\">XIII Semin\u00e1rio de Pesquisa da P\u00f3s-Gradua\u00e7\u00e3o em Psicologia da FFCLRP-USP<\/a><\/h2>\n<p>02 e 03 de outubro de 2017 &#8211; FFCLRP\/SP<\/p>\n<h1><\/h1>\n<h2><a href=\"http:\/\/www.encontro2017.abrapso.org.br\/\"><img loading=\"lazy\" decoding=\"async\" class=\" wp-image-483 alignleft\" src=\"http:\/\/sites.usp.br\/lapepg\/wp-content\/uploads\/sites\/140\/2017\/07\/abrapso.jpg\" alt=\"\" width=\"119\" height=\"110\" \/><\/a>XIX Encontro Nacional ABRAPSO<\/h2>\n<p>1 a 4 de novembro de 2017 &#8211; Uberl\u00e2ndia\/MG<\/p>\n<p>&nbsp;<\/p>\n<p>&nbsp;<\/p>\n<p>&nbsp;<\/p>\n<h1><\/h1>\n","protected":false},"excerpt":{"rendered":"<p>XIII Semin\u00e1rio de Pesquisa da P\u00f3s-Gradua\u00e7\u00e3o em Psicologia da FFCLRP-USP 02 e 03 de outubro de 2017 &#8211; FFCLRP\/SP XIX Encontro Nacional ABRAPSO 1 a 4 de novembro de 2017 &#8211; Uberl\u00e2ndia\/MG &nbsp; &nbsp; &nbsp;<\/p>\n","protected":false},"author":248,"featured_media":0,"parent":0,"menu_order":0,"comment_status":"closed","ping_status":"closed","template":"","meta":{"footnotes":"","_links_to":"","_links_to_target":""},"class_list":["post-170","page","type-page","status-publish","hentry"],"_links":{"self":[{"href":"https:\/\/sites.usp.br\/lapepg\/wp-json\/wp\/v2\/pages\/170","targetHints":{"allow":["GET"]}}],"collection":[{"href":"https:\/\/sites.usp.br\/lapepg\/wp-json\/wp\/v2\/pages"}],"about":[{"href":"https:\/\/sites.usp.br\/lapepg\/wp-json\/wp\/v2\/types\/page"}],"author":[{"embeddable":true,"href":"https:\/\/sites.usp.br\/lapepg\/wp-json\/wp\/v2\/users\/248"}],"replies":[{"embeddable":true,"href":"https:\/\/sites.usp.br\/lapepg\/wp-json\/wp\/v2\/comments?post=170"}],"version-history":[{"count":4,"href":"https:\/\/sites.usp.br\/lapepg\/wp-json\/wp\/v2\/pages\/170\/revisions"}],"predecessor-version":[{"id":598,"href":"https:\/\/sites.usp.br\/lapepg\/wp-json\/wp\/v2\/pages\/170\/revisions\/598"}],"wp:attachment":[{"href":"https:\/\/sites.usp.br\/lapepg\/wp-json\/wp\/v2\/media?parent=170"}],"curies":[{"name":"wp","href":"https:\/\/api.w.org\/{rel}","templated":true}]}}