{"id":385,"date":"2017-07-06T11:32:58","date_gmt":"2017-07-06T13:32:58","guid":{"rendered":"http:\/\/sites.usp.br\/lapepg\/?page_id=385"},"modified":"2017-07-06T11:49:12","modified_gmt":"2017-07-06T13:49:12","slug":"2017-2","status":"publish","type":"page","link":"https:\/\/sites.usp.br\/lapepg\/2017-2\/","title":{"rendered":"2017"},"content":{"rendered":"<h1>Defesa Tese de Doutorado Pedro Pablo Sampaio Martins:<\/h1>\n<p><em>Recursos conversacionais para a cl\u00ednica ampliada com fam\u00edlias em sa\u00fade mental<\/em><\/p>\n<p>27 de abril de 2017<\/p>\n<p>Confira como foi o evento em nossa sess\u00e3o de <a href=\"\/\/sites.usp.br\/lapepg\/fotos\/\">fotos<\/a>.<\/p>\n<p>&nbsp;<\/p>\n<p>&nbsp;<\/p>\n","protected":false},"excerpt":{"rendered":"<p>Defesa Tese de Doutorado Pedro Pablo Sampaio Martins: Recursos conversacionais para a cl\u00ednica ampliada com fam\u00edlias em sa\u00fade mental 27 de abril de 2017 Confira como foi o evento em nossa sess\u00e3o de fotos. &nbsp; &nbsp;<\/p>\n","protected":false},"author":248,"featured_media":0,"parent":0,"menu_order":0,"comment_status":"closed","ping_status":"closed","template":"","meta":{"footnotes":"","_links_to":"","_links_to_target":""},"class_list":["post-385","page","type-page","status-publish","hentry"],"_links":{"self":[{"href":"https:\/\/sites.usp.br\/lapepg\/wp-json\/wp\/v2\/pages\/385","targetHints":{"allow":["GET"]}}],"collection":[{"href":"https:\/\/sites.usp.br\/lapepg\/wp-json\/wp\/v2\/pages"}],"about":[{"href":"https:\/\/sites.usp.br\/lapepg\/wp-json\/wp\/v2\/types\/page"}],"author":[{"embeddable":true,"href":"https:\/\/sites.usp.br\/lapepg\/wp-json\/wp\/v2\/users\/248"}],"replies":[{"embeddable":true,"href":"https:\/\/sites.usp.br\/lapepg\/wp-json\/wp\/v2\/comments?post=385"}],"version-history":[{"count":4,"href":"https:\/\/sites.usp.br\/lapepg\/wp-json\/wp\/v2\/pages\/385\/revisions"}],"predecessor-version":[{"id":397,"href":"https:\/\/sites.usp.br\/lapepg\/wp-json\/wp\/v2\/pages\/385\/revisions\/397"}],"wp:attachment":[{"href":"https:\/\/sites.usp.br\/lapepg\/wp-json\/wp\/v2\/media?parent=385"}],"curies":[{"name":"wp","href":"https:\/\/api.w.org\/{rel}","templated":true}]}}