{"id":242,"date":"2022-06-06T13:25:50","date_gmt":"2022-06-06T15:25:50","guid":{"rendered":"https:\/\/sites.usp.br\/laprosus\/?page_id=242"},"modified":"2022-06-16T14:04:09","modified_gmt":"2022-06-16T16:04:09","slug":"referencias-bibliograficas","status":"publish","type":"page","link":"https:\/\/sites.usp.br\/laprosus\/referencias-bibliograficas\/","title":{"rendered":"Grupo Comunit\u00e1rio de Sa\u00fade Mental"},"content":{"rendered":"<p>O Grupo Comunit\u00e1rio de Sa\u00fade Mental \u00e9 um espa\u00e7o dedicado ao cuidado com a sa\u00fade\u00a0mental e com o amadurecimento pessoal. Por meio\u00a0de reuni\u00f5es, o grupo prop\u00f5e um\u00a0exerc\u00edcio continuado de aten\u00e7\u00e3o e reflex\u00e3o sobre a vida cotidiana, partilhando experi\u00eancias e\u00a0buscando aprender com elas.<\/p>\n<p><iframe loading=\"lazy\" title=\"Grupo Comunit\u00e1rio de Sa\u00fade Mental \/ Gruppo Comunitario della Salute Mentale\" width=\"604\" height=\"340\" src=\"https:\/\/www.youtube.com\/embed\/Ki5Y2SMr-0k?feature=oembed\" frameborder=\"0\" allow=\"accelerometer; autoplay; clipboard-write; encrypted-media; gyroscope; picture-in-picture; web-share\" referrerpolicy=\"strict-origin-when-cross-origin\" allowfullscreen><\/iframe><\/p>\n<p>A atividade apresenta a perspectiva de aprofundamento do contato da pessoa consigo\u00a0mesma, com os outros e com os acontecimentos, em meio a um processo de constru\u00e7\u00e3o\u00a0pessoal e grupal.<\/p>\n<p>O grupo \u00e9 um local de descobertas. Ao conhecer os caminhos de vida trilhados por\u00a0outros participantes, podemos ampliar a capacidade de perceber e compreender a realidade,\u00a0experimentando ajudar e ser ajudado. Os encontros promovem o desenvolvimento de uma\u00a0rede de pessoas articuladas a partir do cuidado com a pr\u00f3pria vida.<\/p>\n<h3><div class=\"su-heading su-heading-style-default su-heading-align-center\" id=\"\" style=\"font-size:13px;margin-bottom:20px\"><div class=\"su-heading-inner\"><strong>Estudos do LaProSUS publicados sobre o Grupo Comunit\u00e1rio de Sa\u00fade Mental<\/strong><\/div><\/div><\/h3>\n<p style=\"text-align: center;\"><em>*Clique nos t\u00edtulos para acessar os arquivos*<\/em><\/p>\n<ul>\n<li><a href=\"https:\/\/pedroejoaoeditores.com.br\/site\/comportamento-humano-em-diferentes-vertentes-estudos-contemporaneos\/\">Singularidade, pertencimento e comunidade: experi\u00eancias de uma participante no Grupo Comunit\u00e1rio de Sa\u00fade Mental<\/a><em><em> &#8211; <\/em><\/em>Nath\u00e1lia Fernandes Minar\u00e9 e Carmen L\u00facia Cardoso (Cap\u00edtulo de livro, 2022)<\/li>\n<li>Ana Paula Craveiro Prado &#8211; pegar o link da tese<\/li>\n<li><a href=\"https:\/\/www.teses.usp.br\/teses\/disponiveis\/59\/59141\/tde-26072021-125420\/pt-br.php\">A Etapa Reflexiva: uma an\u00e1lise sobre o momento final do Grupo Comunit\u00e1rio de Sa\u00fade Mental<\/a><em><em> &#8211; <\/em><\/em>Mar\u00edlia Hormanez (Disserta\u00e7\u00e3o de mestrado, 2021)<\/li>\n<li><a href=\"http:\/\/pepsic.bvsalud.org\/scielo.php?script=sci_arttext&amp;pid=S1806-24902021000100011&amp;lng=pt&amp;nrm=iso\">Grupo Comunit\u00e1rio de Sa\u00fade Mental: rela\u00e7\u00f5es estabelecidas por participantes regulares de longo prazo<\/a> &#8211; Nath\u00e1lia Fernandes Minar\u00e9 e Carmen L\u00facia Cardoso (Artigo, 2021)<\/li>\n<li><a href=\"https:\/\/www.teses.usp.br\/teses\/disponiveis\/59\/59141\/tde-21062021-175213\/pt-br.php\">A participa\u00e7\u00e3o regular continuada e as rela\u00e7\u00f5es desenvolvidas com o Grupo Comunit\u00e1rio de Sa\u00fade Mental<\/a> &#8211; Nath\u00e1lia Fernandes Minar\u00e9 (Disserta\u00e7\u00e3o de Mestrado, 2021)<\/li>\n<li><a href=\"https:\/\/www.editoracrv.com.br\/produtos\/detalhes\/34639-crv\">Grupo Comunit\u00e1rio de Sa\u00fade Mental: a pr\u00e1tica, o processo grupal e a coordena\u00e7\u00e3o<\/a> &#8211; Ana Paula Craveiro Prado e Carmen L\u00facia Cardoso (Cap\u00edtulo de livro, 2020)<\/li>\n<li><a href=\"https:\/\/old.scielo.br\/scielo.php?script=sci_arttext&amp;pid=S1413-73722020000100227&amp;lng=pt&amp;nrm=iso\">Coordena\u00e7\u00e3o grupal em uma modalidade de cuidado: Grupo Comunit\u00e1rio de Sa\u00fade Mental<\/a> &#8211; Ana Paula Craveiro Prado e Carmen L\u00facia Cardoso (Artigo, 2020)<\/li>\n<li><a href=\"https:\/\/www.revistas.usp.br\/revistadc\/article\/view\/154025\">Grupo Comunit\u00e1rio de Sa\u00fade Mental: centralidade da pessoa humana no processo de forma\u00e7\u00e3o profissional<\/a> &#8211; Bruna Cardoso Pinheiro, Sergio Ishara e Carmen L\u00facia Cardoso (Artigo, 2019)<\/li>\n<li><a href=\"http:\/\/pepsic.bvsalud.org\/scielo.php?script=sci_arttext&amp;pid=S1413-294X2019000300009\">Forma\u00e7\u00e3o profissional em uma atividade vivencial em sa\u00fade mental: Grupo Comunit\u00e1rio de Sa\u00fade Mental<\/a> &#8211; Bruna Cardoso Pinheiro e Carmen L\u00facia Cardoso (Artigo, 2019)<\/li>\n<li><a href=\"https:\/\/old.scielo.br\/scielo.php?script=sci_arttext&amp;pid=S0102-71822017000100245&amp;lng=pt&amp;nrm=iso\">A experi\u00eancia fenomenol\u00f3gica e o trabalho em grupo na sa\u00fade mental<\/a> &#8211; Rita Martins Godoy Rocha Raddi e Carmen L\u00facia Cardoso (Artigo, 2018)<\/li>\n<li><a href=\"https:\/\/teses.usp.br\/teses\/disponiveis\/59\/59141\/tde-20032018-132235\/pt-br.php\">Grupo comunit\u00e1rio de sa\u00fade mental: forma\u00e7\u00e3o de recursos humanos<\/a> &#8211; Bruna Cardoso Pinheiro (Disserta\u00e7\u00e3o de Mestrado, 2017)<\/li>\n<li><a href=\"https:\/\/teses.usp.br\/teses\/disponiveis\/59\/59137\/tde-08122015-161052\/pt-br.php\">An\u00e1lise compreensiva de uma nova modalidade de trabalho em sa\u00fade: o Grupo Comunit\u00e1rio de Sa\u00fade Mental<\/a> &#8211; Rita Martins Godoy Rocha Raddi (Tese de Doutorado, 2015)<\/li>\n<li><a href=\"http:\/\/grupocomunitario.com.br\/n.php?i=178\">Grupo Comunit\u00e1rio de Sa\u00fade Mental: Conceito, Delineamento metodol\u00f3gico e Estudos<\/a> &#8211; S\u00e9rgio Ishara, Carmen L\u00facia Cardoso, S\u00f4nia Loureiro (Livro, 2013)<\/li>\n<li><a href=\"https:\/\/teses.usp.br\/teses\/disponiveis\/59\/59137\/tde-15012013-100129\/pt-br.php\">Encontro comunit\u00e1rio de sa\u00fade mental: um estudo fenomenol\u00f3gico<\/a> &#8211; Laura Crovador (Disserta\u00e7\u00e3o de Mestrado, 2012).<\/li>\n<\/ul>\n","protected":false},"excerpt":{"rendered":"<p>O Grupo Comunit\u00e1rio de Sa\u00fade Mental \u00e9 um espa\u00e7o dedicado ao cuidado com a sa\u00fade\u00a0mental e com o amadurecimento pessoal. Por meio\u00a0de reuni\u00f5es, o grupo prop\u00f5e um\u00a0exerc\u00edcio continuado de aten\u00e7\u00e3o e reflex\u00e3o sobre a vida cotidiana, partilhando experi\u00eancias e\u00a0buscando aprender com elas. A atividade apresenta a perspectiva de aprofundamento do contato da pessoa consigo\u00a0mesma, com [&hellip;]<\/p>\n","protected":false},"author":22952,"featured_media":0,"parent":0,"menu_order":0,"comment_status":"closed","ping_status":"closed","template":"","meta":{"footnotes":"","_links_to":"","_links_to_target":""},"class_list":["post-242","page","type-page","status-publish","hentry"],"_links":{"self":[{"href":"https:\/\/sites.usp.br\/laprosus\/wp-json\/wp\/v2\/pages\/242","targetHints":{"allow":["GET"]}}],"collection":[{"href":"https:\/\/sites.usp.br\/laprosus\/wp-json\/wp\/v2\/pages"}],"about":[{"href":"https:\/\/sites.usp.br\/laprosus\/wp-json\/wp\/v2\/types\/page"}],"author":[{"embeddable":true,"href":"https:\/\/sites.usp.br\/laprosus\/wp-json\/wp\/v2\/users\/22952"}],"replies":[{"embeddable":true,"href":"https:\/\/sites.usp.br\/laprosus\/wp-json\/wp\/v2\/comments?post=242"}],"version-history":[{"count":4,"href":"https:\/\/sites.usp.br\/laprosus\/wp-json\/wp\/v2\/pages\/242\/revisions"}],"predecessor-version":[{"id":431,"href":"https:\/\/sites.usp.br\/laprosus\/wp-json\/wp\/v2\/pages\/242\/revisions\/431"}],"wp:attachment":[{"href":"https:\/\/sites.usp.br\/laprosus\/wp-json\/wp\/v2\/media?parent=242"}],"curies":[{"name":"wp","href":"https:\/\/api.w.org\/{rel}","templated":true}]}}