{"id":183,"date":"2015-11-10T21:00:58","date_gmt":"2015-11-10T23:00:58","guid":{"rendered":"http:\/\/sites.usp.br\/lapsape\/?page_id=183"},"modified":"2025-10-18T20:35:50","modified_gmt":"2025-10-18T22:35:50","slug":"extensao-universitaria","status":"publish","type":"page","link":"https:\/\/sites.usp.br\/lapsape\/extensao-universitaria\/","title":{"rendered":"Extens\u00e3o"},"content":{"rendered":"<p style=\"text-align: justify;\">O LAPSAPE colabora com <strong>institui\u00e7\u00f5es p\u00fablicas e movimento sociais<\/strong>, por meio de palestras, pareceres, oficinas e cursos, em temas relativos \u00e0 pr\u00e1ticas educativas em contextos rurais e urbanos, \u00e0s problem\u00e1ticas socioambientais na atualidade e \u00e0s pr\u00e1ticas sociais comunit\u00e1rias. <span style=\"font-size: 1rem;\">Tamb\u00e9m colabora\u00a0<\/span><strong style=\"font-size: 1rem;\">no debate e na elabora\u00e7\u00e3o de pol\u00edticas p\u00fablicas.<\/strong><\/p>\n<p style=\"text-align: justify;\">Algumas destas atividades contam com apoio da Pr\u00f3-Reitoria de Cultura e Extens\u00e3o. Abaixo, a\u00e7\u00f5es de extens\u00e3o organizadas em torno de projetos:<\/p>\n<p>&nbsp;<\/p>\n<p><span style=\"color: #1490a8;\"><strong>Projetos\u00a0 Finalizados:<\/strong><\/span><\/p>\n<ul>\n<li>\n<div>\n<p><b>Participa\u00e7\u00e3o como membros da comunidade cient\u00edfica na C\u00e2mara de Autocomposi\u00e7\u00e3o criada pelo Minist\u00e9rio P\u00fablico de Campinas\/SP para media\u00e7\u00e3o de demandas do Acampamento Marielle Vive!<\/b><\/p>\n<div><\/div>\n<div>\n<div><span style=\"font-family: georgia, serif;\">A C\u00e2mara de Autocomposi\u00e7\u00e3o foi criada pelo Minist\u00e9rio P\u00fablico de Campinas\/SP com o objetivo de formar um grupo multidisciplinar para realizar concilia\u00e7\u00f5es e construir solu\u00e7\u00f5es de conflitos entre o munic\u00edpio de Valinhos\/SP e o Acampamento Marielle Vive!, organizado pelo Movimentos dos Trabalhadores Rurais Sem Terra (MST), a fim de garantir o compromisso com os direitos humanos. O Laborat\u00f3rio de Psicologia Socioambiental e Pr\u00e1ticas Educativas (LAPSAPE)\u00a0foi convidado a compor o rol de pesquisadores para orienta\u00e7\u00f5es t\u00e9cnicas nessa C\u00e2mara. O objetivo \u00e9 que possamos colaborar com as discuss\u00f5es sobre Educa\u00e7\u00e3o do Campo, atendimento da educa\u00e7\u00e3o para as crian\u00e7as que vivem no acampamento e temas adjacentes.<\/span><\/div>\n<div><\/div>\n<\/div>\n<\/div>\n<div><\/div>\n<div><img loading=\"lazy\" decoding=\"async\" class=\"CToWUd a6T\" tabindex=\"0\" src=\"https:\/\/mail.google.com\/mail\/u\/0?ui=2&amp;ik=1469816e70&amp;attid=0.1&amp;permmsgid=msg-f:1686424172459532657&amp;th=176761d98c152171&amp;view=fimg&amp;sz=s0-l75-ft&amp;attbid=ANGjdJ-UJM2GVeTuSvy3OBHGzMYyBMMMIGsCSAgYLINW6cm_VBLO55RkB3XtFuL4Hdc_SK9tmifJYmLErMpTc2r2_SAXYgV6boCZOLdNLlCL6-sdidvHg6OMwsLKsK8&amp;disp=emb&amp;realattid=ii_kiub60ze0\" alt=\"image.png\" width=\"452\" height=\"254\" data-image-whitelisted=\"\" \/><\/div>\n<div>Imagem de reuni\u00e3o virtual realizada em 15\/12\/2020, organizada pelo NUIPA \u2013 N\u00facleo de Incentivo em Autocomposi\u00e7\u00e3o do MPSP, Promotoria de Campinas\/SP<\/div>\n<div><\/div>\n<div><img loading=\"lazy\" decoding=\"async\" class=\"CToWUd a6T\" tabindex=\"0\" src=\"https:\/\/mail.google.com\/mail\/u\/0?ui=2&amp;ik=1469816e70&amp;attid=0.2&amp;permmsgid=msg-f:1686424172459532657&amp;th=176761d98c152171&amp;view=fimg&amp;sz=s0-l75-ft&amp;attbid=ANGjdJ-yEPOCtgc4DGU6P3qkVo9gLLQhLTE2Bb6aMW1IB54PBs9rle9LPpCeb9QbiIwaLh9mWPWjrASyUQn9TzgZvGIOmm2btylzp34bzpmsHyJA1nsVuKKbthhS9jg&amp;disp=emb&amp;realattid=ii_kiubur0f1\" alt=\"image.png\" width=\"452\" height=\"258\" data-image-whitelisted=\"\" \/><\/div>\n<div>Imagem: M\u00eddia Ninja &#8211; Dispon\u00edvel em\u00a0<a href=\"https:\/\/www.google.com\/url?sa=i&amp;url=https%3A%2F%2Foutraspalavras.net%2Fmercadovsdemocracia%2Fviagem-psiquica-ao-marielle-vive%2F&amp;psig=AOvVaw0P9rJ5EfWMUxLRsj-ntXVM&amp;ust=1608384515274000&amp;source=images&amp;cd=vfe&amp;ved=0CA0QjhxqFwoTCJiotrbR1-0CFQAAAAAdAAAAABAD\" target=\"_blank\" rel=\"noopener\" data-saferedirecturl=\"https:\/\/www.google.com\/url?q=https:\/\/www.google.com\/url?sa%3Di%26url%3Dhttps%253A%252F%252Foutraspalavras.net%252Fmercadovsdemocracia%252Fviagem-psiquica-ao-marielle-vive%252F%26psig%3DAOvVaw0P9rJ5EfWMUxLRsj-ntXVM%26ust%3D1608384515274000%26source%3Dimages%26cd%3Dvfe%26ved%3D0CA0QjhxqFwoTCJiotrbR1-0CFQAAAAAdAAAAABAD&amp;source=gmail&amp;ust=1612006553666000&amp;usg=AFQjCNEl5vqH2jr4G_J5rU3Bmr8pHwUCsQ\">https:\/\/www.google.com\/url?<wbr \/>sa=i&amp;url=https%3A%2F%<wbr \/>2Foutraspalavras.net%<wbr \/>2Fmercadovsdemocracia%<wbr \/>2Fviagem-psiquica-ao-marielle-<wbr \/>vive%2F&amp;psig=<wbr \/>AOvVaw0P9rJ5EfWMUxLRsj-ntXVM&amp;<wbr \/>ust=1608384515274000&amp;source=<wbr \/>images&amp;cd=vfe&amp;ved=<wbr \/>0CA0QjhxqFwoTCJiotrbR1-<wbr \/>0CFQAAAAAdAAAAABAD<\/a><\/div>\n<\/li>\n<\/ul>\n<p>&nbsp;<\/p>\n<ul>\n<li><strong>Assessoria ao Grupo Especial de Atua\u00e7\u00e3o na Educa\u00e7\u00e3o N\u00facleo Ribeir\u00e3o Preto (GEDUC-NRP) do Minist\u00e9rio P\u00fabico do Estado de S\u00e3o Paulo (MPSP) e tamb\u00e9m ao N\u00facleo de Assessoria T\u00e9cnica (NAT), de 2016 a 2022<\/strong><\/li>\n<\/ul>\n<p>A finalidade da assessoria ao GEDUC-RP \u00e9 colaborar na tomada de decis\u00e3o do Promotor de Justi\u00e7a, respons\u00e1vel pelos procedimentos administrativos e judiciais relativos \u00e0 defesa do direito ao acesso e \u00e0 qualidade da educa\u00e7\u00e3o, de crian\u00e7as residentes em \u00e1reas rurais e urbanas, em 22 munic\u00edpios da regi\u00e3o de Ribeir\u00e3o Preto (SP).<\/p>\n<p>S\u00e3o assessoradas a\u00e7\u00f5es que busquem a adequa\u00e7\u00e3o da oferta de servi\u00e7os educacionais \u00e0s necessidades educacionais e desenvolvimentais das crian\u00e7as, relativas \u00e0: rela\u00e7\u00e3o fam\u00edlia escola; qualidade das institui\u00e7\u00f5es; oferta de equipamentos culturais e bibliotecas; superlota\u00e7\u00e3o de salas; educa\u00e7\u00e3o para popula\u00e7\u00f5es dos territ\u00f3rios rurais.<\/p>\n<p>As a\u00e7\u00f5es objetivam ainda criar espa\u00e7o para escuta das demandas das profissionais do NAT, relativas ao di\u00e1logo com as institui\u00e7\u00f5es, secretarias municipais e os promotores, a qualifica\u00e7\u00e3o dos relat\u00f3rios t\u00e9cnicos e as estrat\u00e9gias de avalia\u00e7\u00e3o das pol\u00edticas p\u00fablicas.<\/p>\n<p>A atua\u00e7\u00e3o da Psicologia no Minist\u00e9rio P\u00fablico \u00e9 recente, em especial no \u00e2mbito do controle das pol\u00edticas p\u00fablicas e direitos difusos. A assessoria age na constru\u00e7\u00e3o de um campo que exige repensar pr\u00e1ticas, instrumentos, procedimentos e linguagens.<\/p>\n<p>&nbsp;<\/p>\n<ul>\n<li><strong>Participa\u00e7\u00e3o no coletivo Frente Nordeste Crian\u00e7a,\u00a0 2019 e 2020<\/strong><\/li>\n<\/ul>\n<p>O LAPSAPE participa do Coletivo Frente Nordeste Crian\u00e7a, formado por representantes de todos os Estados do Nordeste, das Redes Estaduais e Primeira Inf\u00e2ncia, dos F\u00f3runs de Educa\u00e7\u00e3o que integram o Movimento Interf\u00f3runs de Educa\u00e7\u00e3o Infantil do Brasil (MIEI), por do Conselho Federal de Psicologia,\u00a0 das ONGs Avante e Campanha Nacional pelo Direito \u00e0 Educa\u00e7\u00e3o. Participam ainda pesquisadores de Universidades Federais (UFAL, UFBA, UFMA, UFCG, UFPB, UFPE, UFPI, UFS, UFRN, UFERSA) e Estaduais (FEUSP, FFCLRP-USP, UERN).<\/p>\n<p>O coletivo se uniu para colaborar com o Projeto Mandacaru, no C\u00edrculo Tem\u00e1tico de Viol\u00eancia e Direitos Humanos, por meio da elabora\u00e7\u00e3o de material que subsidie as decis\u00f5es de enfrentamento a pandemia de COVID-19.<\/p>\n<p>Uma Nota T\u00e9cnica foi produzida, al\u00e9m do Caderno de Direitos Retorno \u00e0 Creche e \u00e0 Escola: Direitos das Crian\u00e7as, suas Fam\u00edlias e suas\/seus Educadoras\/es &#8211; gestoras\/es, professoras\/es e funcion\u00e1rias\/os.<\/p>\n<p>&nbsp;<\/p>\n<ul>\n<li><strong>Grupo de apoio ao processo de auto constru\u00e7\u00e3o de fossas biodigestoras no Assentamento Luiza Mahin (Ribeir\u00e3o Preto-SP) , agosto de 2018\u00a0 a dezembro de 2019. <\/strong>O projeto foi desenvolvido por Bianca de Oliveira Macedo e Raul Gomes em parceria com a OnG Aqu\u00edfero Guarani.<\/li>\n<\/ul>\n<p>&nbsp;<\/p>\n<ul>\n<li><b>Projeto Belezura: um encontro criativo entre crian\u00e7as de um assentamento de Ribeir\u00e3o Preto- SP com seu espa\u00e7o, agosto a dezembro de 2018. <\/b>O projeto foi desenvolvido por Let\u00edcia Michele Stencel, no assentamento Santos-Dias.<\/li>\n<\/ul>\n<p>&nbsp;<\/p>\n<ul>\n<li><strong>Forma\u00e7\u00e3o de educadores sociais no N\u00facleo da Crian\u00e7a e do Adolescente, do SCFV de Bonfim Paulista (SP), agosto de 2017 a agosto de 2018.\u00a0<\/strong>O projeto foi desenvolvido por tr\u00eas bolsistas do Programa Unificado de Bolsas da USP (PUB).<\/li>\n<\/ul>\n<p>&nbsp;<\/p>\n<ul>\n<li style=\"text-align: justify;\"><strong>Promo\u00e7\u00e3o da apropria\u00e7\u00e3o do espa\u00e7o pelas novas gera\u00e7\u00f5es no distrito de Bonfim Paulista (SP): encontro de saberes e identidades (agosto de 2016 a agosto de 2017). <\/strong><\/li>\n<\/ul>\n<p><a href=\"http:\/\/sites.usp.br\/lapsape\/wp-content\/uploads\/sites\/79\/2017\/12\/IMG_20170522_141746575.jpg\"><img loading=\"lazy\" decoding=\"async\" class=\"wp-image-1200 alignleft\" src=\"http:\/\/sites.usp.br\/lapsape\/wp-content\/uploads\/sites\/79\/2017\/12\/IMG_20170522_141746575.jpg\" alt=\"\" width=\"404\" height=\"227\" srcset=\"https:\/\/sites.usp.br\/lapsape\/wp-content\/uploads\/sites\/79\/2017\/12\/IMG_20170522_141746575.jpg 4160w, https:\/\/sites.usp.br\/lapsape\/wp-content\/uploads\/sites\/79\/2017\/12\/IMG_20170522_141746575-300x169.jpg 300w, https:\/\/sites.usp.br\/lapsape\/wp-content\/uploads\/sites\/79\/2017\/12\/IMG_20170522_141746575-768x432.jpg 768w, https:\/\/sites.usp.br\/lapsape\/wp-content\/uploads\/sites\/79\/2017\/12\/IMG_20170522_141746575-1024x576.jpg 1024w, https:\/\/sites.usp.br\/lapsape\/wp-content\/uploads\/sites\/79\/2017\/12\/IMG_20170522_141746575-310x174.jpg 310w, https:\/\/sites.usp.br\/lapsape\/wp-content\/uploads\/sites\/79\/2017\/12\/IMG_20170522_141746575-400x225.jpg 400w\" sizes=\"auto, (max-width: 404px) 100vw, 404px\" \/><\/a><\/p>\n<p>&nbsp;<\/p>\n<p>O projeto foi desenvolvido por dois bolsistas do Programa Unificado de Bolsas da USP (PUB) e contou com a participa\u00e7\u00e3o volunt\u00e1ria de uma estudante de Psicologia.<\/p>\n<p>&nbsp;<\/p>\n<ul>\n<li style=\"text-align: justify;\"><strong>Atividades destinadas a crian\u00e7as e educadores leigos no Assentamento Rural M\u00e1rio Lago, Ribeir\u00e3o Preto (SP) (agosto de 2007 a dezembro de 2012)<\/strong>.<\/li>\n<\/ul>\n<p style=\"text-align: justify;\"><a href=\"http:\/\/sites.usp.br\/lapsape\/wp-content\/uploads\/sites\/79\/2015\/11\/P\u00e1gina-LAPSAPE-para-Extens\u00e3o-Universit\u00e1ria.png\"><img loading=\"lazy\" decoding=\"async\" class=\"alignright wp-image-307\" src=\"http:\/\/sites.usp.br\/lapsape\/wp-content\/uploads\/sites\/79\/2015\/11\/P\u00e1gina-LAPSAPE-para-Extens\u00e3o-Universit\u00e1ria.png\" alt=\"P\u00e1gina LAPSAPE para Extens\u00e3o Universit\u00e1ria\" width=\"318\" height=\"239\" srcset=\"https:\/\/sites.usp.br\/lapsape\/wp-content\/uploads\/sites\/79\/2015\/11\/P\u00e1gina-LAPSAPE-para-Extens\u00e3o-Universit\u00e1ria.png 553w, https:\/\/sites.usp.br\/lapsape\/wp-content\/uploads\/sites\/79\/2015\/11\/P\u00e1gina-LAPSAPE-para-Extens\u00e3o-Universit\u00e1ria-300x225.png 300w, https:\/\/sites.usp.br\/lapsape\/wp-content\/uploads\/sites\/79\/2015\/11\/P\u00e1gina-LAPSAPE-para-Extens\u00e3o-Universit\u00e1ria-80x60.png 80w, https:\/\/sites.usp.br\/lapsape\/wp-content\/uploads\/sites\/79\/2015\/11\/P\u00e1gina-LAPSAPE-para-Extens\u00e3o-Universit\u00e1ria-400x300.png 400w\" sizes=\"auto, (max-width: 318px) 100vw, 318px\" \/><\/a><\/p>\n<p style=\"text-align: justify;\">A partir de aportes da Psicologia Socioambiental, Psicologia do Desenvolvimento e da Psicologia Social Comunit\u00e1ria, o grupo desenvolveu, de 2007 a 2013. Al\u00e9m de bolsistas de extens\u00e3o e p\u00f3s-graduandos, tamb\u00e9m foram integrados ao grupo estudantes de gradua\u00e7\u00e3o por meio de est\u00e1gio ofertado nas disciplinas Inf\u00e2ncia e Pr\u00e1ticas Educativas I e II, destinadas \u00e0 profissionaliza\u00e7\u00e3o dos alunos do quarto ano do curso de Psicologia.<\/p>\n<p>&nbsp;<\/p>\n<ul>\n<li style=\"text-align: justify;\"><strong>Curso de Aperfei\u00e7oamento <\/strong><strong><em>Educa\u00e7\u00e3o do Cam<\/em><\/strong><strong><em>po: construindo propostas pedag\u00f3gicas transformadoras (2012 e 2013). <\/em><\/strong><\/li>\n<\/ul>\n<p><a href=\"http:\/\/sites.usp.br\/lapsape\/wp-content\/uploads\/sites\/79\/2015\/11\/Foto-Curso-Aperfei\u00e7oamneto-Escolas-do-Campo.jpg\"><img loading=\"lazy\" decoding=\"async\" class=\"wp-image-479 alignleft\" src=\"http:\/\/sites.usp.br\/lapsape\/wp-content\/uploads\/sites\/79\/2015\/11\/Foto-Curso-Aperfei\u00e7oamneto-Escolas-do-Campo.jpg\" alt=\"Foto Curso Aperfei\u00e7oamneto Escolas do Campo\" width=\"373\" height=\"209\" srcset=\"https:\/\/sites.usp.br\/lapsape\/wp-content\/uploads\/sites\/79\/2015\/11\/Foto-Curso-Aperfei\u00e7oamneto-Escolas-do-Campo.jpg 1600w, https:\/\/sites.usp.br\/lapsape\/wp-content\/uploads\/sites\/79\/2015\/11\/Foto-Curso-Aperfei\u00e7oamneto-Escolas-do-Campo-300x168.jpg 300w, https:\/\/sites.usp.br\/lapsape\/wp-content\/uploads\/sites\/79\/2015\/11\/Foto-Curso-Aperfei\u00e7oamneto-Escolas-do-Campo-1024x575.jpg 1024w, https:\/\/sites.usp.br\/lapsape\/wp-content\/uploads\/sites\/79\/2015\/11\/Foto-Curso-Aperfei\u00e7oamneto-Escolas-do-Campo-310x174.jpg 310w, https:\/\/sites.usp.br\/lapsape\/wp-content\/uploads\/sites\/79\/2015\/11\/Foto-Curso-Aperfei\u00e7oamneto-Escolas-do-Campo-400x225.jpg 400w\" sizes=\"auto, (max-width: 373px) 100vw, 373px\" \/><\/a><\/p>\n<p>&nbsp;<\/p>\n<p>Oferecido \u00e0s professoras de escolas rurais das regi\u00f5es de Ribeir\u00e3o Preto, Araraquara e S\u00e3o Carlos, em coordena\u00e7\u00e3o conjunta com o Prof. Dr. Jos\u00e9 Marcelino de Rezende Pinto (DEDIC, FFCLRP-USP).<\/p>\n<p>&nbsp;<\/p>\n<p>&nbsp;<\/p>\n<p>&nbsp;<\/p>\n<p>&nbsp;<\/p>\n","protected":false},"excerpt":{"rendered":"<p>O LAPSAPE colabora com institui\u00e7\u00f5es p\u00fablicas e movimento sociais, por meio de palestras, pareceres, oficinas e cursos, em temas relativos \u00e0 pr\u00e1ticas educativas em contextos rurais e urbanos, \u00e0s problem\u00e1ticas socioambientais na atualidade e \u00e0s pr\u00e1ticas sociais comunit\u00e1rias. Tamb\u00e9m colabora\u00a0no debate e na elabora\u00e7\u00e3o de pol\u00edticas p\u00fablicas. Algumas destas atividades contam com apoio da Pr\u00f3-Reitoria &hellip; <\/p>\n<p class=\"link-more\"><a href=\"https:\/\/sites.usp.br\/lapsape\/extensao-universitaria\/\" class=\"more-link\">Continue lendo<span class=\"screen-reader-text\"> &#8220;Extens\u00e3o&#8221;<\/span><\/a><\/p>\n","protected":false},"author":156,"featured_media":0,"parent":0,"menu_order":13,"comment_status":"closed","ping_status":"closed","template":"","meta":{"footnotes":"","_links_to":"","_links_to_target":""},"class_list":["post-183","page","type-page","status-publish","hentry"],"_links":{"self":[{"href":"https:\/\/sites.usp.br\/lapsape\/wp-json\/wp\/v2\/pages\/183","targetHints":{"allow":["GET"]}}],"collection":[{"href":"https:\/\/sites.usp.br\/lapsape\/wp-json\/wp\/v2\/pages"}],"about":[{"href":"https:\/\/sites.usp.br\/lapsape\/wp-json\/wp\/v2\/types\/page"}],"author":[{"embeddable":true,"href":"https:\/\/sites.usp.br\/lapsape\/wp-json\/wp\/v2\/users\/156"}],"replies":[{"embeddable":true,"href":"https:\/\/sites.usp.br\/lapsape\/wp-json\/wp\/v2\/comments?post=183"}],"version-history":[{"count":4,"href":"https:\/\/sites.usp.br\/lapsape\/wp-json\/wp\/v2\/pages\/183\/revisions"}],"predecessor-version":[{"id":1844,"href":"https:\/\/sites.usp.br\/lapsape\/wp-json\/wp\/v2\/pages\/183\/revisions\/1844"}],"wp:attachment":[{"href":"https:\/\/sites.usp.br\/lapsape\/wp-json\/wp\/v2\/media?parent=183"}],"curies":[{"name":"wp","href":"https:\/\/api.w.org\/{rel}","templated":true}]}}