{"id":43,"date":"2026-04-08T11:27:41","date_gmt":"2026-04-08T14:27:41","guid":{"rendered":"https:\/\/sites.usp.br\/latecbio\/?page_id=43"},"modified":"2026-04-24T18:20:23","modified_gmt":"2026-04-24T21:20:23","slug":"modfalantes","status":"publish","type":"page","link":"https:\/\/sites.usp.br\/latecbio\/modfalantes\/","title":{"rendered":"Modelos Falantes"},"content":{"rendered":"<div id=\"pl-43\"  class=\"panel-layout\" ><div id=\"pg-43-0\"  class=\"panel-grid panel-no-style\" ><div id=\"pgc-43-0-0\"  class=\"panel-grid-cell\" ><div id=\"panel-43-0-0-0\" class=\"so-panel widget widget_text panel-first-child panel-last-child\" data-index=\"0\" ><div class=\"panel-widget-style panel-widget-style-for-43-0-0-0\" >\t\t\t<div class=\"textwidget\"><p align=\"justify\">Somos uma iniciativa interinstitucional dedicada ao desenvolvimento de recursos assistivos para o ensino de conte\u00fados das \u00e1reas da sa\u00fade e da biologia, com foco na acessibilidade para pessoas com defici\u00eancia visual e orientada pelos princ\u00edpios do Design Universal para a Aprendizagem.<\/p>\n<p align=\"justify\">Entre nossas propostas est\u00e3o os Modelos Falantes: objetos did\u00e1ticos autoexplicativos que reproduzem audiodescri\u00e7\u00f5es quando acionados por sensores espec\u00edficos. Esses modelos podem ser programados com m\u00faltiplas audiodescri\u00e7\u00f5es, adaptadas a diferentes p\u00fablicos, n\u00edveis de escolaridade e objetivos pedag\u00f3gicos.<\/p>\n<p align=\"justify\">Nesta p\u00e1gina, voc\u00ea encontrar\u00e1 projetos de modelos, arquivos para impress\u00e3o 3D, desenhos de placas de circuito, <em>firmwares<\/em> e manuais para apoiar a cria\u00e7\u00e3o de seus pr\u00f3prios recursos inclusivos. Disponibilizamos vers\u00f5es com acionamento por explora\u00e7\u00e3o t\u00e1til ou por proximidade.<\/p>\n<p><strong>Equipe<\/strong><br \/>\nF\u00e1bio Siviero (ICB-USP)<br \/>\nKelliton Jos\u00e9 Mendon\u00e7a Francisco (ICB-USP)<br \/>\nPaulo Eduardo Capel Cardoso (FO-USP)<\/p>\n<\/div>\n\t\t<\/div><\/div><\/div><\/div><div id=\"pg-43-1\"  class=\"panel-grid panel-no-style\" ><div id=\"pgc-43-1-0\"  class=\"panel-grid-cell\" ><div id=\"panel-43-1-0-0\" class=\"so-panel widget widget_text panel-first-child panel-last-child\" data-index=\"1\" ><div class=\"panel-widget-style panel-widget-style-for-43-1-0-0\" ><h3 class=\"widget-title\">Projetos<\/h3>\t\t\t<div class=\"textwidget\"><p><strong>Dispositivo Personaliz\u00e1vel de Audiodescri\u00e7\u00e3o<\/strong><\/p>\n<p>Acionamento por explora\u00e7\u00e3o t\u00e1til<\/p>\n<\/div>\n\t\t<\/div><\/div><\/div><\/div><div id=\"pg-43-2\"  class=\"panel-grid panel-no-style\" ><div id=\"pgc-43-2-0\"  class=\"panel-grid-cell\" ><div id=\"panel-43-2-0-0\" class=\"so-panel widget widget_text panel-first-child panel-last-child\" data-index=\"2\" ><div class=\"panel-widget-style panel-widget-style-for-43-2-0-0\" >\t\t\t<div class=\"textwidget\"><p>Vers\u00e3o atual:<\/p>\n<\/div>\n\t\t<\/div><\/div><\/div><\/div><div id=\"pg-43-3\"  class=\"panel-grid panel-no-style\" ><div id=\"pgc-43-3-0\"  class=\"panel-grid-cell\" ><div id=\"panel-43-3-0-0\" class=\"so-panel widget widget_text panel-first-child panel-last-child\" data-index=\"3\" ><div class=\"panel-widget-style panel-widget-style-for-43-3-0-0\" >\t\t\t<div class=\"textwidget\"><p><strong>Dispositivo Dedicado de Audiodescri\u00e7\u00e3o<\/strong><\/p>\n<p>Acionamento por aproxima\u00e7\u00e3o<\/p>\n<\/div>\n\t\t<\/div><\/div><\/div><\/div><div id=\"pg-43-4\"  class=\"panel-grid panel-no-style\" ><div id=\"pgc-43-4-0\"  class=\"panel-grid-cell\" ><div id=\"panel-43-4-0-0\" class=\"so-panel widget widget_text panel-first-child panel-last-child\" data-index=\"4\" ><div class=\"panel-widget-style panel-widget-style-for-43-4-0-0\" >\t\t\t<div class=\"textwidget\"><p>Vers\u00e3o atual:<\/p>\n<\/div>\n\t\t<\/div><\/div><\/div><\/div><div id=\"pg-43-5\"  class=\"panel-grid panel-no-style\" ><div id=\"pgc-43-5-0\"  class=\"panel-grid-cell\" ><div id=\"panel-43-5-0-0\" class=\"so-panel widget widget_text panel-first-child panel-last-child\" data-index=\"5\" ><div class=\"panel-widget-style panel-widget-style-for-43-5-0-0\" >\t\t\t<div class=\"textwidget\"><p><strong>DPA<\/strong><\/p>\n<p>Vers\u00f5es anteriores:<\/p>\n<\/div>\n\t\t<\/div><\/div><\/div><\/div><div id=\"pg-43-6\"  class=\"panel-grid panel-no-style\" ><div id=\"pgc-43-6-0\"  class=\"panel-grid-cell\" ><div id=\"panel-43-6-0-0\" class=\"so-panel widget widget_text panel-first-child panel-last-child\" data-index=\"6\" ><div class=\"panel-widget-style panel-widget-style-for-43-6-0-0\" >\t\t\t<div class=\"textwidget\"><p><strong>DDA<\/strong><\/p>\n<p>Vers\u00f5es anteriores:<\/p>\n<\/div>\n\t\t<\/div><\/div><\/div><\/div><\/div>","protected":false},"excerpt":{"rendered":"<p>Somos uma iniciativa interinstitucional dedicada ao desenvolvimento de recursos assistivos para o ensino de conte\u00fados das \u00e1reas da sa\u00fade e da biologia, com foco na acessibilidade para pessoas com defici\u00eancia visual e orientada pelos princ\u00edpios do Design Universal para a Aprendizagem. Entre nossas propostas est\u00e3o os Modelos Falantes: objetos did\u00e1ticos autoexplicativos que reproduzem audiodescri\u00e7\u00f5es quando [&hellip;]<\/p>\n","protected":false},"author":24732,"featured_media":0,"parent":0,"menu_order":2,"comment_status":"closed","ping_status":"closed","template":"","meta":{"ocean_post_layout":"","ocean_both_sidebars_style":"","ocean_both_sidebars_content_width":0,"ocean_both_sidebars_sidebars_width":0,"ocean_sidebar":"0","ocean_second_sidebar":"0","ocean_disable_margins":"enable","ocean_add_body_class":"","ocean_shortcode_before_top_bar":"","ocean_shortcode_after_top_bar":"","ocean_shortcode_before_header":"","ocean_shortcode_after_header":"","ocean_has_shortcode":"","ocean_shortcode_after_title":"","ocean_shortcode_before_footer_widgets":"","ocean_shortcode_after_footer_widgets":"","ocean_shortcode_before_footer_bottom":"","ocean_shortcode_after_footer_bottom":"","ocean_display_top_bar":"default","ocean_display_header":"default","ocean_header_style":"","ocean_center_header_left_menu":"0","ocean_custom_header_template":"0","ocean_custom_logo":0,"ocean_custom_retina_logo":0,"ocean_custom_logo_max_width":0,"ocean_custom_logo_tablet_max_width":0,"ocean_custom_logo_mobile_max_width":0,"ocean_custom_logo_max_height":0,"ocean_custom_logo_tablet_max_height":0,"ocean_custom_logo_mobile_max_height":0,"ocean_header_custom_menu":"0","ocean_menu_typo_font_family":"0","ocean_menu_typo_font_subset":"","ocean_menu_typo_font_size":0,"ocean_menu_typo_font_size_tablet":0,"ocean_menu_typo_font_size_mobile":0,"ocean_menu_typo_font_size_unit":"px","ocean_menu_typo_font_weight":"","ocean_menu_typo_font_weight_tablet":"","ocean_menu_typo_font_weight_mobile":"","ocean_menu_typo_transform":"","ocean_menu_typo_transform_tablet":"","ocean_menu_typo_transform_mobile":"","ocean_menu_typo_line_height":0,"ocean_menu_typo_line_height_tablet":0,"ocean_menu_typo_line_height_mobile":0,"ocean_menu_typo_line_height_unit":"","ocean_menu_typo_spacing":0,"ocean_menu_typo_spacing_tablet":0,"ocean_menu_typo_spacing_mobile":0,"ocean_menu_typo_spacing_unit":"","ocean_menu_link_color":"","ocean_menu_link_color_hover":"","ocean_menu_link_color_active":"","ocean_menu_link_background":"","ocean_menu_link_hover_background":"","ocean_menu_link_active_background":"","ocean_menu_social_links_bg":"","ocean_menu_social_hover_links_bg":"","ocean_menu_social_links_color":"","ocean_menu_social_hover_links_color":"","ocean_disable_title":"default","ocean_disable_heading":"default","ocean_post_title":"","ocean_post_subheading":"","ocean_post_title_style":"","ocean_post_title_background_color":"","ocean_post_title_background":0,"ocean_post_title_bg_image_position":"","ocean_post_title_bg_image_attachment":"","ocean_post_title_bg_image_repeat":"","ocean_post_title_bg_image_size":"","ocean_post_title_height":0,"ocean_post_title_bg_overlay":0.5,"ocean_post_title_bg_overlay_color":"","ocean_disable_breadcrumbs":"default","ocean_breadcrumbs_color":"","ocean_breadcrumbs_separator_color":"","ocean_breadcrumbs_links_color":"","ocean_breadcrumbs_links_hover_color":"","ocean_display_footer_widgets":"default","ocean_display_footer_bottom":"default","ocean_custom_footer_template":"0","footnotes":"","_links_to":"","_links_to_target":""},"class_list":["post-43","page","type-page","status-publish","hentry","entry"],"_links":{"self":[{"href":"https:\/\/sites.usp.br\/latecbio\/wp-json\/wp\/v2\/pages\/43","targetHints":{"allow":["GET"]}}],"collection":[{"href":"https:\/\/sites.usp.br\/latecbio\/wp-json\/wp\/v2\/pages"}],"about":[{"href":"https:\/\/sites.usp.br\/latecbio\/wp-json\/wp\/v2\/types\/page"}],"author":[{"embeddable":true,"href":"https:\/\/sites.usp.br\/latecbio\/wp-json\/wp\/v2\/users\/24732"}],"replies":[{"embeddable":true,"href":"https:\/\/sites.usp.br\/latecbio\/wp-json\/wp\/v2\/comments?post=43"}],"version-history":[{"count":4,"href":"https:\/\/sites.usp.br\/latecbio\/wp-json\/wp\/v2\/pages\/43\/revisions"}],"predecessor-version":[{"id":60,"href":"https:\/\/sites.usp.br\/latecbio\/wp-json\/wp\/v2\/pages\/43\/revisions\/60"}],"wp:attachment":[{"href":"https:\/\/sites.usp.br\/latecbio\/wp-json\/wp\/v2\/media?parent=43"}],"curies":[{"name":"wp","href":"https:\/\/api.w.org\/{rel}","templated":true}]}}