{"id":1133,"date":"2020-02-04T10:35:05","date_gmt":"2020-02-04T12:35:05","guid":{"rendered":"http:\/\/sites.usp.br\/lbbp\/?page_id=1133"},"modified":"2020-02-04T10:36:41","modified_gmt":"2020-02-04T12:36:41","slug":"thiago","status":"publish","type":"page","link":"https:\/\/sites.usp.br\/lbbp\/thiago\/","title":{"rendered":"Thiago Pineiro Bizelli"},"content":{"rendered":"<p>Graduando do curso de Biotecnologia da Escola de Artes Ci\u00eancias e Humanidades, USP (2019). Realiza inicia\u00e7\u00e3o cient\u00edfica (2019) no projeto &#8220;Estudo e caracteriza\u00e7\u00e3o de enzimas \u03b1-L-arabinofuranosidases recombinantes&#8221;.<\/p>\n<p><a href=\"http:\/\/lattes.cnpq.br\/9725429213871668\">Link CV Lattes<\/a>:<\/p>\n<p><strong>Forma\u00e7\u00e3o<\/strong><\/p>\n<p>1- Gradua\u00e7\u00e3o: Bacharelado em Biotecnologia<\/p>\n<p>Data de conclus\u00e3o: 2019 &#8211; atual<\/p>\n<p>IES: Escola de Artes Ci\u00eancias e Humanidades, Universidade de S\u00e3o Paulo.<\/p>\n<p><strong>Projeto:<\/strong> <strong>Estudo e caracteriza\u00e7\u00e3o de enzimas \u03b1-L-arabinofuranosidases recombinantes<\/strong><\/p>\n<p>Durante a hidr\u00f3lise enzim\u00e1tica da biomassa lignocelul\u00f3sica s\u00e3o utilizadas enzimas para obten\u00e7\u00e3o de a\u00e7\u00facares sol\u00faveis ferment\u00e1veis, sendo elas: celobiohidrolases, endoglucanases, \u03b2-glicosidases, \u03b1-xilosidases, \u03b1-arabinofuranosidases, pectinases, feruloilesterases, oxidorreductases e outras enzimas acess\u00f3rias. Recentes pesquisas t\u00eam demonstrado a participa\u00e7\u00e3o e import\u00e2ncia de prote\u00ednas auxiliares ou acess\u00f3rias no processo de degrada\u00e7\u00e3o da lignocelulose. O presente projeto pretende a clonagem e caracteriza\u00e7\u00e3o das enzimas \u03b1-L-arabinofuranosidases de <em>Streptomyces sp. <\/em>e de bact\u00e9rias presentes no intestino de cupins, as quais potencialmente podem ser utilizadas como aditivo ao coquetel de enzimas utilizado na degrada\u00e7\u00e3o de baga\u00e7o de cana de a\u00e7\u00facar. O estudo de enzimas como componentes de um coquetel enzim\u00e1tico com potencial utiliza\u00e7\u00e3o em biotecnologia e na hidr\u00f3lise de lignocelulose permitir\u00e1 o eficiente tratamento enzim\u00e1tico e obten\u00e7\u00e3o de maior n\u00edvel de a\u00e7\u00facares a partir da biomassa.<\/p>\n<p>Bolsa Ag\u00eancia: PIBIC\/CNPq<\/p>\n<p>Vig\u00eancia: 01\/08\/2019 &#8211; 31\/07\/2020<\/p>\n<p><strong>Participa\u00e7\u00e3o em eventos:<\/strong><\/p>\n","protected":false},"excerpt":{"rendered":"<p>Graduando do curso de Biotecnologia da Escola de Artes Ci\u00eancias e Humanidades, USP (2019). Realiza inicia\u00e7\u00e3o cient\u00edfica (2019) no projeto &#8220;Estudo e caracteriza\u00e7\u00e3o de enzimas \u03b1-L-arabinofuranosidases recombinantes&#8221;. Link CV Lattes: Forma\u00e7\u00e3o 1- Gradua\u00e7\u00e3o: Bacharelado em Biotecnologia Data de conclus\u00e3o: 2019 &#8211; atual IES: Escola de Artes Ci\u00eancias e Humanidades, Universidade de S\u00e3o Paulo. Projeto: Estudo<a href=\"https:\/\/sites.usp.br\/lbbp\/thiago\/\">[&#8230;]<\/a><\/p>\n","protected":false},"author":208,"featured_media":0,"parent":0,"menu_order":0,"comment_status":"closed","ping_status":"closed","template":"","meta":{"_monsterinsights_skip_tracking":false,"_monsterinsights_sitenote_active":false,"_monsterinsights_sitenote_note":"","_monsterinsights_sitenote_category":0,"footnotes":"","_links_to":"","_links_to_target":""},"class_list":["post-1133","page","type-page","status-publish","hentry"],"_links":{"self":[{"href":"https:\/\/sites.usp.br\/lbbp\/wp-json\/wp\/v2\/pages\/1133","targetHints":{"allow":["GET"]}}],"collection":[{"href":"https:\/\/sites.usp.br\/lbbp\/wp-json\/wp\/v2\/pages"}],"about":[{"href":"https:\/\/sites.usp.br\/lbbp\/wp-json\/wp\/v2\/types\/page"}],"author":[{"embeddable":true,"href":"https:\/\/sites.usp.br\/lbbp\/wp-json\/wp\/v2\/users\/208"}],"replies":[{"embeddable":true,"href":"https:\/\/sites.usp.br\/lbbp\/wp-json\/wp\/v2\/comments?post=1133"}],"version-history":[{"count":2,"href":"https:\/\/sites.usp.br\/lbbp\/wp-json\/wp\/v2\/pages\/1133\/revisions"}],"predecessor-version":[{"id":1135,"href":"https:\/\/sites.usp.br\/lbbp\/wp-json\/wp\/v2\/pages\/1133\/revisions\/1135"}],"wp:attachment":[{"href":"https:\/\/sites.usp.br\/lbbp\/wp-json\/wp\/v2\/media?parent=1133"}],"curies":[{"name":"wp","href":"https:\/\/api.w.org\/{rel}","templated":true}]}}