{"id":79,"date":"2014-02-24T16:51:20","date_gmt":"2014-02-24T18:51:20","guid":{"rendered":"http:\/\/sites.usp.br\/lbbp\/?page_id=79"},"modified":"2026-01-12T11:01:30","modified_gmt":"2026-01-12T13:01:30","slug":"pagina-inicial","status":"publish","type":"page","link":"https:\/\/sites.usp.br\/lbbp\/","title":{"rendered":"Laborat\u00f3rio de Bioqu\u00edmica e Biotecnologia de Prote\u00ednas"},"content":{"rendered":"<div id=\"pl-79\"  class=\"panel-layout\" ><div id=\"pg-79-0\"  class=\"panel-grid panel-no-style\" ><div id=\"pgc-79-0-0\"  class=\"panel-grid-cell\" ><div id=\"panel-79-0-0-0\" class=\"so-panel widget widget_sow-slider panel-first-child panel-last-child\" data-index=\"0\" ><div\n\t\t\t\n\t\t\tclass=\"so-widget-sow-slider so-widget-sow-slider-default-6d39609536fd-79\"\n\t\t\t\n\t\t>\t\t\t\t<div class=\"sow-slider-base\" style=\"display: none\" tabindex=\"0\">\n\t\t\t\t\t<ul\n\t\t\t\t\tclass=\"sow-slider-images\"\n\t\t\t\t\tdata-settings=\"{&quot;pagination&quot;:true,&quot;speed&quot;:800,&quot;timeout&quot;:8000,&quot;paused&quot;:false,&quot;pause_on_hover&quot;:false,&quot;swipe&quot;:true,&quot;nav_always_show_desktop&quot;:&quot;&quot;,&quot;nav_always_show_mobile&quot;:&quot;&quot;,&quot;breakpoint&quot;:&quot;780px&quot;,&quot;unmute&quot;:false,&quot;anchor&quot;:null}\"\n\t\t\t\t\t\t\t\t\t\tdata-anchor-id=\"\"\n\t\t\t\t>\t\t<li class=\"sow-slider-image\" style=\"visibility: visible;\" >\n\t\t\t\t\t\t<img loading=\"lazy\" decoding=\"async\" width=\"533\" height=\"300\" src=\"https:\/\/sites.usp.br\/lbbp\/wp-content\/uploads\/sites\/464\/2014\/02\/Lab9.jpg\" class=\"sow-slider-background-image\" alt=\"\" style=\"\" srcset=\"https:\/\/sites.usp.br\/lbbp\/wp-content\/uploads\/sites\/464\/2014\/02\/Lab9.jpg 533w, https:\/\/sites.usp.br\/lbbp\/wp-content\/uploads\/sites\/464\/2014\/02\/Lab9-300x169.jpg 300w, https:\/\/sites.usp.br\/lbbp\/wp-content\/uploads\/sites\/464\/2014\/02\/Lab9-310x174.jpg 310w, https:\/\/sites.usp.br\/lbbp\/wp-content\/uploads\/sites\/464\/2014\/02\/Lab9-400x225.jpg 400w\" sizes=\"auto, (max-width: 533px) 100vw, 533px\" \/>\t\t<\/li>\n\t\t\t\t<li class=\"sow-slider-image\" style=\"visibility: hidden;\" >\n\t\t\t\t\t\t<img loading=\"lazy\" decoding=\"async\" width=\"604\" height=\"300\" src=\"https:\/\/sites.usp.br\/lbbp\/wp-content\/uploads\/sites\/464\/2014\/02\/Lab4.jpg\" class=\"sow-slider-background-image\" alt=\"\" style=\"\" srcset=\"https:\/\/sites.usp.br\/lbbp\/wp-content\/uploads\/sites\/464\/2014\/02\/Lab4.jpg 604w, https:\/\/sites.usp.br\/lbbp\/wp-content\/uploads\/sites\/464\/2014\/02\/Lab4-300x149.jpg 300w, https:\/\/sites.usp.br\/lbbp\/wp-content\/uploads\/sites\/464\/2014\/02\/Lab4-400x199.jpg 400w\" sizes=\"auto, (max-width: 604px) 100vw, 604px\" \/>\t\t<\/li>\n\t\t\t\t<li class=\"sow-slider-image\" style=\"visibility: hidden;\" >\n\t\t\t\t\t\t<img loading=\"lazy\" decoding=\"async\" width=\"637\" height=\"300\" src=\"https:\/\/sites.usp.br\/lbbp\/wp-content\/uploads\/sites\/464\/2014\/02\/Lab3.jpg\" class=\"sow-slider-background-image\" alt=\"\" style=\"\" srcset=\"https:\/\/sites.usp.br\/lbbp\/wp-content\/uploads\/sites\/464\/2014\/02\/Lab3.jpg 637w, https:\/\/sites.usp.br\/lbbp\/wp-content\/uploads\/sites\/464\/2014\/02\/Lab3-300x141.jpg 300w, https:\/\/sites.usp.br\/lbbp\/wp-content\/uploads\/sites\/464\/2014\/02\/Lab3-400x188.jpg 400w\" sizes=\"auto, (max-width: 637px) 100vw, 637px\" \/>\t\t<\/li>\n\t\t\t\t<li class=\"sow-slider-image\" style=\"visibility: hidden;\" >\n\t\t\t\t\t\t<img loading=\"lazy\" decoding=\"async\" width=\"580\" height=\"300\" src=\"https:\/\/sites.usp.br\/lbbp\/wp-content\/uploads\/sites\/464\/2014\/02\/Lab8.jpg\" class=\"sow-slider-background-image\" alt=\"\" style=\"\" srcset=\"https:\/\/sites.usp.br\/lbbp\/wp-content\/uploads\/sites\/464\/2014\/02\/Lab8.jpg 580w, https:\/\/sites.usp.br\/lbbp\/wp-content\/uploads\/sites\/464\/2014\/02\/Lab8-300x155.jpg 300w, https:\/\/sites.usp.br\/lbbp\/wp-content\/uploads\/sites\/464\/2014\/02\/Lab8-400x207.jpg 400w\" sizes=\"auto, (max-width: 580px) 100vw, 580px\" \/>\t\t<\/li>\n\t\t\t\t<li class=\"sow-slider-image\" style=\"visibility: hidden;\" >\n\t\t\t\t\t\t<img loading=\"lazy\" decoding=\"async\" width=\"792\" height=\"300\" src=\"https:\/\/sites.usp.br\/lbbp\/wp-content\/uploads\/sites\/464\/2019\/01\/EACH5.jpg\" class=\"sow-slider-background-image\" alt=\"\" style=\"\" srcset=\"https:\/\/sites.usp.br\/lbbp\/wp-content\/uploads\/sites\/464\/2019\/01\/EACH5.jpg 792w, https:\/\/sites.usp.br\/lbbp\/wp-content\/uploads\/sites\/464\/2019\/01\/EACH5-300x114.jpg 300w, https:\/\/sites.usp.br\/lbbp\/wp-content\/uploads\/sites\/464\/2019\/01\/EACH5-768x291.jpg 768w, https:\/\/sites.usp.br\/lbbp\/wp-content\/uploads\/sites\/464\/2019\/01\/EACH5-400x152.jpg 400w\" sizes=\"auto, (max-width: 792px) 100vw, 792px\" \/>\t\t<\/li>\n\t\t<\/ul>\t\t\t\t<ol class=\"sow-slider-pagination\">\n\t\t\t\t\t\t\t\t\t\t\t<li><a href=\"#\" data-goto=\"0\" aria-label=\"Display slide 1\"><\/a><\/li>\n\t\t\t\t\t\t\t\t\t\t\t<li><a href=\"#\" data-goto=\"1\" aria-label=\"Display slide 2\"><\/a><\/li>\n\t\t\t\t\t\t\t\t\t\t\t<li><a href=\"#\" data-goto=\"2\" aria-label=\"Display slide 3\"><\/a><\/li>\n\t\t\t\t\t\t\t\t\t\t\t<li><a href=\"#\" data-goto=\"3\" aria-label=\"Display slide 4\"><\/a><\/li>\n\t\t\t\t\t\t\t\t\t\t\t<li><a href=\"#\" data-goto=\"4\" aria-label=\"Display slide 5\"><\/a><\/li>\n\t\t\t\t\t\t\t\t\t<\/ol>\n\n\t\t\t\t<div class=\"sow-slide-nav sow-slide-nav-next\">\n\t\t\t\t\t<a href=\"#\" data-goto=\"next\" aria-label=\"Next slide\" data-action=\"next\">\n\t\t\t\t\t\t<em class=\"sow-sld-icon-thin-right\"><\/em>\n\t\t\t\t\t<\/a>\n\t\t\t\t<\/div>\n\n\t\t\t\t<div class=\"sow-slide-nav sow-slide-nav-prev\">\n\t\t\t\t\t<a href=\"#\" data-goto=\"previous\" aria-label=\"Previous slide\" data-action=\"prev\">\n\t\t\t\t\t\t<em class=\"sow-sld-icon-thin-left\"><\/em>\n\t\t\t\t\t<\/a>\n\t\t\t\t<\/div>\n\t\t\t\t<\/div><\/div><\/div><\/div><\/div><div id=\"pg-79-1\"  class=\"panel-grid panel-no-style\" ><div id=\"pgc-79-1-0\"  class=\"panel-grid-cell\" ><div id=\"panel-79-1-0-0\" class=\"so-panel widget widget_sow-editor panel-first-child panel-last-child\" data-index=\"1\" ><div\n\t\t\t\n\t\t\tclass=\"so-widget-sow-editor so-widget-sow-editor-base\"\n\t\t\t\n\t\t>\n<div class=\"siteorigin-widget-tinymce textwidget\">\n\t<h1><a href=\"https:\/\/www.youtube.com\/watch?v=j4Xiow30bGo\" target=\"_blank\" rel=\"noopener\">Como o Coronav\u00edrus SARS-CoV-2 infecta c\u00e9lulas Humanas<\/a><\/h1>\n<p>&nbsp;<\/p>\n<\/div>\n<\/div><\/div><\/div><\/div><div id=\"pg-79-2\"  class=\"panel-grid panel-has-style\" ><div class=\"panel-row-style panel-row-style-for-79-2\" ><div id=\"pgc-79-2-0\"  class=\"panel-grid-cell\" ><div id=\"panel-79-2-0-0\" class=\"so-panel widget widget_sow-editor panel-first-child panel-last-child\" data-index=\"2\" ><div class=\"panel-widget-style panel-widget-style-for-79-2-0-0\" ><div\n\t\t\t\n\t\t\tclass=\"so-widget-sow-editor so-widget-sow-editor-base\"\n\t\t\t\n\t\t>\n<div class=\"siteorigin-widget-tinymce textwidget\">\n\t<h1 style=\"text-align: center;\">MEMBROS<\/h1>\n<\/div>\n<\/div><\/div><\/div><\/div><\/div><\/div><div id=\"pg-79-3\"  class=\"panel-grid panel-has-style\" ><div class=\"panel-row-style panel-row-style-for-79-3\" ><div id=\"pgc-79-3-0\"  class=\"panel-grid-cell\" ><div id=\"panel-79-3-0-0\" class=\"so-panel widget widget_sow-image panel-first-child\" data-index=\"3\" ><div\n\t\t\t\n\t\t\tclass=\"so-widget-sow-image so-widget-sow-image-default-89f16426b92c-79\"\n\t\t\t\n\t\t>\n<div class=\"sow-image-container\">\n\t\t\t<a href=\"https:\/\/sites.usp.br\/lbbp\/felipe\/\"\n\t\t\ttarget=\"_blank\" rel=\"noopener noreferrer\" \t\t>\n\t\t\t<img \n\tsrc=\"https:\/\/sites.usp.br\/lbbp\/wp-content\/uploads\/sites\/464\/2019\/02\/Felipe1-299x300.jpg\" width=\"299\" height=\"300\" srcset=\"https:\/\/sites.usp.br\/lbbp\/wp-content\/uploads\/sites\/464\/2019\/02\/Felipe1.jpg 299w, https:\/\/sites.usp.br\/lbbp\/wp-content\/uploads\/sites\/464\/2019\/02\/Felipe1-150x150.jpg 150w, https:\/\/sites.usp.br\/lbbp\/wp-content\/uploads\/sites\/464\/2019\/02\/Felipe1-250x250.jpg 250w, https:\/\/sites.usp.br\/lbbp\/wp-content\/uploads\/sites\/464\/2019\/02\/Felipe1-174x174.jpg 174w, https:\/\/sites.usp.br\/lbbp\/wp-content\/uploads\/sites\/464\/2019\/02\/Felipe1-45x45.jpg 45w, https:\/\/sites.usp.br\/lbbp\/wp-content\/uploads\/sites\/464\/2019\/02\/Felipe1-200x200.jpg 200w\" sizes=\"(max-width: 299px) 100vw, 299px\" title=\"Felipe\" alt=\"\" \t\tclass=\"so-widget-image\"\/>\n\t\t\t<\/a><\/div>\n\n<\/div><\/div><div id=\"panel-79-3-0-1\" class=\"so-panel widget widget_sow-editor panel-last-child\" data-index=\"4\" ><div\n\t\t\t\n\t\t\tclass=\"so-widget-sow-editor so-widget-sow-editor-base\"\n\t\t\t\n\t\t>\n<div class=\"siteorigin-widget-tinymce textwidget\">\n\t<h3 style=\"text-align: center;\"><span style=\"color: #33cccc;\"><strong>Felipe<\/strong><\/span><\/h3>\n<div>\n<hr \/>\n<\/div>\n<p style=\"text-align: center;\"><strong>Professor Respons\u00e1vel<\/strong><\/p>\n<\/div>\n<\/div><\/div><\/div><div id=\"pgc-79-3-1\"  class=\"panel-grid-cell panel-grid-cell-empty\" ><\/div><div id=\"pgc-79-3-2\"  class=\"panel-grid-cell panel-grid-cell-mobile-last\" ><div id=\"panel-79-3-2-0\" class=\"so-panel widget widget_sow-image panel-first-child\" data-index=\"5\" ><div\n\t\t\t\n\t\t\tclass=\"so-widget-sow-image so-widget-sow-image-default-8b5b6f678277-79\"\n\t\t\t\n\t\t>\n<div class=\"sow-image-container\">\n\t\t\t<a href=\"http:\/\/sites.usp.br\/lbbp\/brisa\/\"\n\t\t\ttarget=\"_blank\" rel=\"noopener noreferrer\" \t\t>\n\t\t\t<img \n\tsrc=\"https:\/\/sites.usp.br\/lbbp\/wp-content\/uploads\/sites\/464\/2020\/05\/Brisa2-OK-228x300.jpg\" width=\"228\" height=\"300\" srcset=\"https:\/\/sites.usp.br\/lbbp\/wp-content\/uploads\/sites\/464\/2020\/05\/Brisa2-OK-228x300.jpg 228w, https:\/\/sites.usp.br\/lbbp\/wp-content\/uploads\/sites\/464\/2020\/05\/Brisa2-OK-400x527.jpg 400w, https:\/\/sites.usp.br\/lbbp\/wp-content\/uploads\/sites\/464\/2020\/05\/Brisa2-OK.jpg 721w\" sizes=\"(max-width: 228px) 100vw, 228px\" title=\"Brisa\" alt=\"\" \t\tclass=\"so-widget-image\"\/>\n\t\t\t<\/a><\/div>\n\n<\/div><\/div><div id=\"panel-79-3-2-1\" class=\"so-panel widget widget_sow-editor panel-last-child\" data-index=\"6\" ><div\n\t\t\t\n\t\t\tclass=\"so-widget-sow-editor so-widget-sow-editor-base\"\n\t\t\t\n\t\t>\n<div class=\"siteorigin-widget-tinymce textwidget\">\n\t<h3 style=\"text-align: center;\"><span style=\"color: #33cccc;\">Brisa<\/span><\/h3>\n<hr \/>\n<p style=\"text-align: center;\"><strong>Doutorado<br \/>\n<\/strong><\/p>\n<\/div>\n<\/div><\/div><\/div><div id=\"pgc-79-3-3\"  class=\"panel-grid-cell panel-grid-cell-empty\" ><\/div><\/div><\/div><div id=\"pg-79-4\"  class=\"panel-grid panel-no-style\" ><div id=\"pgc-79-4-0\"  class=\"panel-grid-cell\" ><div id=\"panel-79-4-0-0\" class=\"so-panel widget widget_sow-editor panel-first-child\" data-index=\"7\" ><div class=\"panel-widget-style panel-widget-style-for-79-4-0-0\" ><div\n\t\t\t\n\t\t\tclass=\"so-widget-sow-editor so-widget-sow-editor-base\"\n\t\t\t\n\t\t>\n<div class=\"siteorigin-widget-tinymce textwidget\">\n\t<h1 style=\"text-align: center;\">Colaboradores<\/h1>\n<\/div>\n<\/div><\/div><\/div><div id=\"panel-79-4-0-1\" class=\"so-panel widget widget_sow-editor panel-last-child\" data-index=\"8\" ><div class=\"panel-widget-style panel-widget-style-for-79-4-0-1\" ><div\n\t\t\t\n\t\t\tclass=\"so-widget-sow-editor so-widget-sow-editor-base\"\n\t\t\t\n\t\t>\n<div class=\"siteorigin-widget-tinymce textwidget\">\n\t<h3><a href=\"https:\/\/sites.usp.br\/lafipebio\/\" target=\"_blank\" rel=\"noopener\"><strong><span class=\"site-title\">Laborat\u00f3rio de Fisiologia da Pele e Bioengenharia Tecidual<\/span> da EACH\/USP<\/strong><\/a><\/h3>\n<h3><strong>Laborat\u00f3rio de Estudos e Diagn\u00f3sticos Ambientais da EACH\/USP<\/strong><\/h3>\n<h3><a href=\"http:\/\/microbiologia.icb.usp.br\/departamento\/corpo-docente\/lbea-farmacos\/\"><strong>Laborat\u00f3rio de Biologia Estrutural Aplicada - F\u00e1rmacos do ICB\/USP<\/strong><\/a><\/h3>\n<h3><strong><a href=\"http:\/\/www.biopestlab.ucdavis.edu\/\">Hammock Laboratory of Pesticide Biotechnology<\/a> - University of California, Davis, USA.<\/strong><\/h3>\n<\/div>\n<\/div><\/div><\/div><\/div><\/div><div id=\"pg-79-5\"  class=\"panel-grid panel-no-style\" ><div id=\"pgc-79-5-0\"  class=\"panel-grid-cell\" ><div id=\"panel-79-5-0-0\" class=\"so-panel widget widget_sow-editor panel-first-child\" data-index=\"9\" ><div class=\"panel-widget-style panel-widget-style-for-79-5-0-0\" ><div\n\t\t\t\n\t\t\tclass=\"so-widget-sow-editor so-widget-sow-editor-base\"\n\t\t\t\n\t\t>\n<div class=\"siteorigin-widget-tinymce textwidget\">\n\t<h1 style=\"text-align: center;\">Ag\u00eancia USP de Inova\u00e7\u00e3o (AUSPIN)<\/h1>\n<h3 style=\"text-align: center;\"><\/h3>\n<\/div>\n<\/div><\/div><\/div><div id=\"panel-79-5-0-1\" class=\"so-panel widget widget_sow-editor panel-last-child\" data-index=\"10\" ><div\n\t\t\t\n\t\t\tclass=\"so-widget-sow-editor so-widget-sow-editor-base\"\n\t\t\t\n\t\t>\n<div class=\"siteorigin-widget-tinymce textwidget\">\n\t<h3 style=\"text-align: center;\"><strong><a href=\"https:\/\/hubusp.inovacao.usp.br\/\" target=\"_blank\" rel=\"noopener\">Plataforma Hub USP Inova\u00e7\u00e3o<\/a><\/strong><\/h3>\n<p><a href=\"https:\/\/hubusp.inovacao.usp.br\/competencias?nome=Felipe%20Santiago%20Chambergo%20Alcalde\" target=\"_blank\" rel=\"noopener\">Grupo de Inova\u00e7\u00e3o<\/a><\/p>\n<p><strong>Patentes:<\/strong><\/p>\n<p>1- <span class=\"fontstyle0\">Elemento regulador que activa la expresi\u00f3n g\u00e9nica en condiciones de baja tensi\u00f3n de ox\u00edgeno y<br \/>\nrepresi\u00f3n por glucosa y aplicaciones.<\/span> 2002 (<a href=\"https:\/\/sites.usp.br\/lbbp\/wp-content\/uploads\/sites\/464\/2021\/05\/PatenteA2-2002-pp1.pdf\" target=\"_blank\" rel=\"noopener\">pdf<\/a>)<\/p>\n<p>2- Sistema de entrega de enzimas recombinantes com a\u00e7\u00e3o antioxidante na pele e em outros tecidos. 2020 (<a href=\"https:\/\/sites.usp.br\/lbbp\/wp-content\/uploads\/sites\/464\/2021\/05\/Flyer-Entrega-de-Enzimas-Skinzymes.pdf\" target=\"_blank\" rel=\"noopener\">pdf<\/a>) (<a href=\"https:\/\/drive.google.com\/file\/d\/1UPnDL-XTH9Kz7XYgIHuv2U6NgMGHhIjY\/view?usp=share_link\" target=\"_blank\" rel=\"noopener\">v\u00eddeo<\/a>)<\/p>\n<p>3- Sistema de express\u00e3o para identifica\u00e7\u00e3o de mol\u00e9culas com atividade antimicrobiana. 2020 (<a href=\"https:\/\/sites.usp.br\/lbbp\/wp-content\/uploads\/sites\/464\/2023\/01\/Patente-Sistema-Antimicrobiano.pdf\" target=\"_blank\" rel=\"noopener\">pdf<\/a>) (<a href=\"https:\/\/drive.google.com\/file\/d\/121pg07Scrygdcp3CxZ6fkkZxtr-bzdkp\/view?usp=share_link\" target=\"_blank\" rel=\"noopener\">v\u00eddeo<\/a>)<\/p>\n<\/div>\n<\/div><\/div><\/div><\/div><div id=\"pg-79-6\"  class=\"panel-grid panel-no-style\" ><div id=\"pgc-79-6-0\"  class=\"panel-grid-cell\" ><div id=\"panel-79-6-0-0\" class=\"so-panel widget widget_sow-editor panel-first-child panel-last-child\" data-index=\"11\" ><div class=\"panel-widget-style panel-widget-style-for-79-6-0-0\" ><div\n\t\t\t\n\t\t\tclass=\"so-widget-sow-editor so-widget-sow-editor-base\"\n\t\t\t\n\t\t>\n<div class=\"siteorigin-widget-tinymce textwidget\">\n\t<h1 style=\"text-align: center;\"><strong>Empresas Parceiras<\/strong><\/h1>\n<\/div>\n<\/div><\/div><\/div><\/div><\/div><div id=\"pg-79-7\"  class=\"panel-grid panel-no-style\" ><div id=\"pgc-79-7-0\"  class=\"panel-grid-cell\" ><div id=\"panel-79-7-0-0\" class=\"so-panel widget widget_sow-image panel-first-child panel-last-child\" data-index=\"12\" ><div\n\t\t\t\n\t\t\tclass=\"so-widget-sow-image so-widget-sow-image-default-8b5b6f678277-79\"\n\t\t\t\n\t\t>\n<div class=\"sow-image-container\">\n\t\t\t<a href=\"https:\/\/www.thermofisher.com\/br\/en\/home.html\"\n\t\t\t\t\t>\n\t\t\t<img \n\tsrc=\"https:\/\/sites.usp.br\/lbbp\/wp-content\/uploads\/sites\/464\/2023\/07\/Imagem1.jpg\" width=\"384\" height=\"84\" srcset=\"https:\/\/sites.usp.br\/lbbp\/wp-content\/uploads\/sites\/464\/2023\/07\/Imagem1.jpg 384w, https:\/\/sites.usp.br\/lbbp\/wp-content\/uploads\/sites\/464\/2023\/07\/Imagem1-300x66.jpg 300w\" sizes=\"(max-width: 384px) 100vw, 384px\" alt=\"\" \t\tclass=\"so-widget-image\"\/>\n\t\t\t<\/a><\/div>\n\n<\/div><\/div><\/div><div id=\"pgc-79-7-1\"  class=\"panel-grid-cell\" ><div id=\"panel-79-7-1-0\" class=\"so-panel widget widget_sow-image panel-first-child panel-last-child\" data-index=\"13\" ><div\n\t\t\t\n\t\t\tclass=\"so-widget-sow-image so-widget-sow-image-default-8b5b6f678277-79\"\n\t\t\t\n\t\t>\n<div class=\"sow-image-container\">\n\t\t\t<a href=\"https:\/\/www.biocelltis.com\/\"\n\t\t\t\t\t>\n\t\t\t<img \n\tsrc=\"https:\/\/sites.usp.br\/lbbp\/wp-content\/uploads\/sites\/464\/2023\/08\/BioCelltis.jpg\" width=\"443\" height=\"114\" srcset=\"https:\/\/sites.usp.br\/lbbp\/wp-content\/uploads\/sites\/464\/2023\/08\/BioCelltis.jpg 443w, https:\/\/sites.usp.br\/lbbp\/wp-content\/uploads\/sites\/464\/2023\/08\/BioCelltis-300x77.jpg 300w, https:\/\/sites.usp.br\/lbbp\/wp-content\/uploads\/sites\/464\/2023\/08\/BioCelltis-400x103.jpg 400w\" sizes=\"(max-width: 443px) 100vw, 443px\" alt=\"\" \t\tclass=\"so-widget-image\"\/>\n\t\t\t<\/a><\/div>\n\n<\/div><\/div><\/div><div id=\"pgc-79-7-2\"  class=\"panel-grid-cell\" ><div id=\"panel-79-7-2-0\" class=\"so-panel widget widget_sow-image panel-first-child panel-last-child\" data-index=\"14\" ><div\n\t\t\t\n\t\t\tclass=\"so-widget-sow-image so-widget-sow-image-default-8b5b6f678277-79\"\n\t\t\t\n\t\t>\n<div class=\"sow-image-container\">\n\t\t\t<a href=\"https:\/\/bv.fapesp.br\/pt\/auxilios\/114190\/plataforma-para-bioprospeccao-do-mecanismo-de-acao-de-moleculas-antimicrobianas-prova-de-conceito-e-\/\"\n\t\t\ttarget=\"_blank\" rel=\"noopener noreferrer\" \t\t>\n\t\t\t<img \n\tsrc=\"https:\/\/sites.usp.br\/lbbp\/wp-content\/uploads\/sites\/464\/2026\/01\/Logo-XYZ-MT-USP2-scaled.png\" width=\"2560\" height=\"689\" srcset=\"https:\/\/sites.usp.br\/lbbp\/wp-content\/uploads\/sites\/464\/2026\/01\/Logo-XYZ-MT-USP2-scaled.png 2560w, https:\/\/sites.usp.br\/lbbp\/wp-content\/uploads\/sites\/464\/2026\/01\/Logo-XYZ-MT-USP2-300x81.png 300w, https:\/\/sites.usp.br\/lbbp\/wp-content\/uploads\/sites\/464\/2026\/01\/Logo-XYZ-MT-USP2-1024x276.png 1024w, https:\/\/sites.usp.br\/lbbp\/wp-content\/uploads\/sites\/464\/2026\/01\/Logo-XYZ-MT-USP2-768x207.png 768w, https:\/\/sites.usp.br\/lbbp\/wp-content\/uploads\/sites\/464\/2026\/01\/Logo-XYZ-MT-USP2-1536x413.png 1536w, https:\/\/sites.usp.br\/lbbp\/wp-content\/uploads\/sites\/464\/2026\/01\/Logo-XYZ-MT-USP2-2048x551.png 2048w, https:\/\/sites.usp.br\/lbbp\/wp-content\/uploads\/sites\/464\/2026\/01\/Logo-XYZ-MT-USP2-400x108.png 400w\" sizes=\"(max-width: 2560px) 100vw, 2560px\" title=\"Logo-XYZ-MT-USP2\" alt=\"\" \t\tclass=\"so-widget-image\"\/>\n\t\t\t<\/a><\/div>\n\n<\/div><\/div><\/div><div id=\"pgc-79-7-3\"  class=\"panel-grid-cell\" ><div id=\"panel-79-7-3-0\" class=\"so-panel widget widget_sow-image panel-first-child panel-last-child\" data-index=\"15\" ><div\n\t\t\t\n\t\t\tclass=\"so-widget-sow-image so-widget-sow-image-default-8b5b6f678277-79\"\n\t\t\t\n\t\t>\n<div class=\"sow-image-container\">\n\t\t\t<a href=\"https:\/\/www.sigmaaldrich.com\/BR\/pt\"\n\t\t\ttarget=\"_blank\" rel=\"noopener noreferrer\" \t\t>\n\t\t\t<img \n\tsrc=\"https:\/\/sites.usp.br\/lbbp\/wp-content\/uploads\/sites\/464\/2023\/07\/Merck.jpg\" width=\"560\" height=\"84\" srcset=\"https:\/\/sites.usp.br\/lbbp\/wp-content\/uploads\/sites\/464\/2023\/07\/Merck.jpg 560w, https:\/\/sites.usp.br\/lbbp\/wp-content\/uploads\/sites\/464\/2023\/07\/Merck-300x45.jpg 300w, https:\/\/sites.usp.br\/lbbp\/wp-content\/uploads\/sites\/464\/2023\/07\/Merck-400x60.jpg 400w\" sizes=\"(max-width: 560px) 100vw, 560px\" alt=\"\" \t\tclass=\"so-widget-image\"\/>\n\t\t\t<\/a><\/div>\n\n<\/div><\/div><\/div><\/div><div id=\"pg-79-8\"  class=\"panel-grid panel-no-style\" ><div id=\"pgc-79-8-0\"  class=\"panel-grid-cell\" ><div id=\"panel-79-8-0-0\" class=\"so-panel widget widget_sow-image panel-first-child panel-last-child\" data-index=\"16\" ><div\n\t\t\t\n\t\t\tclass=\"so-widget-sow-image so-widget-sow-image-default-8b5b6f678277-79\"\n\t\t\t\n\t\t>\n<div class=\"sow-image-container\">\n\t\t\t<a href=\"https:\/\/bv.fapesp.br\/pt\/auxilios\/108657\/desenvolvimento-de-sistema-enzimatico-com-tecnologia-de-permeacao-para-protecao-antioxidante-de-celu\/\"\n\t\t\ttarget=\"_blank\" rel=\"noopener noreferrer\" \t\t>\n\t\t\t<img \n\tsrc=\"https:\/\/sites.usp.br\/lbbp\/wp-content\/uploads\/sites\/464\/2026\/01\/Logo-SkinZymes.jpg\" width=\"322\" height=\"115\" srcset=\"https:\/\/sites.usp.br\/lbbp\/wp-content\/uploads\/sites\/464\/2026\/01\/Logo-SkinZymes.jpg 322w, https:\/\/sites.usp.br\/lbbp\/wp-content\/uploads\/sites\/464\/2026\/01\/Logo-SkinZymes-300x107.jpg 300w\" sizes=\"(max-width: 322px) 100vw, 322px\" alt=\"\" \t\tclass=\"so-widget-image\"\/>\n\t\t\t<\/a><\/div>\n\n<\/div><\/div><\/div><div id=\"pgc-79-8-1\"  class=\"panel-grid-cell\" ><div id=\"panel-79-8-1-0\" class=\"so-panel widget widget_sow-image panel-first-child panel-last-child\" data-index=\"17\" ><div\n\t\t\t\n\t\t\tclass=\"so-widget-sow-image so-widget-sow-image-default-8b5b6f678277-79\"\n\t\t\t\n\t\t>\n<div class=\"sow-image-container\">\n\t\t\t<a href=\"https:\/\/www.tissuelabs.com\/\"\n\t\t\ttarget=\"_blank\" rel=\"noopener noreferrer\" \t\t>\n\t\t\t<img \n\tsrc=\"https:\/\/sites.usp.br\/lbbp\/wp-content\/uploads\/sites\/464\/2023\/08\/TissueLabs.jpg\" width=\"200\" height=\"200\" srcset=\"https:\/\/sites.usp.br\/lbbp\/wp-content\/uploads\/sites\/464\/2023\/08\/TissueLabs.jpg 200w, https:\/\/sites.usp.br\/lbbp\/wp-content\/uploads\/sites\/464\/2023\/08\/TissueLabs-150x150.jpg 150w, https:\/\/sites.usp.br\/lbbp\/wp-content\/uploads\/sites\/464\/2023\/08\/TissueLabs-174x174.jpg 174w, https:\/\/sites.usp.br\/lbbp\/wp-content\/uploads\/sites\/464\/2023\/08\/TissueLabs-45x45.jpg 45w\" sizes=\"(max-width: 200px) 100vw, 200px\" alt=\"\" \t\tclass=\"so-widget-image\"\/>\n\t\t\t<\/a><\/div>\n\n<\/div><\/div><\/div><div id=\"pgc-79-8-2\"  class=\"panel-grid-cell\" ><div id=\"panel-79-8-2-0\" class=\"so-panel widget widget_sow-image panel-first-child panel-last-child\" data-index=\"18\" ><div\n\t\t\t\n\t\t\tclass=\"so-widget-sow-image so-widget-sow-image-default-8b5b6f678277-79\"\n\t\t\t\n\t\t><\/div><\/div><\/div><div id=\"pgc-79-8-3\"  class=\"panel-grid-cell\" ><div id=\"panel-79-8-3-0\" class=\"so-panel widget widget_sow-image panel-first-child panel-last-child\" data-index=\"19\" ><div\n\t\t\t\n\t\t\tclass=\"so-widget-sow-image so-widget-sow-image-default-8b5b6f678277-79\"\n\t\t\t\n\t\t><\/div><\/div><\/div><\/div><div id=\"pg-79-9\"  class=\"panel-grid panel-no-style\" ><div id=\"pgc-79-9-0\"  class=\"panel-grid-cell\" ><\/div><\/div><div id=\"pg-79-10\"  class=\"panel-grid panel-no-style\" ><div id=\"pgc-79-10-0\"  class=\"panel-grid-cell\" ><div id=\"panel-79-10-0-0\" class=\"so-panel widget widget_sow-editor panel-first-child panel-last-child\" data-index=\"21\" ><div class=\"panel-widget-style panel-widget-style-for-79-10-0-0\" ><div\n\t\t\t\n\t\t\tclass=\"so-widget-sow-editor so-widget-sow-editor-base\"\n\t\t\t\n\t\t>\n<div class=\"siteorigin-widget-tinymce textwidget\">\n\t<h1 style=\"text-align: center;\">Apoio<\/h1>\n<\/div>\n<\/div><\/div><\/div><\/div><\/div><div id=\"pg-79-11\"  class=\"panel-grid panel-no-style\" ><div id=\"pgc-79-11-0\"  class=\"panel-grid-cell\" ><div id=\"panel-79-11-0-0\" class=\"so-panel widget widget_sow-image panel-first-child panel-last-child\" data-index=\"22\" ><div\n\t\t\t\n\t\t\tclass=\"so-widget-sow-image so-widget-sow-image-default-8b5b6f678277-79\"\n\t\t\t\n\t\t>\n<div class=\"sow-image-container\">\n\t\t<img \n\tsrc=\"https:\/\/sites.usp.br\/lbbp\/wp-content\/uploads\/sites\/464\/2019\/01\/Cnpq-logo1.jpg\" width=\"117\" height=\"50\" sizes=\"(max-width: 117px) 100vw, 117px\" alt=\"\" \t\tclass=\"so-widget-image\"\/>\n\t<\/div>\n\n<\/div><\/div><\/div><div id=\"pgc-79-11-1\"  class=\"panel-grid-cell\" ><div id=\"panel-79-11-1-0\" class=\"so-panel widget widget_sow-image panel-first-child panel-last-child\" data-index=\"23\" ><div\n\t\t\t\n\t\t\tclass=\"so-widget-sow-image so-widget-sow-image-default-8b5b6f678277-79\"\n\t\t\t\n\t\t>\n<div class=\"sow-image-container\">\n\t\t\t<a href=\"http:\/\/www.cnpq.br\"\n\t\t\ttarget=\"_blank\" rel=\"noopener noreferrer\" \t\t>\n\t\t\t<img \n\tsrc=\"https:\/\/sites.usp.br\/lbbp\/wp-content\/uploads\/sites\/464\/2019\/01\/Cnpq-logo1.jpg\" width=\"117\" height=\"50\" sizes=\"(max-width: 117px) 100vw, 117px\" alt=\"\" \t\tclass=\"so-widget-image\"\/>\n\t\t\t<\/a><\/div>\n\n<\/div><\/div><\/div><div id=\"pgc-79-11-2\"  class=\"panel-grid-cell panel-grid-cell-empty panel-grid-cell-mobile-last\" ><\/div><div id=\"pgc-79-11-3\"  class=\"panel-grid-cell panel-grid-cell-empty\" ><\/div><\/div><\/div>","protected":false},"excerpt":{"rendered":"<p>Como o Coronav\u00edrus SARS-CoV-2 infecta c\u00e9lulas Humanas &nbsp;<\/p>\n","protected":false},"author":1,"featured_media":0,"parent":0,"menu_order":0,"comment_status":"closed","ping_status":"closed","template":"","meta":{"_monsterinsights_skip_tracking":false,"_monsterinsights_sitenote_active":false,"_monsterinsights_sitenote_note":"","_monsterinsights_sitenote_category":0,"footnotes":"","_links_to":"","_links_to_target":""},"class_list":["post-79","page","type-page","status-publish","hentry"],"_links":{"self":[{"href":"https:\/\/sites.usp.br\/lbbp\/wp-json\/wp\/v2\/pages\/79","targetHints":{"allow":["GET"]}}],"collection":[{"href":"https:\/\/sites.usp.br\/lbbp\/wp-json\/wp\/v2\/pages"}],"about":[{"href":"https:\/\/sites.usp.br\/lbbp\/wp-json\/wp\/v2\/types\/page"}],"author":[{"embeddable":true,"href":"https:\/\/sites.usp.br\/lbbp\/wp-json\/wp\/v2\/users\/1"}],"replies":[{"embeddable":true,"href":"https:\/\/sites.usp.br\/lbbp\/wp-json\/wp\/v2\/comments?post=79"}],"version-history":[{"count":6,"href":"https:\/\/sites.usp.br\/lbbp\/wp-json\/wp\/v2\/pages\/79\/revisions"}],"predecessor-version":[{"id":2681,"href":"https:\/\/sites.usp.br\/lbbp\/wp-json\/wp\/v2\/pages\/79\/revisions\/2681"}],"wp:attachment":[{"href":"https:\/\/sites.usp.br\/lbbp\/wp-json\/wp\/v2\/media?parent=79"}],"curies":[{"name":"wp","href":"https:\/\/api.w.org\/{rel}","templated":true}]}}