{"id":169,"date":"2014-05-13T12:37:35","date_gmt":"2014-05-13T15:37:35","guid":{"rendered":"http:\/\/sites.usp.brpadrao2\/?page_id=169"},"modified":"2025-12-04T13:54:38","modified_gmt":"2025-12-04T16:54:38","slug":"post-doctoral","status":"publish","type":"page","link":"https:\/\/sites.usp.br\/lbm\/lab-members\/post-doctoral\/","title":{"rendered":"Post-doctoral  Fellows"},"content":{"rendered":"<p><strong>J\u00e9ssica de Moura Soares<\/strong><\/p>\n<p><a href=\"https:\/\/sites.usp.br\/lbm\/wp-content\/uploads\/sites\/142\/2025\/12\/WhatsApp-Image-2025-12-04-at-13.22.27_59acdc47.jpg\"><img loading=\"lazy\" decoding=\"async\" class=\"alignnone size-medium wp-image-707\" src=\"https:\/\/sites.usp.br\/lbm\/wp-content\/uploads\/sites\/142\/2025\/12\/WhatsApp-Image-2025-12-04-at-13.22.27_59acdc47-252x300.jpg\" alt=\"\" width=\"252\" height=\"300\" srcset=\"https:\/\/sites.usp.br\/lbm\/wp-content\/uploads\/sites\/142\/2025\/12\/WhatsApp-Image-2025-12-04-at-13.22.27_59acdc47-252x300.jpg 252w, https:\/\/sites.usp.br\/lbm\/wp-content\/uploads\/sites\/142\/2025\/12\/WhatsApp-Image-2025-12-04-at-13.22.27_59acdc47-861x1024.jpg 861w, https:\/\/sites.usp.br\/lbm\/wp-content\/uploads\/sites\/142\/2025\/12\/WhatsApp-Image-2025-12-04-at-13.22.27_59acdc47-768x914.jpg 768w, https:\/\/sites.usp.br\/lbm\/wp-content\/uploads\/sites\/142\/2025\/12\/WhatsApp-Image-2025-12-04-at-13.22.27_59acdc47-400x476.jpg 400w, https:\/\/sites.usp.br\/lbm\/wp-content\/uploads\/sites\/142\/2025\/12\/WhatsApp-Image-2025-12-04-at-13.22.27_59acdc47.jpg 1076w\" sizes=\"auto, (max-width: 252px) 100vw, 252px\" \/><\/a><\/p>\n<p><em>Background: <\/em>J\u00e9ssica is a Biotechnologist who graduated from the Federal University of Cear\u00e1 (UFC). During her undergraduate studies, she completed a one-year exchange program at the University of Surrey (UK). She later earned both her Master\u2019s and PhD degrees in Biochemistry from the University of S\u00e3o Paulo (USP). Over the years, she has gained experience in several areas of biotechnology, with a particular focus on enzymatic technologies such as enzyme engineering and enzyme immobilization. She is also a science communication enthusiast and a member of Ilha do Conhecimento, an independent brazilian science communication platform.<em><br \/>\n<\/em><\/p>\n<p><em>Research project: <\/em>\u00a0J\u00e9ssica has now begun a postdoctoral project at LBM, where her goal is to obtain novel structural insights into Golgi Reassembly Stacking Proteins (GRASPs) studied\u00a0in\u00a0the\u00a0lab.<\/p>\n<p><em>Contact:<\/em> jessicademoura.biotec@gmail.com (https:\/\/orcid.org\/0009-0000-4234-0837)<\/p>\n<p>&nbsp;<\/p>\n","protected":false},"excerpt":{"rendered":"<p>J\u00e9ssica de Moura Soares Background: J\u00e9ssica is a Biotechnologist who graduated from the Federal University of Cear\u00e1 (UFC). During her undergraduate studies, she completed a one-year exchange program at the University of Surrey (UK). She later earned both her Master\u2019s and PhD degrees in Biochemistry from the University of S\u00e3o Paulo (USP). Over the years,<a href=\"https:\/\/sites.usp.br\/lbm\/lab-members\/post-doctoral\/\">[&#8230;]<\/a><\/p>\n","protected":false},"author":1,"featured_media":0,"parent":40,"menu_order":0,"comment_status":"closed","ping_status":"closed","template":"","meta":{"footnotes":"","_links_to":"","_links_to_target":""},"class_list":["post-169","page","type-page","status-publish","hentry"],"_links":{"self":[{"href":"https:\/\/sites.usp.br\/lbm\/wp-json\/wp\/v2\/pages\/169","targetHints":{"allow":["GET"]}}],"collection":[{"href":"https:\/\/sites.usp.br\/lbm\/wp-json\/wp\/v2\/pages"}],"about":[{"href":"https:\/\/sites.usp.br\/lbm\/wp-json\/wp\/v2\/types\/page"}],"author":[{"embeddable":true,"href":"https:\/\/sites.usp.br\/lbm\/wp-json\/wp\/v2\/users\/1"}],"replies":[{"embeddable":true,"href":"https:\/\/sites.usp.br\/lbm\/wp-json\/wp\/v2\/comments?post=169"}],"version-history":[{"count":5,"href":"https:\/\/sites.usp.br\/lbm\/wp-json\/wp\/v2\/pages\/169\/revisions"}],"predecessor-version":[{"id":710,"href":"https:\/\/sites.usp.br\/lbm\/wp-json\/wp\/v2\/pages\/169\/revisions\/710"}],"up":[{"embeddable":true,"href":"https:\/\/sites.usp.br\/lbm\/wp-json\/wp\/v2\/pages\/40"}],"wp:attachment":[{"href":"https:\/\/sites.usp.br\/lbm\/wp-json\/wp\/v2\/media?parent=169"}],"curies":[{"name":"wp","href":"https:\/\/api.w.org\/{rel}","templated":true}]}}