{"id":140,"date":"2024-04-26T16:47:23","date_gmt":"2024-04-26T18:47:23","guid":{"rendered":"https:\/\/sites.usp.br\/ldsv\/?page_id=140"},"modified":"2025-01-29T11:29:09","modified_gmt":"2025-01-29T13:29:09","slug":"automotivo","status":"publish","type":"page","link":"https:\/\/sites.usp.br\/ldsv\/automotivo\/","title":{"rendered":"AUTOMOTIVO"},"content":{"rendered":"<h2><b>Descri\u00e7\u00e3o<\/b><\/h2>\n<p>A Engenharia Automotiva tem sido cada vez mais competitiva. Desta forma o desenvolvimento do produto precisa ser cada vez mais r\u00e1pido, eficiente e de custo reduzido. T\u00e9cnicas de modelagem e simula\u00e7\u00e3o num\u00e9rica permitem realizar a avalia\u00e7\u00e3o do projeto b\u00e1sico de um ve\u00edculo antes da constru\u00e7\u00e3o do prot\u00f3tipo. Desta forma economiza-se tempo e recursos aumentando a efici\u00eancia no desenvolvimento do projeto.<\/p>\n<h2><b>Objetivo<\/b><\/h2>\n<p>Aplica\u00e7\u00e3o de modelagem e simula\u00e7\u00e3o de sistemas automotivos com a t\u00e9cnica de sistemas <a href=\"https:\/\/sites.usp.br\/ldsv\/pagina-2\/multicorpos\/\">multicorpos<\/a> visando a otimiza\u00e7\u00e3o do projeto de componentes e sub-estruturas. Sistema de tra\u00e7\u00e3o (power train), <a href=\"https:\/\/sites.usp.br\/ldsv\/wp-content\/uploads\/sites\/1453\/2024\/07\/Modelo_Tracao_Vec_Hibrido_24.pdf\">tra\u00e7\u00e3o hibrida<\/a>, caixa de transmiss\u00e3o ou CVT,\u00a0 suspens\u00e3o, <a href=\"https:\/\/sites.usp.br\/ldsv\/automotivo\/suspensao-ativa\/\">controle de suspens\u00e3o<\/a>, <a href=\"https:\/\/sites.usp.br\/ldsv\/automotivo\/dirigibilidade-veicular\/\">sistema de dire\u00e7\u00e3o<\/a>, <a href=\"https:\/\/sites.usp.br\/ldsv\/automotivo\/estudo-e-modelagem-de-sistema-anti-travamento-de-freio-abs\/\"><em><strong>sistema de freio<\/strong><\/em><\/a>, pneus, etc. s\u00e3o alguns dos exemplos de estudo.<\/p>\n<h2><b>Alguns T\u00f3picos de Aplica\u00e7\u00e3o:<\/b><\/h2>\n<p>Temas desenvolvidos no LDSV da <a href=\"https:\/\/sites.usp.br\/pme\/\" target=\"_blank\" rel=\"noopener\"><em><strong>Departamento de Engenharia Mec\u00e2nica<\/strong><\/em><\/a> (PME) da Escola Polit\u00e9cnica ( <a href=\"https:\/\/www.poli.usp.br\/departamentos\" target=\"_blank\" rel=\"noopener\"><em><strong>POLI<\/strong><\/em><\/a>) da Universidade de S\u00e3o Paulo &#8211; <a href=\"https:\/\/www5.usp.br\/\" target=\"_blank\" rel=\"noopener\"><em><strong>USP<\/strong><\/em><\/a>.<\/p>\n<p>&nbsp;<\/p>\n<h3><strong>Otimiza\u00e7\u00e3o do projeto da suspens\u00e3o de ve\u00edculos atendendo ao problema conjunto da dirigibilidade e conforto veicular.<\/strong><\/h3>\n<p>Pode-se aplicar metodologias de otimiza\u00e7\u00e3o de suspens\u00e3o para ve\u00edculos de passageiro e comerciais leves, baseando-se em par\u00e2metros de dirigibilidade e conforto veicular, atrav\u00e9s do uso de simula\u00e7\u00e3o num\u00e9rica computacional. Existem m\u00e9tricas objetivas que podem ser utilizadas para a avalia\u00e7\u00e3o de um ve\u00edculo com rela\u00e7\u00e3o ao seu desempenho em termos de dirigibilidade e conforto e uma nova m\u00e9trica global conjunta. Para tanto utiliza-se de modelos anal\u00edticos para quantificar as m\u00e9tricas de dirigibilidade. A valida\u00e7\u00e3o de m\u00e9todos pode ser obtida por compara\u00e7\u00e3o com medi\u00e7\u00f5es experimentais e resultados de modelos multicorpos mais complexos. A modelagem din\u00e2mica vertical do ve\u00edculo possibilita avaliar as m\u00e9tricas de conforto, podendo ser feita em conjunto com os modelos anal\u00edticos de dirigibilidade. Ferramentas de otimiza\u00e7\u00e3o podem ser aplicadas ao problema de otimiza\u00e7\u00e3o global. Demonstra-se que a aplica\u00e7\u00e3o de m\u00e9todos de otimiza\u00e7\u00e3o num\u00e9rica proporciona resultados efetivos para melhoria do produto, trazendo ganhos de tempo e custo no desenvolvimento de um novo projeto de ve\u00edculos. (fonte: Daniel Vilela)<\/p>\n<p>Ver mais em:<\/p>\n<p><a href=\"https:\/\/sites.usp.br\/ldsv\/wp-content\/uploads\/sites\/1453\/2024\/06\/IJVSMT_Vilella_Spinola_11.pdf\" target=\"_blank\" rel=\"noopener\">VILELA, Daniel; BARBOSA, Roberto Spinola. Analytical solution proposal to vehicle dynamic handling properties.\u00a0<b>International Journal of Vehicle Systems Modelling and Testing<\/b>, v. 6, n. 1, p. 56-71, 2011.<\/a><\/p>\n<p><a href=\"https:\/\/sites.usp.br\/ldsv\/wp-content\/uploads\/sites\/1453\/2024\/06\/IJVSMT_Vilella_Spinola_13.pdf\" target=\"_blank\" rel=\"noopener\">VILELA, Daniel; BARBOSA, Roberto Spinola. Numerical optimisation methods applied to the concurrent problem of vehicle ride and handling.<b>International Journal of Vehicle Systems Modelling and Testing<\/b>, v. 8, n. 4, p. 316-334, 2013.<\/a><\/p>\n<h3><\/h3>\n<h3><strong>Controle de ve\u00edculo com ester\u00e7amento nas quatro rodas<\/strong><\/h3>\n<p>O projeto de controle para um ve\u00edculo dotado de ester\u00e7amento nas rodas traseiras utilizando o controle moderno deve aplicar ao modelo o conceito de espa\u00e7o de estados, determinado as matrizes da planta e as vari\u00e1veis do sistema. Pode-se utilizar basicamente dois tipos controle para o projeto, aloca\u00e7\u00e3o de p\u00f3los e linear quadr\u00e1tico. O conceito de observador de estados mostra-se necess\u00e1rio para a an\u00e1lise uma vez que n\u00e3o \u00e9 poss\u00edvel determinar os estados de todas as vari\u00e1veis de interesse por quest\u00f5es did\u00e1ticas e econ\u00f4micas. Foram sensoriadas duas vari\u00e1veis de controle de interesse apenas, gerando a necessidade do estudo de observadores de estado e minimizando poss\u00edveis gastos no projeto.<\/p>\n<p>O objetivo do controlador foi estabilizar o sistema em duas situa\u00e7\u00f5es, desvio de obst\u00e1culo e mudan\u00e7a simples de faixa.<\/p>\n<p>Ver mais em:<\/p>\n<p><a href=\"https:\/\/sites.usp.br\/ldsv\/wp-content\/uploads\/sites\/1453\/2024\/06\/Artigo-tecnico-Erik-Ohara-revisado-01.pdf\" target=\"_blank\" rel=\"noopener\">OHARA, Erik (2011); Controle de um ve\u00edculo equipado com ester\u00e7amento nas quatro rodas<\/a>.<\/p>\n<p><a href=\"https:\/\/sites.usp.br\/ldsv\/wp-content\/uploads\/sites\/1453\/2024\/06\/Relatorio-final-Erik-Ohara.pdf\" target=\"_blank\" rel=\"noopener\">OHARA, Erik (2011); An\u00e1lise din\u00e2mica de um ve\u00edculo de passeio equipado com sistema de ester\u00e7amento nas quatro rodas<\/a>.<\/p>\n<h3><\/h3>\n<h3><strong>Conforto Veicular<\/strong><\/h3>\n<p>O conforto veicular \u00e9 a habilidade da suspens\u00e3o de minimizar (filtrar) as ondula\u00e7\u00f5es do pavimento,\u00a0quando o passageiro oscila dentro do ve\u00edculo trafegando por superf\u00edcie irregular.\u00a0A norma ISO 2631-1 (1997) quantifica a exposi\u00e7\u00e3o humana \u00e0 vibra\u00e7\u00e3o,\u00a0classificando em diferentes n\u00edveis de conforto e de seguran\u00e7a (limites prejudiciais\u00a0a capacidade de realizar tarefas e \u00e0 sa\u00fade), de acordo com n\u00edveis ponderados de acelera\u00e7\u00e3o.<\/p>\n<p>Essa norma relaciona a acelera\u00e7\u00e3o em fun\u00e7\u00e3o da frequ\u00eancia e tempo de exposi\u00e7\u00e3o.\u00a0O intervalo de frequ\u00eancias considerado \u00e9 de 0,5 Hz a 80,0 Hz, mais\u00a0indicado para o estudo de danos \u00e0 sa\u00fade e conforto. A faixa de 0,1 a 0,5 Hz \u00e9\u00a0indicada para o estudo dos enjoos t\u00edpicos dos ve\u00edculos mar\u00edtimos ou a\u00e9reos.<\/p>\n<p>Para saber mais consulte:\u00a0<a href=\"https:\/\/sites.usp.br\/ldsv\/wp-content\/uploads\/sites\/1453\/2024\/06\/Relatorio-Luis-Felipe-de-Castro-Aun-Lima-NUSP-6851800-final.pdf\" target=\"_blank\" rel=\"noopener\">Artigo relat\u00f3rio final do Luis Lima<\/a><\/p>\n<p>As pesquisas em automotiva s\u00e3o:<\/p>\n<ul>\n<li><a href=\"https:\/\/sites.usp.br\/ldsv\/automotivo\/estudo-da-interacao-dinamica-de-veiculos-em-pavimentos-irregulares\/\">Estudo da Intera\u00e7\u00e3o Din\u00e2mica de Ve\u00edculos em Pavimentos Irregulares<\/a><\/li>\n<li><a href=\"https:\/\/sites.usp.br\/ldsv\/automotivo\/dirigibilidade-veicular\/\">Dirigibilidade Veicular<\/a><\/li>\n<li><a href=\"https:\/\/sites.usp.br\/ldsv\/automotivo\/estudo-do-efeito-canivete\/\">Estudo do Efeito Canivete<\/a><\/li>\n<li><a href=\"https:\/\/sites.usp.br\/ldsv\/automotivo\/estudo-e-modelagem-de-sistema-anti-travamento-de-freio-abs\/\">Estudo e Modelagem de Sistema Anti-travamento de Freio (ABS)<\/a><\/li>\n<li><a href=\"https:\/\/sites.usp.br\/ldsv\/automotivo\/veiculo-de-competicao\/\">Veiculo de Competi\u00e7\u00e3o<\/a><\/li>\n<li><a href=\"https:\/\/sites.usp.br\/ldsv\/automotivo\/suspensao-ativa\/\">Suspens\u00e3o Ativa<\/a><\/li>\n<li><a href=\"https:\/\/sites.usp.br\/ldsv\/automotivo\/veiculos-autonomos\/\">Ve\u00edculos Aut\u00f4nomos<\/a><\/li>\n<li><a href=\"https:\/\/sites.usp.br\/ldsv\/automotivo\/comboio-de-veiculos\/\">Comboio de Ve\u00edculos<\/a><\/li>\n<li><a href=\"https:\/\/sites.usp.br\/ldsv\/automotivo\/veiculos-hibridos\/\">Ve\u00edculos H\u00edbridos<\/a><\/li>\n<li><a href=\"https:\/\/sites.usp.br\/ldsv\/engenharia-automotiva\/\">Engenharia Automotiva<\/a><\/li>\n<li><a href=\"https:\/\/sites.usp.br\/ldsv\/metroferroviario\/bibliografia\/\">Bibliografia<\/a><\/li>\n<\/ul>\n<div class=\"column column-full column-content column-last\"><\/div>\n<div><\/div>\n<div>\n<h3>Publica\u00e7\u00f5es:<\/h3>\n<p><a href=\"http:\/\/lattes.cnpq.br\/6732555323294000\" target=\"_blank\" rel=\"noopener\"><img loading=\"lazy\" decoding=\"async\" class=\"alignleft \" src=\"https:\/\/sites.usp.br\/ldsv\/wp-content\/uploads\/sites\/1453\/2024\/10\/Lattes.jpg\" width=\"72\" height=\"46\" \/><\/a><\/p>\n<p><a href=\"http:\/\/orcid.org\/0000-0001-7353-0924\" target=\"_blank\" rel=\"noopener\"><img loading=\"lazy\" decoding=\"async\" class=\"alignnone\" src=\"https:\/\/sites.usp.br\/ldsv\/wp-content\/uploads\/sites\/1453\/2024\/10\/ORCID.jpg\" alt=\"\" width=\"37\" height=\"36\" \/><\/a>\u00a0 \u00a0 <a href=\"https:\/\/www.scopus.com\/authid\/detail.uri?authorId=7006722976\" target=\"_blank\" rel=\"noopener\"><img loading=\"lazy\" decoding=\"async\" class=\"alignnone \" src=\"https:\/\/sites.usp.br\/ldsv\/wp-content\/uploads\/sites\/1453\/2024\/10\/Scopus.jpg\" width=\"51\" height=\"58\" \/><\/a>\u00a0 \u00a0 \u00a0 <a href=\"http:\/\/scholar.google.com.br\/citations?user=sbU26S4AAAAJ&amp;hl=pt-BR\" target=\"_blank\" rel=\"noopener\"><img loading=\"lazy\" decoding=\"async\" class=\"alignnone \" src=\"https:\/\/sites.usp.br\/ldsv\/wp-content\/uploads\/sites\/1453\/2024\/10\/Google_Academic.jpg\" width=\"43\" height=\"45\" \/><\/a>\u00a0 \u00a0 \u00a0 <a href=\"https:\/\/www.webofscience.com\/wos\/author\/record\/25182\" target=\"_blank\" rel=\"noopener\"><img loading=\"lazy\" decoding=\"async\" class=\"alignnone \" src=\"https:\/\/sites.usp.br\/ldsv\/wp-content\/uploads\/sites\/1453\/2024\/10\/WEB_Science.jpg\" width=\"102\" height=\"52\" \/><\/a>\u00a0 \u00a0 <a href=\"https:\/\/www.researchgate.net\/profile\/Roberto_Barbosa2\/?ev=hdr_xprf\" target=\"_blank\" rel=\"noopener\"><img loading=\"lazy\" decoding=\"async\" class=\"alignnone \" src=\"https:\/\/sites.usp.br\/ldsv\/wp-content\/uploads\/sites\/1453\/2024\/10\/ResearchGate.jpg\" width=\"109\" height=\"26\" \/><\/a><\/p>\n<h3><\/h3>\n<h3><\/h3>\n<\/div>\n","protected":false},"excerpt":{"rendered":"<p>Descri\u00e7\u00e3o A Engenharia Automotiva tem sido cada vez mais competitiva. Desta forma o desenvolvimento do produto precisa ser cada vez mais r\u00e1pido, eficiente e de custo reduzido. T\u00e9cnicas de modelagem e simula\u00e7\u00e3o num\u00e9rica permitem realizar a avalia\u00e7\u00e3o do projeto b\u00e1sico de um ve\u00edculo antes da constru\u00e7\u00e3o do prot\u00f3tipo. Desta forma economiza-se tempo e recursos aumentando [&hellip;]<\/p>\n","protected":false},"author":24004,"featured_media":0,"parent":0,"menu_order":0,"comment_status":"closed","ping_status":"closed","template":"","meta":{"footnotes":"","_links_to":"","_links_to_target":""},"class_list":["post-140","page","type-page","status-publish","hentry"],"_links":{"self":[{"href":"https:\/\/sites.usp.br\/ldsv\/wp-json\/wp\/v2\/pages\/140","targetHints":{"allow":["GET"]}}],"collection":[{"href":"https:\/\/sites.usp.br\/ldsv\/wp-json\/wp\/v2\/pages"}],"about":[{"href":"https:\/\/sites.usp.br\/ldsv\/wp-json\/wp\/v2\/types\/page"}],"author":[{"embeddable":true,"href":"https:\/\/sites.usp.br\/ldsv\/wp-json\/wp\/v2\/users\/24004"}],"replies":[{"embeddable":true,"href":"https:\/\/sites.usp.br\/ldsv\/wp-json\/wp\/v2\/comments?post=140"}],"version-history":[{"count":5,"href":"https:\/\/sites.usp.br\/ldsv\/wp-json\/wp\/v2\/pages\/140\/revisions"}],"predecessor-version":[{"id":2731,"href":"https:\/\/sites.usp.br\/ldsv\/wp-json\/wp\/v2\/pages\/140\/revisions\/2731"}],"wp:attachment":[{"href":"https:\/\/sites.usp.br\/ldsv\/wp-json\/wp\/v2\/media?parent=140"}],"curies":[{"name":"wp","href":"https:\/\/api.w.org\/{rel}","templated":true}]}}