{"id":271,"date":"2024-06-11T19:38:30","date_gmt":"2024-06-11T21:38:30","guid":{"rendered":"https:\/\/sites.usp.br\/ldsv\/?page_id=271"},"modified":"2025-11-24T17:25:13","modified_gmt":"2025-11-24T19:25:13","slug":"modelo-de-bicicleta","status":"publish","type":"page","link":"https:\/\/sites.usp.br\/ldsv\/veiculos-especiais\/modelo-de-bicicleta\/","title":{"rendered":"Bicicleta e Motocicleta"},"content":{"rendered":"<div align=\"justify\">\r\n<div class=\"wp-block-columns is-layout-flex wp-container-core-columns-is-layout-9d6595d7 wp-block-columns-is-layout-flex\">\r\n<div class=\"wp-block-column is-layout-flow wp-block-column-is-layout-flow\" style=\"flex-basis: 66.66%;\">\r\n<p>Este estudo da geometria, da cinem\u00e1tica e da din\u00e2mica de ve\u00edculos do tipo bicicleta e\/ou motocicleta que no caso mais geral, ou seja, o biciclo com o \u00e2ngulo de tombamento (tamb\u00e9m chamado de rolagem, na literatura automobil\u00edstica), resulta no modelo completo cujo conjunto de equa\u00e7\u00f5es diferenciais tem mais uma equa\u00e7\u00e3o alg\u00e9brica. Esta \u00faltima equa\u00e7\u00e3o alg\u00e9brica \u00e9 a equa\u00e7\u00e3o que mant\u00e9m as duas rodas no ch\u00e3o, ou seja, \u00e9 a condi\u00e7\u00e3o em que o ve\u00edculo \u00e9 analisado e restringe as possibilidades dos \u00e2ngulos de tombamento e de ester\u00e7amento do guid\u00e3o. O objetivo deste projeto de pesquisa foi descrever a din\u00e2mica de uma bicicleta da melhor forma poss\u00edvel, atrav\u00e9s de uma cadeia <a href=\"https:\/\/sites.usp.br\/ldsv\/pagina-2\/multicorpos\/\"><em><strong>multicorpos<\/strong><\/em><\/a>, ou seja, uma sucess\u00e3o de referenciais, cada um solid\u00e1rio a um corpo e\u00a0 associar esses referenciais com uma equa\u00e7\u00e3o alg\u00e9brica (condi\u00e7\u00e3o em que as duas rodas est\u00e3o em contato com o ch\u00e3o). Isso produz uma cadeia fechada, semelhante \u00e0quela formada pelo <a href=\"https:\/\/sites.usp.br\/ldsv\/dispositivos-mecanicos-de-movimentacao\/mecanismo-de-quatro-barras\/\"><em><strong>mecanismo das quatro barras<\/strong><\/em><\/a>. \u00c9 importante realizar a din\u00e2mica da melhor forma poss\u00edvel pois, ap\u00f3s a obten\u00e7\u00e3o das equa\u00e7\u00f5es e a constru\u00e7\u00e3o de um programa para simul\u00e1-las que seja funcional, deve-se verificar experimentalmente (com um conjunto de aceler\u00f4metros acoplados a uma bicicleta) se o modelo te\u00f3rico \u00e9 compat\u00edvel com os dados experimentais. A modelagem matem\u00e1tica do ve\u00edculo foi feita inicialmente atrav\u00e9s da mec\u00e2nica <em>Newtoniana<\/em> (Teorema do Movimento do Baricentro e Teorema da Quantidade do Momento Angular), seguida de um tratamento das equa\u00e7\u00f5es de forma a isolar cada vari\u00e1vel necess\u00e1ria utilizando o programa <em><a href=\"https:\/\/www.mathworks.com\/products\/matlab.html\"><strong>Matlab<\/strong><\/a>.<\/em> A simula\u00e7\u00e3o deste modelo foi feita no <em><a href=\"https:\/\/www.mathworks.com\/products\/matlab.html\"><strong>Matlab<\/strong><\/a>.<\/em> Finalmente, a modelagem matem\u00e1tica do biciclo completo foi feita pelo m\u00e9todo de <em>Lagrange.<\/em><\/p>\r\n<p>&nbsp;<\/p>\r\n<\/div>\r\n\r\n\r\n\r\n<div class=\"wp-block-column is-layout-flow wp-block-column-is-layout-flow\" style=\"flex-basis: 33.33%;\">\r\n<figure class=\"wp-block-image size-full\"><a href=\"https:\/\/sites.usp.br\/ldsv\/wp-content\/uploads\/sites\/1453\/2024\/06\/151.jpg\"><img loading=\"lazy\" decoding=\"async\" width=\"726\" height=\"483\" class=\"wp-image-556\" src=\"https:\/\/sites.usp.br\/ldsv\/wp-content\/uploads\/sites\/1453\/2024\/06\/151.jpg\" alt=\"\" srcset=\"https:\/\/sites.usp.br\/ldsv\/wp-content\/uploads\/sites\/1453\/2024\/06\/151.jpg 726w, https:\/\/sites.usp.br\/ldsv\/wp-content\/uploads\/sites\/1453\/2024\/06\/151-300x200.jpg 300w, https:\/\/sites.usp.br\/ldsv\/wp-content\/uploads\/sites\/1453\/2024\/06\/151-400x266.jpg 400w\" sizes=\"auto, (max-width: 726px) 100vw, 726px\" \/><\/a><\/figure>\r\n<\/div>\r\n<\/div>\r\n\r\n<p>T\u00cdTULO: MODELAGEM E SIMULA\u00c7\u00c3O DE UM BICICLO<\/p>\r\n<p>Para mais informa\u00e7\u00f5es clique <a href=\"https:\/\/sites.usp.br\/ldsv\/wp-content\/uploads\/sites\/1453\/2024\/06\/Lucas_apresentacao_SIICUSP_13.pdf\" target=\"_blank\" rel=\"noopener\">aqui<\/a> . Para ver o trabalho de Inicia\u00e7\u00e3o Cientifica de\u00a0<a title=\"Alunos de gradua\u00e7\u00e3o\" href=\"https:\/\/sites.usp.br\/ldsv\/pagina-1\/alunos-de-graduacao\/\">Lucas Franceschini<\/a> (IC \u2013 2012) clique <a href=\"https:\/\/sites.usp.br\/ldsv\/wp-content\/uploads\/sites\/1453\/2024\/08\/Relatorio_Final_Lucas_Franceschini_12.pdf\"><em><strong>aqui<\/strong><\/em><\/a>.<\/p>\r\n<p>&nbsp;<\/p>\r\n<div align=\"center\">\r\n<p>Veja tamb\u00e9m os seguintes v\u00eddeos para mais ilustra\u00e7\u00f5es:<\/p>\r\n<p><iframe loading=\"lazy\" src=\"https:\/\/www.youtube.com\/embed\/mT3vfSQePcs?feature=oembed\" width=\"500\" height=\"281\" frameborder=\"0\" allowfullscreen=\"allowfullscreen\" data-mce-fragment=\"1\"><\/iframe><\/p>\r\n<p><iframe loading=\"lazy\" src=\"https:\/\/www.youtube.com\/embed\/SqBw7XapJKk?feature=oembed\" width=\"500\" height=\"375\" frameborder=\"0\" allowfullscreen=\"allowfullscreen\" data-mce-fragment=\"1\"><\/iframe><\/p>\r\n<p>(Fonte: dispon\u00edvel na internet)<\/p>\r\n<div style=\"width: 604px;\" class=\"wp-video\"><video class=\"wp-video-shortcode\" id=\"video-271-1\" width=\"604\" height=\"340\" preload=\"metadata\" controls=\"controls\"><source type=\"video\/mp4\" src=\"https:\/\/sites.usp.br\/ldsv\/wp-content\/uploads\/sites\/1453\/2024\/10\/Motorcycle_Instability.mp4?_=1\" \/><a href=\"https:\/\/sites.usp.br\/ldsv\/wp-content\/uploads\/sites\/1453\/2024\/10\/Motorcycle_Instability.mp4\">https:\/\/sites.usp.br\/ldsv\/wp-content\/uploads\/sites\/1453\/2024\/10\/Motorcycle_Instability.mp4<\/a><\/video><\/div>\r\n<p>(Fonte: dispon\u00edvel na internet)<\/p>\r\n<div style=\"width: 478px;\" class=\"wp-video\"><video class=\"wp-video-shortcode\" id=\"video-271-2\" width=\"478\" height=\"850\" preload=\"metadata\" controls=\"controls\"><source type=\"video\/mp4\" src=\"https:\/\/sites.usp.br\/ldsv\/wp-content\/uploads\/sites\/1453\/2025\/11\/Loop_Robot_Bicicleta.mp4?_=2\" \/><a href=\"https:\/\/sites.usp.br\/ldsv\/wp-content\/uploads\/sites\/1453\/2025\/11\/Loop_Robot_Bicicleta.mp4\">https:\/\/sites.usp.br\/ldsv\/wp-content\/uploads\/sites\/1453\/2025\/11\/Loop_Robot_Bicicleta.mp4<\/a><\/video><\/div>\r\n<p>(Fonte: TikTok dispon\u00edvel na internet)<\/p>\r\n<\/div>\r\n<\/div>","protected":false},"excerpt":{"rendered":"<p>Este estudo da geometria, da cinem\u00e1tica e da din\u00e2mica de ve\u00edculos do tipo bicicleta e\/ou motocicleta que no caso mais geral, ou seja, o biciclo com o \u00e2ngulo de tombamento (tamb\u00e9m chamado de rolagem, na literatura automobil\u00edstica), resulta no modelo completo cujo conjunto de equa\u00e7\u00f5es diferenciais tem mais uma equa\u00e7\u00e3o alg\u00e9brica. Esta \u00faltima equa\u00e7\u00e3o alg\u00e9brica [&hellip;]<\/p>\n","protected":false},"author":24004,"featured_media":0,"parent":142,"menu_order":3,"comment_status":"closed","ping_status":"closed","template":"","meta":{"footnotes":"","_links_to":"","_links_to_target":""},"class_list":["post-271","page","type-page","status-publish","hentry"],"_links":{"self":[{"href":"https:\/\/sites.usp.br\/ldsv\/wp-json\/wp\/v2\/pages\/271","targetHints":{"allow":["GET"]}}],"collection":[{"href":"https:\/\/sites.usp.br\/ldsv\/wp-json\/wp\/v2\/pages"}],"about":[{"href":"https:\/\/sites.usp.br\/ldsv\/wp-json\/wp\/v2\/types\/page"}],"author":[{"embeddable":true,"href":"https:\/\/sites.usp.br\/ldsv\/wp-json\/wp\/v2\/users\/24004"}],"replies":[{"embeddable":true,"href":"https:\/\/sites.usp.br\/ldsv\/wp-json\/wp\/v2\/comments?post=271"}],"version-history":[{"count":5,"href":"https:\/\/sites.usp.br\/ldsv\/wp-json\/wp\/v2\/pages\/271\/revisions"}],"predecessor-version":[{"id":2924,"href":"https:\/\/sites.usp.br\/ldsv\/wp-json\/wp\/v2\/pages\/271\/revisions\/2924"}],"up":[{"embeddable":true,"href":"https:\/\/sites.usp.br\/ldsv\/wp-json\/wp\/v2\/pages\/142"}],"wp:attachment":[{"href":"https:\/\/sites.usp.br\/ldsv\/wp-json\/wp\/v2\/media?parent=271"}],"curies":[{"name":"wp","href":"https:\/\/api.w.org\/{rel}","templated":true}]}}