{"id":285,"date":"2024-06-11T19:42:07","date_gmt":"2024-06-11T21:42:07","guid":{"rendered":"https:\/\/sites.usp.br\/ldsv\/?page_id=285"},"modified":"2024-11-04T11:14:56","modified_gmt":"2024-11-04T13:14:56","slug":"santos-dumont-o-pai-da-aviacao","status":"publish","type":"page","link":"https:\/\/sites.usp.br\/ldsv\/veiculos-especiais\/santos-dumont-o-pai-da-aviacao\/","title":{"rendered":"SANTOS DUMONT: O Pai da Avia\u00e7\u00e3o"},"content":{"rendered":"<div align=\"justify\">\n<p>Alberto santos-Dumont, brasileiro, nasceu em 20 de julho de 1873 num lugar denominado Cabangu, no distrito de Jo\u00e3o Aires no Estado de Minas Gerais. Realizou seus primeiros estudos no Col\u00e9gio Culto \u00e0 Ci\u00eancia, em Campinas, S\u00e3o Paulo entre 1883\/85.O primeiro v\u00f4o p\u00fablico de Santos-Dumont com um aparelho mais pesado que o ar ocorreu em 23 de outubro de 1906, no <a href=\"https:\/\/youtu.be\/vhE7UPOlmeQ?t=134\"><em><strong>Campo de Bagatelle<\/strong><\/em><\/a>, em Paris\/Fran\u00e7a, com o avi\u00e3o de nome 14-Bis que decolou com for\u00e7a pr\u00f3pria. O primeiro v\u00f4o de Santos-Dumont, na presen\u00e7a de milhares de pessoas\u00a0 no Campo de Bagatelle, foi amplamente fotografado e filmado. No V\u00f4o do 14-bis todos os preparativos do v\u00f4o foram fotografados e a vit\u00f3ria alcan\u00e7ada por Santos-Dumont foi noticiada pelos mais importantes jornais do mundo. O Aeroclube da Fran\u00e7a registrou o acontecimento em ata especial.No ano de <a href=\"https:\/\/aeroclub.com\/de-1898-a-nos-jours\/chronologie\/\"><em><strong>1906<\/strong><\/em><\/a> havia dois pr\u00eamios de avia\u00e7\u00e3o a disputar: um oferecido pelo Aeroclube da Fran\u00e7a, para um v\u00f4o de cem metros de dist\u00e2ncia amplamente divulgados pela imprensa mundial e outro, oferecido pelo Sr. Ernest Archdeacon, para quem conseguir decolar, voar mais de 25 metros e pousar com um aparelho mais pesado que o ar, saindo do ch\u00e3o usando exclusivamente os recursos de bordo sem qualquer auxilio externo.<\/p>\n<p>Santos-Dumont v\u00f4o muito mais, e ganhou os dois pr\u00eamios, fez isto frente a imprensa e as autoridades do <a href=\"https:\/\/aeroclub.com\/de-1898-a-nos-jours\/chronologie\/\"><em><strong>aeroclube<\/strong><\/em><\/a> da Fran\u00e7a.<\/p>\n<p>Veja fotos, <a href=\"https:\/\/sites.usp.br\/ldsv\/wp-content\/uploads\/sites\/1453\/2024\/07\/Replica-do-14bis-Santos-Dumont-por-Alan-Calassa.mp4\"><em><strong>r\u00e9plica<\/strong><\/em><\/a>,\u00a0 <a href=\"https:\/\/sites.usp.br\/ldsv\/wp-content\/uploads\/sites\/1453\/2024\/07\/Deuxieme_vol_dAlberto_Santos-Dumont.gif\"><em><strong>gif<\/strong><\/em><\/a>, <a href=\"https:\/\/sites.usp.br\/ldsv\/wp-content\/uploads\/sites\/1453\/2024\/07\/Modelo_14Bis_Voando.mp4\"><em><strong>videos<\/strong><\/em><\/a>e o <a href=\"https:\/\/sites.usp.br\/ldsv\/wp-content\/uploads\/sites\/1453\/2024\/07\/Deuxieme_vol_dAlberto_Santos-Dumont.gif\"><em><strong>filme<\/strong><\/em><\/a>, <a href=\"https:\/\/www.youtube.com\/watch?v=DuLZyJc2_5s\"><em><strong>filme (youtube)<\/strong><\/em><\/a><\/p>\n<\/div>\n<p>&nbsp;<\/p>\n<p><img loading=\"lazy\" decoding=\"async\" class=\"alignnone size-medium\" src=\"https:\/\/sites.usp.br\/ldsv\/wp-content\/uploads\/sites\/1453\/2024\/07\/Deuxieme_vol_dAlberto_Santos-Dumont.gif\" width=\"748\" height=\"551\" \/><\/p>\n<p>&nbsp;<\/p>\n<div style=\"width: 604px;\" class=\"wp-video\"><video class=\"wp-video-shortcode\" id=\"video-285-1\" width=\"604\" height=\"340\" preload=\"metadata\" controls=\"controls\"><source type=\"video\/mp4\" src=\"https:\/\/sites.usp.br\/ldsv\/wp-content\/uploads\/sites\/1453\/2024\/07\/Modelo_14Bis_Voando.mp4?_=1\" \/><a href=\"https:\/\/sites.usp.br\/ldsv\/wp-content\/uploads\/sites\/1453\/2024\/07\/Modelo_14Bis_Voando.mp4\">https:\/\/sites.usp.br\/ldsv\/wp-content\/uploads\/sites\/1453\/2024\/07\/Modelo_14Bis_Voando.mp4<\/a><\/video><\/div>\n<p>&nbsp;<\/p>\n<p><img loading=\"lazy\" decoding=\"async\" class=\"size-medium aligncenter\" src=\"https:\/\/sites.usp.br\/ldsv\/wp-content\/uploads\/sites\/1453\/2024\/11\/14BIS_MuseuPaulistaUSP.jpg\" width=\"450\" height=\"268\" \/><\/p>\n<p>&nbsp;<\/p>\n<p><img loading=\"lazy\" decoding=\"async\" class=\"aligncenter size-medium\" src=\"https:\/\/sites.usp.br\/ldsv\/wp-content\/uploads\/sites\/1453\/2024\/11\/14-bis-sendo-transportado-de-carro-por-SD1.jpg\" width=\"800\" height=\"520\" \/><\/p>\n<p>&nbsp;<\/p>\n<div align=\"justify\">\n<p>&nbsp;<\/p>\n<p>&nbsp;<\/p>\n<p>&nbsp;<\/p>\n<\/div>\n<div style=\"width: 604px;\" class=\"wp-video\"><video class=\"wp-video-shortcode\" id=\"video-285-2\" width=\"604\" height=\"340\" preload=\"metadata\" controls=\"controls\"><source type=\"video\/mp4\" src=\"https:\/\/sites.usp.br\/ldsv\/wp-content\/uploads\/sites\/1453\/2024\/07\/Replica-do-14bis-Santos-Dumont-por-Alan-Calassa.mp4?_=2\" \/><a href=\"https:\/\/sites.usp.br\/ldsv\/wp-content\/uploads\/sites\/1453\/2024\/07\/Replica-do-14bis-Santos-Dumont-por-Alan-Calassa.mp4\">https:\/\/sites.usp.br\/ldsv\/wp-content\/uploads\/sites\/1453\/2024\/07\/Replica-do-14bis-Santos-Dumont-por-Alan-Calassa.mp4<\/a><\/video><\/div>\n<p>&nbsp;<\/p>\n<div align=\"justify\">\n<h3>Santos Dumont: The Aviation Father<\/h3>\n<p>Alberto Santos-Dumont, was born on July 20, 1873 in the state of Minas Gerais, Brazil. He did his first studies in the College \u201cCulto a Ci\u00eancia\u201d in Campinas, S\u00e3o Paulo, between 1883\/85. He moved to France in 1891 with his parents.<\/p>\n<p>The first public flight of <a href=\"https:\/\/fr.wikipedia.org\/wiki\/Alberto_Santos-Dumont\"><em><strong>Santos-Dumont<\/strong><\/em><\/a> with a heavier-than-air airplane occurred on October 23, 1906, in the Bagatelle Field in Paris, France, with the plane named 14-Bis.<\/p>\n<p>He set the first aviation record in Europe, flying 220 meters in 21-1\/2 seconds with members of the Aero-Club du France in attendance. Santos Dumont receive a prize for making the first flight in Europe over 100 meters, and because he was observed by officials from what would become the Federation A\u00e9ronautique Internationale,\u00a0 he was credited with making the first powered flight in Europe. The first flight of Santos-Dumont in the presence of thousands of people in the Bagatelle Field, was widely photographed and filmed.<\/p>\n<p>In the 14-bis flying all flight preparations were photographed and the victory achieved by Santos-Dumont was reported by the most important newspapers in the world. The Aero Club of France recorded the event in special minutes.<\/p>\n<p>In the year <a href=\"https:\/\/aeroclub.com\/de-1898-a-nos-jours\/chronologie\/\"><em><strong>1906<\/strong><\/em><\/a> there were two aviation prizes to play: one offered by the Aero Club of France for a flight hundred meters away widely reported in the world press and other, offered by Mr. Ernest Archdeacon, for anyone who can take off, fly over 25 meters and land with a heavier-than-air rising from the ground using the onboard resources exclusively without any outside help.<\/p>\n<p>Santos-Dumont flight much more, and won two awards, did it in front of the press and the <a href=\"https:\/\/aeroclub.com\/de-1898-a-nos-jours\/chronologie\/\"><em><strong>flying club<\/strong><\/em><\/a> officials of France.<\/p>\n<\/div>\n","protected":false},"excerpt":{"rendered":"<p>Alberto santos-Dumont, brasileiro, nasceu em 20 de julho de 1873 num lugar denominado Cabangu, no distrito de Jo\u00e3o Aires no Estado de Minas Gerais. Realizou seus primeiros estudos no Col\u00e9gio Culto \u00e0 Ci\u00eancia, em Campinas, S\u00e3o Paulo entre 1883\/85.O primeiro v\u00f4o p\u00fablico de Santos-Dumont com um aparelho mais pesado que o ar ocorreu em 23 [&hellip;]<\/p>\n","protected":false},"author":24004,"featured_media":0,"parent":142,"menu_order":10,"comment_status":"closed","ping_status":"closed","template":"","meta":{"footnotes":"","_links_to":"","_links_to_target":""},"class_list":["post-285","page","type-page","status-publish","hentry"],"_links":{"self":[{"href":"https:\/\/sites.usp.br\/ldsv\/wp-json\/wp\/v2\/pages\/285","targetHints":{"allow":["GET"]}}],"collection":[{"href":"https:\/\/sites.usp.br\/ldsv\/wp-json\/wp\/v2\/pages"}],"about":[{"href":"https:\/\/sites.usp.br\/ldsv\/wp-json\/wp\/v2\/types\/page"}],"author":[{"embeddable":true,"href":"https:\/\/sites.usp.br\/ldsv\/wp-json\/wp\/v2\/users\/24004"}],"replies":[{"embeddable":true,"href":"https:\/\/sites.usp.br\/ldsv\/wp-json\/wp\/v2\/comments?post=285"}],"version-history":[{"count":5,"href":"https:\/\/sites.usp.br\/ldsv\/wp-json\/wp\/v2\/pages\/285\/revisions"}],"predecessor-version":[{"id":2456,"href":"https:\/\/sites.usp.br\/ldsv\/wp-json\/wp\/v2\/pages\/285\/revisions\/2456"}],"up":[{"embeddable":true,"href":"https:\/\/sites.usp.br\/ldsv\/wp-json\/wp\/v2\/pages\/142"}],"wp:attachment":[{"href":"https:\/\/sites.usp.br\/ldsv\/wp-json\/wp\/v2\/media?parent=285"}],"curies":[{"name":"wp","href":"https:\/\/api.w.org\/{rel}","templated":true}]}}