{"id":292,"date":"2024-06-11T19:44:04","date_gmt":"2024-06-11T21:44:04","guid":{"rendered":"https:\/\/sites.usp.br\/ldsv\/?page_id=292"},"modified":"2024-06-23T19:28:37","modified_gmt":"2024-06-23T21:28:37","slug":"exemplos","status":"publish","type":"page","link":"https:\/\/sites.usp.br\/ldsv\/pavimetro\/exemplos\/","title":{"rendered":"Exemplos"},"content":{"rendered":"<p>S\u00e3o disponibilizados para aprecia\u00e7\u00e3o alguns resultados de medi\u00e7\u00e3o sistema PAV\u00cdMETRO<sup>\u00ae<\/sup>:<\/p>\n<ul>\n<li><a title=\"Auto Estrada\" href=\"https:\/\/sites.usp.br\/ldsv\/pavimetro\/exemplos\/auto-estrada\/\">Auto Estrada<\/a><\/li>\n<li><a title=\"Estrada asfaltada em boas condi\u00e7\u00f5es\" href=\"https:\/\/sites.usp.br\/ldsv\/pavimetro\/exemplos\/estrada-asfaltada-em-boas-condicoes\/\">Estrada asfaltada em boas condi\u00e7\u00f5es<\/a><\/li>\n<li><a title=\"Estrada de Terra\" href=\"https:\/\/sites.usp.br\/ldsv\/pavimetro\/exemplos\/estrada-de-terra\/\">Estrada de Terra<\/a><\/li>\n<li><a title=\"Pavimento Urbano\" href=\"https:\/\/sites.usp.br\/ldsv\/pavimetro\/exemplos\/pavimento-urbano\/\">Pavimento Urbano<\/a><\/li>\n<li><a title=\"Pista de aeroporto\" href=\"https:\/\/sites.usp.br\/ldsv\/pavimetro\/exemplos\/pista-de-aeroporto\/\">Pista de aeroporto<\/a><\/li>\n<li><a title=\"Asfalto Ondulado\" href=\"https:\/\/sites.usp.br\/ldsv\/pavimetro\/exemplos\/asfalto-ondulado\/\">Asfalto Ondulado<\/a><\/li>\n<li><a title=\"Exemplo informa\u00e7\u00f5es georeferenciadas\" href=\"https:\/\/sites.usp.br\/ldsv\/pavimetro\/exemplos\/exemplo-informacoes-georeferenciadas\/\">Exemplo informa\u00e7\u00f5es georeferenciadas<\/a><\/li>\n<\/ul>\n","protected":false},"excerpt":{"rendered":"<p>S\u00e3o disponibilizados para aprecia\u00e7\u00e3o alguns resultados de medi\u00e7\u00e3o sistema PAV\u00cdMETRO\u00ae: Auto Estrada Estrada asfaltada em boas condi\u00e7\u00f5es Estrada de Terra Pavimento Urbano Pista de aeroporto Asfalto Ondulado Exemplo informa\u00e7\u00f5es georeferenciadas<\/p>\n","protected":false},"author":24004,"featured_media":0,"parent":144,"menu_order":3,"comment_status":"closed","ping_status":"closed","template":"","meta":{"footnotes":"","_links_to":"","_links_to_target":""},"class_list":["post-292","page","type-page","status-publish","hentry"],"_links":{"self":[{"href":"https:\/\/sites.usp.br\/ldsv\/wp-json\/wp\/v2\/pages\/292","targetHints":{"allow":["GET"]}}],"collection":[{"href":"https:\/\/sites.usp.br\/ldsv\/wp-json\/wp\/v2\/pages"}],"about":[{"href":"https:\/\/sites.usp.br\/ldsv\/wp-json\/wp\/v2\/types\/page"}],"author":[{"embeddable":true,"href":"https:\/\/sites.usp.br\/ldsv\/wp-json\/wp\/v2\/users\/24004"}],"replies":[{"embeddable":true,"href":"https:\/\/sites.usp.br\/ldsv\/wp-json\/wp\/v2\/comments?post=292"}],"version-history":[{"count":5,"href":"https:\/\/sites.usp.br\/ldsv\/wp-json\/wp\/v2\/pages\/292\/revisions"}],"predecessor-version":[{"id":917,"href":"https:\/\/sites.usp.br\/ldsv\/wp-json\/wp\/v2\/pages\/292\/revisions\/917"}],"up":[{"embeddable":true,"href":"https:\/\/sites.usp.br\/ldsv\/wp-json\/wp\/v2\/pages\/144"}],"wp:attachment":[{"href":"https:\/\/sites.usp.br\/ldsv\/wp-json\/wp\/v2\/media?parent=292"}],"curies":[{"name":"wp","href":"https:\/\/api.w.org\/{rel}","templated":true}]}}