{"id":64,"date":"2014-02-12T11:28:54","date_gmt":"2014-02-12T13:28:54","guid":{"rendered":"http:\/\/sites.usp.br\/ldsv\/?page_id=64"},"modified":"2025-01-29T11:21:40","modified_gmt":"2025-01-29T13:21:40","slug":"pagina-2","status":"publish","type":"page","link":"https:\/\/sites.usp.br\/ldsv\/pagina-2\/","title":{"rendered":"LINHAS DE PESQUISA"},"content":{"rendered":"<p>As pesquisa realizadas no <a href=\"https:\/\/sites.usp.br\/ldsv\/\"><em><strong>Laborat\u00f3rio de Din\u00e2mica e Simula\u00e7\u00e3o Veicular<\/strong><\/em><\/a> (LDSV) do <a href=\"https:\/\/sites.usp.br\/pme\/\" target=\"_blank\" rel=\"noopener\"><em><strong>Departamento de Engenharia Mec\u00e2nica<\/strong><\/em><\/a> (PME) da Escola Polit\u00e9cnica ( <a href=\"https:\/\/www.poli.usp.br\/departamentos\" target=\"_blank\" rel=\"noopener\"><em><strong>POLI<\/strong><\/em><\/a>) da Universidade de S\u00e3o Paulo &#8211; <a href=\"https:\/\/www5.usp.br\/\" target=\"_blank\" rel=\"noopener\"><em><strong>USP<\/strong><\/em><\/a>\u00a0s\u00e3o:<\/p>\n<ul>\n<li><a href=\"https:\/\/sites.usp.br\/ldsv\/pagina-2\/multicorpos\/\">Multicorpos<\/a><\/li>\n<li><a href=\"https:\/\/sites.usp.br\/ldsv\/pagina-2\/modelagem-de-sistemas-mecanicos\/\">Modelagem de Sistemas Mec\u00e2nicos<\/a><\/li>\n<li><a href=\"https:\/\/sites.usp.br\/ldsv\/pagina-2\/analise-e-identificacao-modal\/\">An\u00e1lise e Identifica\u00e7\u00e3o Modal<\/a><\/li>\n<li><a href=\"https:\/\/sites.usp.br\/ldsv\/pagina-2\/vibracoes\/\">Vibra\u00e7\u00f5es Mec\u00e2nicas<\/a><\/li>\n<li><a href=\"https:\/\/sites.usp.br\/ldsv\/pagina-2\/controle-de-sistemas-mecanicos\/\">Controle de Sistemas Mec\u00e2nicos<\/a><\/li>\n<li><a href=\"https:\/\/sites.usp.br\/ldsv\/pagina-2\/metodos-numericos\/\">M\u00e9todos Num\u00e9ricos<\/a><\/li>\n<li><a href=\"https:\/\/sites.usp.br\/ldsv\/pagina-2\/mecanica-de-contato\/\">Mec\u00e2nica de Contato<\/a><\/li>\n<li><a href=\"https:\/\/sites.usp.br\/ldsv\/pagina-2\/simulador-de-realidade-virtual\/\">Simulador de Realidade Virtual<\/a><\/li>\n<li><a href=\"https:\/\/sites.usp.br\/ldsv\/pagina-2\/reducao-de-ordem-de-modelos\/\">Monitoramento Embarcado<\/a><\/li>\n<li><a href=\"https:\/\/sites.usp.br\/ldsv\/pagina-2\/engenharia-automotiva\/\">Engenharia Automotiva<\/a><\/li>\n<li><a href=\"https:\/\/sites.usp.br\/ldsv\/pagina-2\/engenharia-metro-ferroviaria\/\">Engenharia Metro-Ferrovi\u00e1ria<\/a><\/li>\n<li><a href=\"https:\/\/sites.usp.br\/ldsv\/pagina-2\/dispositivos-mecanicos-de-movimentacao\/\">Dispositivos Mec\u00e2nicos de Movimenta\u00e7\u00e3o<\/a><\/li>\n<li><a href=\"https:\/\/sites.usp.br\/ldsv\/pagina-2\/atividades-extra-curriculares\/\">Atividades Extra-Curriculares<\/a><\/li>\n<li><a href=\"https:\/\/sites.usp.br\/ldsv\/pagina-2\/bibliografia\/\">Bibliografia<\/a><\/li>\n<\/ul>\n<p>&nbsp;<\/p>\n<h3>Publica\u00e7\u00f5es:<\/h3>\n<p><a href=\"http:\/\/lattes.cnpq.br\/6732555323294000\" target=\"_blank\" rel=\"noopener\"><img loading=\"lazy\" decoding=\"async\" class=\"alignleft \" src=\"https:\/\/sites.usp.br\/ldsv\/wp-content\/uploads\/sites\/1453\/2024\/10\/Lattes.jpg\" width=\"72\" height=\"46\" \/><\/a><\/p>\n<p><a href=\"http:\/\/orcid.org\/0000-0001-7353-0924\" target=\"_blank\" rel=\"noopener\"><img loading=\"lazy\" decoding=\"async\" class=\"alignnone\" src=\"https:\/\/sites.usp.br\/ldsv\/wp-content\/uploads\/sites\/1453\/2024\/10\/ORCID.jpg\" alt=\"\" width=\"37\" height=\"36\" \/><\/a>\u00a0 \u00a0 <a href=\"https:\/\/www.scopus.com\/authid\/detail.uri?authorId=7006722976\" target=\"_blank\" rel=\"noopener\"><img loading=\"lazy\" decoding=\"async\" class=\"alignnone \" src=\"https:\/\/sites.usp.br\/ldsv\/wp-content\/uploads\/sites\/1453\/2024\/10\/Scopus.jpg\" width=\"51\" height=\"58\" \/><\/a>\u00a0 \u00a0 \u00a0 <a href=\"http:\/\/scholar.google.com.br\/citations?user=sbU26S4AAAAJ&amp;hl=pt-BR\" target=\"_blank\" rel=\"noopener\"><img loading=\"lazy\" decoding=\"async\" class=\"alignnone \" src=\"https:\/\/sites.usp.br\/ldsv\/wp-content\/uploads\/sites\/1453\/2024\/10\/Google_Academic.jpg\" width=\"43\" height=\"45\" \/><\/a>\u00a0 \u00a0 \u00a0 <a href=\"https:\/\/www.webofscience.com\/wos\/author\/record\/25182\" target=\"_blank\" rel=\"noopener\"><img loading=\"lazy\" decoding=\"async\" class=\"alignnone \" src=\"https:\/\/sites.usp.br\/ldsv\/wp-content\/uploads\/sites\/1453\/2024\/10\/WEB_Science.jpg\" width=\"102\" height=\"52\" \/><\/a>\u00a0 \u00a0 <a href=\"https:\/\/www.researchgate.net\/profile\/Roberto_Barbosa2\/?ev=hdr_xprf\" target=\"_blank\" rel=\"noopener\"><img loading=\"lazy\" decoding=\"async\" class=\"alignnone \" src=\"https:\/\/sites.usp.br\/ldsv\/wp-content\/uploads\/sites\/1453\/2024\/10\/ResearchGate.jpg\" width=\"109\" height=\"26\" \/><\/a><\/p>\n<h3><\/h3>\n<h3><\/h3>\n","protected":false},"excerpt":{"rendered":"<p>As pesquisa realizadas no Laborat\u00f3rio de Din\u00e2mica e Simula\u00e7\u00e3o Veicular (LDSV) do Departamento de Engenharia Mec\u00e2nica (PME) da Escola Polit\u00e9cnica ( POLI) da Universidade de S\u00e3o Paulo &#8211; USP\u00a0s\u00e3o: Multicorpos Modelagem de Sistemas Mec\u00e2nicos An\u00e1lise e Identifica\u00e7\u00e3o Modal Vibra\u00e7\u00f5es Mec\u00e2nicas Controle de Sistemas Mec\u00e2nicos M\u00e9todos Num\u00e9ricos Mec\u00e2nica de Contato Simulador de Realidade Virtual Monitoramento Embarcado [&hellip;]<\/p>\n","protected":false},"author":1,"featured_media":0,"parent":0,"menu_order":0,"comment_status":"closed","ping_status":"closed","template":"","meta":{"footnotes":"","_links_to":"","_links_to_target":""},"class_list":["post-64","page","type-page","status-publish","hentry"],"_links":{"self":[{"href":"https:\/\/sites.usp.br\/ldsv\/wp-json\/wp\/v2\/pages\/64","targetHints":{"allow":["GET"]}}],"collection":[{"href":"https:\/\/sites.usp.br\/ldsv\/wp-json\/wp\/v2\/pages"}],"about":[{"href":"https:\/\/sites.usp.br\/ldsv\/wp-json\/wp\/v2\/types\/page"}],"author":[{"embeddable":true,"href":"https:\/\/sites.usp.br\/ldsv\/wp-json\/wp\/v2\/users\/1"}],"replies":[{"embeddable":true,"href":"https:\/\/sites.usp.br\/ldsv\/wp-json\/wp\/v2\/comments?post=64"}],"version-history":[{"count":4,"href":"https:\/\/sites.usp.br\/ldsv\/wp-json\/wp\/v2\/pages\/64\/revisions"}],"predecessor-version":[{"id":2727,"href":"https:\/\/sites.usp.br\/ldsv\/wp-json\/wp\/v2\/pages\/64\/revisions\/2727"}],"wp:attachment":[{"href":"https:\/\/sites.usp.br\/ldsv\/wp-json\/wp\/v2\/media?parent=64"}],"curies":[{"name":"wp","href":"https:\/\/api.w.org\/{rel}","templated":true}]}}