{"id":184,"date":"2024-12-19T18:06:04","date_gmt":"2024-12-19T20:06:04","guid":{"rendered":"https:\/\/sites.usp.br\/leb\/?page_id=184"},"modified":"2025-02-03T10:48:21","modified_gmt":"2025-02-03T12:48:21","slug":"graduacao","status":"publish","type":"page","link":"https:\/\/sites.usp.br\/leb\/graduacao\/","title":{"rendered":"<p>Gradua\u00e7\u00e3o"},"content":{"rendered":"<h4>\n<p style=\"color: black\">M\u00f3dulo de Forma\u00e7\u00e3o: T\u00f3picos em Engenharia Biom\u00e9dica (EBM)<\/p>\n<\/h4>\n<p>Plano pedag\u00f3gico do m\u00f3dulo EBM oferecido a todos os estudantes habilitados da EPUSP, com inicio em 2018. O documento cont\u00e9m tamb\u00e9m a descri\u00e7\u00e3o das disciplinas oferecidas, dos respectivos docentes e a grade preliminar de oferecimentos.<\/p>\n<p>Para mais informa\u00e7\u00f5es baixe o arquivo em <a href=\"https:\/\/sites.usp.br\/leb\/wp-content\/uploads\/sites\/1586\/2025\/01\/EBM_siteLEB-2.pdf\" target=\"_blank\" rel=\"noopener\">PDF<\/a>.<\/p>\n<h4>\n<p style=\"color: black\">Informa\u00e7\u00f5es sobre disciplinas optativas<\/p>\n<\/h4>\n<p>Disciplinas optativas s\u00e3o oferecidas nos cursos do Departamento de Engenharia de Telecomunica\u00e7\u00f5es e Controle (PTC).<\/p>\n<p>Disciplinas de Engenharia Biom\u00e9dica\/PTC oferecidas na Gradua\u00e7\u00e3o:<\/p>\n<p><a href=\"https:\/\/uspdigital.usp.br\/jupiterweb\/obterDisciplina?nomdis=&amp;sgldis=PTC3435\" target=\"_blank\" rel=\"noopener\"><em><strong>&#8211; PTC3435: Princ\u00edpios de Instrumenta\u00e7\u00e3o Biom\u00e9dica (optativa)<\/strong><\/em><\/a><\/p>\n<p><a href=\"https:\/\/uspdigital.usp.br\/jupiterweb\/obterDisciplina?nomdis=&amp;sgldis=PTC3456\" target=\"_blank\" rel=\"noopener\"><em><strong>&#8211; PTC3456: Processamento de Sinais Biom\u00e9dicos (optativa)<\/strong><\/em><\/a><\/p>\n<p><a href=\"https:\/\/uspdigital.usp.br\/jupiterweb\/obterDisciplina?nomdis=&amp;sgldis=PTC3492\" target=\"_blank\" rel=\"noopener\"><em><strong>&#8211; PTC3492: Princ\u00edpios da Forma\u00e7\u00e3o e Processamento de Imagens M\u00e9dicas (optativa)<\/strong><\/em><\/a><\/p>\n<p><a href=\"https:\/\/uspdigital.usp.br\/jupiterweb\/obterDisciplina?nomdis=&amp;sgldis=PTC3422\" target=\"_blank\" rel=\"noopener\"><em><strong>&#8211; PTC3422: Modelos de Sistemas Biol\u00f3gicos (optativa)<\/strong><\/em><\/a><\/p>\n<p><a href=\"https:\/\/uspdigital.usp.br\/jupiterweb\/obterDisciplina?nomdis=&amp;sgldis=PTC3536\" target=\"_blank\" rel=\"noopener\"><em><strong>&#8211; PTC3536: Bases para a Engenharia Neural (optativa)<\/strong><\/em><\/a><\/p>\n<p><a href=\"https:\/\/uspdigital.usp.br\/jupiterweb\/obterDisciplina?nomdis=&amp;sgldis=PTC3570\" target=\"_blank\" rel=\"noopener\"><em><strong>&#8211; PTC3570: Engenharia Cl\u00ednica (optativa)<\/strong><\/em><\/a><\/p>\n<p>Se voc\u00ea for aluno da USP e estiver interessado em conhecer outras disciplinas oferecidas, infoma\u00e7\u00f5es sobre inscri\u00e7\u00e3o e matr\u00edculas, acesse o site <a href=\"https:\/\/uspdigital.usp.br\/jupiterweb\" target=\"_blank\" rel=\"noopener\">Sistema J\u00fapiter<\/a>.<\/p>\n","protected":false},"excerpt":{"rendered":"<p>M\u00f3dulo de Forma\u00e7\u00e3o: T\u00f3picos em Engenharia Biom\u00e9dica (EBM) Plano pedag\u00f3gico do m\u00f3dulo EBM oferecido a todos os estudantes habilitados da EPUSP, com inicio em 2018. O documento cont\u00e9m tamb\u00e9m a descri\u00e7\u00e3o das disciplinas oferecidas, dos respectivos docentes e a grade preliminar de oferecimentos. Para mais informa\u00e7\u00f5es baixe o arquivo em PDF. Informa\u00e7\u00f5es sobre disciplinas optativas [&hellip;]<\/p>\n","protected":false},"author":24060,"featured_media":0,"parent":0,"menu_order":0,"comment_status":"closed","ping_status":"closed","template":"","meta":{"footnotes":"","_links_to":"","_links_to_target":""},"class_list":["post-184","page","type-page","status-publish","hentry"],"_links":{"self":[{"href":"https:\/\/sites.usp.br\/leb\/wp-json\/wp\/v2\/pages\/184","targetHints":{"allow":["GET"]}}],"collection":[{"href":"https:\/\/sites.usp.br\/leb\/wp-json\/wp\/v2\/pages"}],"about":[{"href":"https:\/\/sites.usp.br\/leb\/wp-json\/wp\/v2\/types\/page"}],"author":[{"embeddable":true,"href":"https:\/\/sites.usp.br\/leb\/wp-json\/wp\/v2\/users\/24060"}],"replies":[{"embeddable":true,"href":"https:\/\/sites.usp.br\/leb\/wp-json\/wp\/v2\/comments?post=184"}],"version-history":[{"count":4,"href":"https:\/\/sites.usp.br\/leb\/wp-json\/wp\/v2\/pages\/184\/revisions"}],"predecessor-version":[{"id":305,"href":"https:\/\/sites.usp.br\/leb\/wp-json\/wp\/v2\/pages\/184\/revisions\/305"}],"wp:attachment":[{"href":"https:\/\/sites.usp.br\/leb\/wp-json\/wp\/v2\/media?parent=184"}],"curies":[{"name":"wp","href":"https:\/\/api.w.org\/{rel}","templated":true}]}}