{"id":193,"date":"2025-01-06T16:08:32","date_gmt":"2025-01-06T18:08:32","guid":{"rendered":"https:\/\/sites.usp.br\/leb\/?page_id=193"},"modified":"2025-02-03T11:46:25","modified_gmt":"2025-02-03T13:46:25","slug":"posgraduacao","status":"publish","type":"page","link":"https:\/\/sites.usp.br\/leb\/posgraduacao\/","title":{"rendered":"<p>P\u00f3s-Gradua\u00e7\u00e3o"},"content":{"rendered":"<p><strong>\u00c1rea de Concentra\u00e7\u00e3o em Engenharia Biom\u00e9dica <\/strong><\/p>\n<p>A \u00c1rea de Concentra\u00e7\u00e3o \u201cEngenharia Biom\u00e9dica\u201d (c\u00f3digo 3154) do Programa de P\u00f3s-Gradua\u00e7\u00e3o em Engenharia El\u00e9trica (PPGEE) da Escola Polit\u00e9cnica da Universidade de S\u00e3o Paulo engloba linhas de pesquisa em:<\/p>\n<p>&#8211; Engenharia Respirat\u00f3ria;<\/p>\n<p>&#8211; Ensaios e Certifica\u00e7\u00e3o de Equipamentos M\u00e9dicos;<\/p>\n<p>&#8211; Instrumenta\u00e7\u00e3o Biom\u00e9dica e Sensores;<\/p>\n<p>&#8211; Neuroci\u00eancia Computacional;<\/p>\n<p>&#8211; Neurofisiologia Humana no Controle Motor;<\/p>\n<p>&#8211; Processamento de Imagens M\u00e9dicas;<\/p>\n<p>&#8211; Processamento de Sinais Biol\u00f3gicos.<\/p>\n<p>Para obter mais detalhes sobre o Programa de P\u00f3s-Gradua\u00e7\u00e3o em Engenharia El\u00e9trica (PPGEE) da Escola Polit\u00e9cnica da Universidade de S\u00e3o Paulo, consulte a p\u00e1gina <a href=\"http:\/\/www.ppgee.poli.usp.br\">http:\/\/www.ppgee.poli.usp.br<\/a><\/p>\n<p><strong>Ingresso<\/strong><\/p>\n<p>O processo de sele\u00e7\u00e3o \u00e9 feito de acordo com as normas e prazos estipulados pelo Programa de P\u00f3s-Gradua\u00e7\u00e3o em Engenharia El\u00e9trica (PPGEE) da Escola Polit\u00e9cnica da Universidade de S\u00e3o Paulo. O programa oficial para o exame de ingresso encontra-se nos editais de ingresso, em http:\/\/www.ppgee.poli.usp.br, bem como informa\u00e7\u00f5es espec\u00edficas sobre a admiss\u00e3o na \u00e1rea de Engenharia Biom\u00e9dica, formul\u00e1rios do processo de sele\u00e7\u00e3o e as instru\u00e7\u00f5es para o preenchimento.<\/p>\n<p>Informa\u00e7\u00f5es gerais sobre a p\u00f3s-gradua\u00e7\u00e3o na Escola Polit\u00e9cnica podem ser obtidas na p\u00e1gina <a href=\"http:\/\/www.poli.usp.br\/pt\/ensino\/pos-graduacao\">http:\/\/www.poli.usp.br\/pt\/ensino\/pos-graduacao<\/a>.<\/p>\n<p>Recomenda-se aos candidatos que entrem em contato com um dos professores da Engenharia Biom\u00e9dica, antes de iniciar o processo de ingresso. Se o professor tiver disponibilidade de vagas de orienta\u00e7\u00e3o, ele poder\u00e1 avaliar o curr\u00edculo, o hist\u00f3rico escolar e a afinidade dos interesses de pesquisa. Caso o professor se disponha a orient\u00e1-lo, o plano de pesquisa poder\u00e1 ser escrito em conjunto com o futuro orientador.<\/p>\n<p>Todos os candidatos a doutorado devem obrigatoriamente apresentar o compromisso de orienta\u00e7\u00e3o assinado pelo futuro orientador e um plano de pesquisa compat\u00edvel com o padr\u00e3o recomendado.<\/p>\n<p>Caso o candidato n\u00e3o tenha obtido o compromisso de orienta\u00e7\u00e3o assinado at\u00e9 a an\u00e1lise curricular, a entrevista ser\u00e1 feita obrigatoriamente ap\u00f3s a aprova\u00e7\u00e3o no exame de ingresso e ter\u00e1 car\u00e1ter eliminat\u00f3rio.<\/p>\n<p><strong>Exame de ingresso<\/strong><\/p>\n<p>Os candidatos a mestrado e a doutorado direto devem prestar o exame de ingresso. Para candidatos com forma\u00e7\u00e3o em Exatas, o exame avalia conhecimentos b\u00e1sicos de probabilidade, teoria de sistemas, circuitos el\u00e9tricos e sistemas de comunica\u00e7\u00e3o. Para candidatos com forma\u00e7\u00e3o em Biol\u00f3gicas, o exame avalia conhecimentos sobre os sistemas neuromuscular e cardiovascular, al\u00e9m de fisiologia geral.<\/p>\n<p><strong>Bolsas<\/strong><\/p>\n<p>A concess\u00e3o de bolsas por cota institucional \u00e9 analisada por formul\u00e1rios, requisitos e comiss\u00f5es distintas do processo de ingresso. As bolsas s\u00e3o disputadas por todos os candidatos do PPGEE, que devem se tornar \u201calunos regulares\u201d com dedica\u00e7\u00e3o em tempo integral \u00e0 p\u00f3s-gradua\u00e7\u00e3o.<\/p>\n<p>Os prazos para inscri\u00e7\u00e3o no processo de admiss\u00e3o, os formul\u00e1rios para solicita\u00e7\u00e3o de bolsa nova e informa\u00e7\u00f5es adicionais podem ser obtidos em <a href=\"http:\/\/www.ppgee.poli.usp.br\">http:\/\/www.ppgee.poli.usp.br<\/a> ou na secretaria de p\u00f3s-gradua\u00e7\u00e3o da Engenharia El\u00e9trica (11) 3091-5733.<\/p>\n<p>Os alunos da EPUSP tamb\u00e9m podem solicitar bolsa FAPESP (<a href=\"http:\/\/www.fapesp.br\">http:\/\/www.fapesp.br<\/a>\/), com o aval do futuro orientador Ingresso<\/p>\n<p><strong>Professores<\/strong><\/p>\n<p>Os professores envolvidos na cria\u00e7\u00e3o da \u00e1rea de Engenharia Biom\u00e9dica s\u00e3o (para mais informa\u00e7\u00f5es sobre os docentes e seus orientandos\/orientados, favor clicar nos links abaixo dos nomes):<\/p>\n<p>Professores da Escola Polit\u00e9cnica da Universidade de S\u00e3o Paulo<\/p>\n<p>&#8211; Andr\u00e9 Fabio Kohn<br \/>\n&#8211; <a href=\"http:\/\/lattes.cnpq.br\/2274011017142031\" target=\"_blank\" rel=\"noopener\">CV Lattes<\/a><\/p>\n<p>&#8211; Henrique Takachi Moriya<br \/>\n&#8211; <a href=\"http:\/\/lattes.cnpq.br\/8298199857246323\" target=\"_blank\" rel=\"noopener\">CV Lattes<\/a><\/p>\n<p>&#8211; Jos\u00e9 Roberto Castilho Piqueira<br \/>\n&#8211; <a href=\"http:\/\/lattes.cnpq.br\/6644721827442957\" target=\"_blank\" rel=\"noopener\">CV Lattes<\/a><\/p>\n<p>&#8211; S\u00e9rgio Shiguemi Furuie<br \/>\n&#8211; <a href=\"http:\/\/lattes.cnpq.br\/3099066754531707\" target=\"_blank\" rel=\"noopener\">CV Lattes<\/a><\/p>\n<p>Professores Convidados do Instituto do Cora\u00e7\u00e3o da Faculdade de Medicina da Universidade de S\u00e3o Paulo (<a href=\"http:\/\/www.incor.usp.br\/\" target=\"_blank\" rel=\"noopener\">InCor-FMUSP<\/a>)<\/p>\n<p>&#8211; Id\u00e1gene Aparecida Cestari<br \/>\n&#8211; <a href=\"http:\/\/lattes.cnpq.br\/3009454850934763\" target=\"_blank\" rel=\"noopener\">CV Lattes<\/a><\/p>\n<p>&#8211; Marco Ant\u00f4nio Gutierrez<br \/>\n&#8211; <a href=\"http:\/\/lattes.cnpq.br\/4428534123137232\" target=\"_blank\" rel=\"noopener\">CV Lattes<\/a><\/p>\n<p>Professor Convidado do <a href=\"https:\/\/imia-medinfo.org\/wp\/\" target=\"_blank\" rel=\"noopener\">International Medical Informatics Association (IMIA)<\/a> e da Accenture Consultoria\u200e.<\/p>\n<p>&#8211; Lincoln de Assis Moura J\u00fanior<br \/>\n<a href=\"http:\/\/lattes.cnpq.br\/6432596979190103\" target=\"_blank\" rel=\"noopener\">&#8211; CV Lattes<\/a><\/p>\n<p>As listas dos professores credenciados e respectivas vig\u00eancias podem ser consultadas no site do PPGEE.<\/p>\n<p><strong>Disciplinas Espec\u00edficas de Engenharia Biom\u00e9dica<\/strong><\/p>\n<p>As disciplinas a seguir s\u00e3o oferecidas pelos docentes do LEB:<\/p>\n<p>&#8211; <a href=\"https:\/\/uspdigital.usp.br\/janus\/publico\/disciplina\/C\/PTC5736\" target=\"_blank\">PTC5736 &#8211; Fundamentos de Neuroci\u00eancia<\/a><\/p>\n<p>&#8211; PTC5750 &#8211; T\u00e9cnicas Avan\u00e7adas em Processamento de Imagens M\u00e9dicas<\/p>\n<p>&#8211; PTC5756 &#8211; T\u00f3picos sobre a Neurofisiologia do Controle Motor<\/p>\n<p>&#8211; <a href=\"https:\/\/uspdigital.usp.br\/janus\/publico\/disciplina\/C\/PTC5874\" target=\"_blank\">PTC5874 &#8211; Sistema C\u00e1rdio-Respirat\u00f3rio<\/a><\/p>\n<p>&#8211; PTC5891 &#8211; Neurofisiologia Medular e o Controle Neuromuscular<\/p>\n<p>&#8211; <a href=\"https:\/\/uspdigital.usp.br\/janus\/publico\/disciplina\/C\/PTC5892\" target=\"_blank\">PTC5892 &#8211; Processamento de Imagens M\u00e9dicas<\/a><\/p>\n<p>&#8211; <a href=\"https:\/\/uspdigital.usp.br\/janus\/publico\/disciplina\/C\/PTC5894\" target=\"_blank\">PTC5894 &#8211; Instrumenta\u00e7\u00e3o Biom\u00e9dica<\/a><\/p>\n<p>Para mais informa\u00e7\u00f5es e detalhes sobre as disciplinas, ver no site do PPGEE. O \u201cCat\u00e1logo de disciplinas\u201d fornece as descri\u00e7\u00f5es e as ementas atualizadas. A op\u00e7\u00e3o \u201cDisciplinas oferecidas\u201d permite verificar quais disciplinas ser\u00e3o oferecidas no per\u00edodo.<\/p>\n<p>Nossos alunos tamb\u00e9m cursam outras disciplinas da \u00e1rea de Sistemas Eletr\u00f4nicos que ajudam na forma\u00e7\u00e3o de um bom engenheiro biom\u00e9dico como, por exemplo, &#8220;Processamento Digital de Sinais&#8221;, &#8220;Reconhecimento de Padr\u00f5es&#8221;, &#8220;Sistemas N\u00e3o-Lineares&#8221;. Al\u00e9m das disciplinas de Sistemas Eletr\u00f4nicos, o aluno pode cursar disciplinas tamb\u00e9m em outros departamentos da EPUSP ou em outras unidades da USP (consultar o sistema Janus de P\u00f3s-Gradua\u00e7\u00e3o da USP) como, por exemplo, na &#8220;Escola de Educa\u00e7\u00e3o F\u00edsica e Esportes&#8221; ou nos Institutos de &#8220;Psicologia&#8221;, &#8220;Matem\u00e1tica e Estat\u00edstica&#8221; e &#8220;Ci\u00eancias Biom\u00e9dicas&#8221;.<\/p>\n","protected":false},"excerpt":{"rendered":"<p>\u00c1rea de Concentra\u00e7\u00e3o em Engenharia Biom\u00e9dica A \u00c1rea de Concentra\u00e7\u00e3o \u201cEngenharia Biom\u00e9dica\u201d (c\u00f3digo 3154) do Programa de P\u00f3s-Gradua\u00e7\u00e3o em Engenharia El\u00e9trica (PPGEE) da Escola Polit\u00e9cnica da Universidade de S\u00e3o Paulo engloba linhas de pesquisa em: &#8211; Engenharia Respirat\u00f3ria; &#8211; Ensaios e Certifica\u00e7\u00e3o de Equipamentos M\u00e9dicos; &#8211; Instrumenta\u00e7\u00e3o Biom\u00e9dica e Sensores; &#8211; Neuroci\u00eancia Computacional; &#8211; Neurofisiologia [&hellip;]<\/p>\n","protected":false},"author":24060,"featured_media":0,"parent":0,"menu_order":0,"comment_status":"closed","ping_status":"closed","template":"","meta":{"footnotes":"","_links_to":"","_links_to_target":""},"class_list":["post-193","page","type-page","status-publish","hentry"],"_links":{"self":[{"href":"https:\/\/sites.usp.br\/leb\/wp-json\/wp\/v2\/pages\/193","targetHints":{"allow":["GET"]}}],"collection":[{"href":"https:\/\/sites.usp.br\/leb\/wp-json\/wp\/v2\/pages"}],"about":[{"href":"https:\/\/sites.usp.br\/leb\/wp-json\/wp\/v2\/types\/page"}],"author":[{"embeddable":true,"href":"https:\/\/sites.usp.br\/leb\/wp-json\/wp\/v2\/users\/24060"}],"replies":[{"embeddable":true,"href":"https:\/\/sites.usp.br\/leb\/wp-json\/wp\/v2\/comments?post=193"}],"version-history":[{"count":4,"href":"https:\/\/sites.usp.br\/leb\/wp-json\/wp\/v2\/pages\/193\/revisions"}],"predecessor-version":[{"id":309,"href":"https:\/\/sites.usp.br\/leb\/wp-json\/wp\/v2\/pages\/193\/revisions\/309"}],"wp:attachment":[{"href":"https:\/\/sites.usp.br\/leb\/wp-json\/wp\/v2\/media?parent=193"}],"curies":[{"name":"wp","href":"https:\/\/api.w.org\/{rel}","templated":true}]}}