{"id":241,"date":"2021-04-11T14:35:17","date_gmt":"2021-04-11T16:35:17","guid":{"rendered":"http:\/\/sites.usp.br\/lebac\/?page_id=241"},"modified":"2021-04-20T13:47:46","modified_gmt":"2021-04-20T15:47:46","slug":"eventos","status":"publish","type":"page","link":"https:\/\/sites.usp.br\/lebac\/eventos\/","title":{"rendered":"Eventos"},"content":{"rendered":"<h3>Seja bem vindo(a),<\/h3>\n<p>\u00c9 com muito prazer que n\u00f3s do LEBAC gostar\u00edamos de convidar voc\u00ea, professor(a) de Educa\u00e7\u00e3o Infantil ou estudante de Pedagogia, a participar do curso &#8220;Como aplicar o Desenho Universal para Aprendizagem na Educa\u00e7\u00e3o Infantil: da teoria \u00e0 pr\u00e1tica&#8221;.<\/p>\n<p>O curso \u00e9 a dist\u00e2ncia, gratuito e totalmente automatizado, com aulas ass\u00edncronas.<\/p>\n<p>Venha conhecer um pouco mais sobre o curso:<\/p>\n<div style=\"width: 604px;\" class=\"wp-video\"><video class=\"wp-video-shortcode\" id=\"video-241-1\" width=\"604\" height=\"340\" preload=\"metadata\" controls=\"controls\"><source type=\"video\/mp4\" src=\"https:\/\/sites.usp.br\/lebac\/wp-content\/uploads\/sites\/591\/2021\/04\/V\u00eddeo-DUA-finalizado.mp4?_=1\" \/><a href=\"https:\/\/sites.usp.br\/lebac\/wp-content\/uploads\/sites\/591\/2021\/04\/V\u00eddeo-DUA-finalizado.mp4\">https:\/\/sites.usp.br\/lebac\/wp-content\/uploads\/sites\/591\/2021\/04\/V\u00eddeo-DUA-finalizado.mp4<\/a><\/video><\/div>\n<p>&nbsp;<\/p>\n<h4><strong>Caso n\u00e3o consiga visualizar o v\u00eddeo, acesse o link a baixo:<\/strong><br \/>\n<a href=\"https:\/\/www.youtube.com\/watch?v=ZnjLm04VWAQ\" target=\"_blank\" rel=\"noopener noreferrer\">https:\/\/www.youtube.com\/watch?v=ZnjLm04VWAQ<\/a><\/h4>\n<p>O curso ter\u00e1 in\u00edcio no dia 01\/05\/21 e dever\u00e1 ser conclu\u00eddo at\u00e9 o dia 15\/07\/21.<br \/>\nAs inscri\u00e7\u00f5es ficam abertas do dia 12\/04\/21 at\u00e9 o dia 30\/04\/21.<\/p>\n<p>Fa\u00e7a sua inscri\u00e7\u00e3o pelo link abaixo:<br \/>\n<a href=\"https:\/\/uspdigital.usp.br\/apolo\/apoObterCurso?cod_curso=590400181&amp;cod_edicao=21001&amp;numseqofeedi=1\" target=\"_blank\" rel=\"noopener noreferrer\">590400181 &#8211; Como aplicar o Desenho Universal para Aprendizagem na Educa\u00e7\u00e3o Infantil: da teoria \u00e0 pr\u00e1tica<\/a><\/p>\n","protected":false},"excerpt":{"rendered":"<p>Seja bem vindo(a), \u00c9 com muito prazer que n\u00f3s do LEBAC gostar\u00edamos de convidar voc\u00ea, professor(a) de Educa\u00e7\u00e3o Infantil ou estudante de Pedagogia, a participar do curso &#8220;Como aplicar o Desenho Universal para Aprendizagem na Educa\u00e7\u00e3o Infantil: da teoria \u00e0 pr\u00e1tica&#8221;. O curso \u00e9 a dist\u00e2ncia, gratuito e totalmente automatizado, com aulas ass\u00edncronas. Venha conhecer [&hellip;]<\/p>\n","protected":false},"author":22323,"featured_media":0,"parent":0,"menu_order":2,"comment_status":"closed","ping_status":"closed","template":"","meta":{"footnotes":"","_links_to":"","_links_to_target":""},"class_list":["post-241","page","type-page","status-publish","hentry"],"_links":{"self":[{"href":"https:\/\/sites.usp.br\/lebac\/wp-json\/wp\/v2\/pages\/241","targetHints":{"allow":["GET"]}}],"collection":[{"href":"https:\/\/sites.usp.br\/lebac\/wp-json\/wp\/v2\/pages"}],"about":[{"href":"https:\/\/sites.usp.br\/lebac\/wp-json\/wp\/v2\/types\/page"}],"author":[{"embeddable":true,"href":"https:\/\/sites.usp.br\/lebac\/wp-json\/wp\/v2\/users\/22323"}],"replies":[{"embeddable":true,"href":"https:\/\/sites.usp.br\/lebac\/wp-json\/wp\/v2\/comments?post=241"}],"version-history":[{"count":5,"href":"https:\/\/sites.usp.br\/lebac\/wp-json\/wp\/v2\/pages\/241\/revisions"}],"predecessor-version":[{"id":260,"href":"https:\/\/sites.usp.br\/lebac\/wp-json\/wp\/v2\/pages\/241\/revisions\/260"}],"wp:attachment":[{"href":"https:\/\/sites.usp.br\/lebac\/wp-json\/wp\/v2\/media?parent=241"}],"curies":[{"name":"wp","href":"https:\/\/api.w.org\/{rel}","templated":true}]}}