{"id":1675,"date":"2020-05-30T14:46:40","date_gmt":"2020-05-30T17:46:40","guid":{"rendered":"http:\/\/sites.usp.br\/leea\/?page_id=1675"},"modified":"2020-08-02T14:47:20","modified_gmt":"2020-08-02T17:47:20","slug":"links-uteis","status":"publish","type":"page","link":"https:\/\/sites.usp.br\/leea\/links-uteis\/","title":{"rendered":"Links \u00fateis"},"content":{"rendered":"<p><strong>USP:<br \/>\n<\/strong><a href=\"https:\/\/www5.usp.br\/\" target=\"_blank\" rel=\"noopener noreferrer\">Universidade de S\u00e3o Paulo &#8211; USP<\/a><\/p>\n<p><a href=\"https:\/\/www.ffclrp.usp.br\/\" target=\"_blank\" rel=\"noopener noreferrer\">Faculdade de Filosofia, Ci\u00eancias e Letras de Ribeir\u00e3o Preto &#8211; FFCLRP<\/a><\/p>\n<p><a href=\"http:\/\/quimica.ffclrp.usp.br\/\" target=\"_blank\" rel=\"noopener noreferrer\">Departamento de Qu\u00edmica &#8211; FFCLRP<\/a><\/p>\n<p><a href=\"https:\/\/sites.usp.br\/quimica-rp\/pb\/\" target=\"_blank\" rel=\"noopener noreferrer\">Programa de P\u00f3s-Gradua\u00e7\u00e3o em Qu\u00edmica &#8211; FFCLRP<\/a><\/p>\n<p><a href=\"http:\/\/www.prefeiturarp.usp.br\/\" target=\"_blank\" rel=\"noopener noreferrer\">Prefeitura do Campus da USP de Ribeir\u00e3o Preto<\/a><\/p>\n<p><a href=\"http:\/\/www.bcrp.prefeiturarp.usp.br\/\" target=\"_blank\" rel=\"noopener noreferrer\">Biblioteca Central &#8211; USP Ribeir\u00e3o Preto<\/a><\/p>\n<p><a href=\"https:\/\/prp.usp.br\/\" target=\"_blank\" rel=\"noopener noreferrer\">Pr\u00f3-Reitoria de Pesquisa &#8211; USP<\/a><\/p>\n<p><a href=\"http:\/\/www.prpg.usp.br\/index.php\/pt-br\/\" target=\"_blank\" rel=\"noopener noreferrer\">Pr\u00f3-Reitoria de P\u00f3s-Gradua\u00e7\u00e3o &#8211; USP<\/a><\/p>\n<p><a href=\"http:\/\/www.prg.usp.br\/\" target=\"_blank\" rel=\"noopener noreferrer\">Pr\u00f3-Reitoria de Gradua\u00e7\u00e3o &#8211; USP<\/a><\/p>\n<p><a href=\"https:\/\/prceu.usp.br\/\" target=\"_blank\" rel=\"noopener noreferrer\">Pr\u00f3-Reitoria de Cultura e Extens\u00e3o &#8211; USP<\/a><\/p>\n<p><a href=\"https:\/\/uspdigital.usp.br\/wsusuario\/\" target=\"_blank\" rel=\"noopener noreferrer\">Sistemas USP: J\u00fapiter, Janus, Atena e outros<\/a><\/p>\n<p><a href=\"https:\/\/jornal.usp.br\/\" target=\"_blank\" rel=\"noopener noreferrer\">Jornal da USP<\/a><\/p>\n<p><a href=\"https:\/\/jornal.usp.br\/radio\/\" target=\"_blank\" rel=\"noopener noreferrer\">R\u00e1dio USP<\/a><\/p>\n<p><a href=\"https:\/\/www.edusp.com.br\/\" target=\"_blank\" rel=\"noopener noreferrer\">Editora da USP &#8211; EdUSP<\/a><\/p>\n<p>&nbsp;<\/p>\n<p><strong>FAPESP:<br \/>\n<\/strong><a href=\"http:\/\/www.fapesp.br\/\" target=\"_blank\" rel=\"noopener noreferrer\">Funda\u00e7\u00e3o de Amparo \u00e0 Pesquisa do Estado de S\u00e3o Paulo &#8211; FAPESP<\/a><\/p>\n<p><a href=\"https:\/\/revistapesquisa.fapesp.br\/\" target=\"_blank\" rel=\"noopener noreferrer\">Revista Pesquisa FAPESP<\/a><\/p>\n<p><a href=\"https:\/\/agencia.fapesp.br\/inicial\/\" target=\"_blank\" rel=\"noopener noreferrer\">Ag\u00eancia de Not\u00edcias FAPESP<\/a><\/p>\n<p><a href=\"https:\/\/sage.fapesp.br\/SAGe_WEB\/jsp\/loginAdm.jsp\" target=\"_blank\" rel=\"noopener noreferrer\">SAGe &#8211; FAPESP<\/a><\/p>\n<p>&nbsp;<\/p>\n<p><strong>CNPq:<br \/>\n<\/strong><a href=\"http:\/\/www.cnpq.br\/\" target=\"_blank\" rel=\"noopener noreferrer\">Conselho Nacional de Desenvolvimento Cient\u00edfico e Tecnol\u00f3gico &#8211; CNPq<\/a><\/p>\n<p><a href=\"http:\/\/lattes.cnpq.br\/\" target=\"_blank\" rel=\"noopener noreferrer\">Plataforma Lattes &#8211; Curr\u00edculo Lattes<\/a><\/p>\n<p>&nbsp;<\/p>\n<p><strong>CAPES:<br \/>\n<\/strong><a href=\"https:\/\/www.capes.gov.br\/\" target=\"_blank\" rel=\"noopener noreferrer\">Coordena\u00e7\u00e3o de Aperfei\u00e7oamento de Pessoal de N\u00edvel Superior &#8211; CAPES<\/a><\/p>\n<p>&nbsp;<\/p>\n<p><strong>SOCIEDADES:<\/strong><br \/>\n<a href=\"http:\/\/www.sbq.org.br\/\" target=\"_blank\" rel=\"noopener noreferrer\">Sociedade Brasileira de Qu\u00edmica &#8211; SBQ<\/a><\/p>\n<p><a href=\"http:\/\/sociedade-sbee.org\/home\" target=\"_blank\" rel=\"noopener noreferrer\">Sociedade Brasileira de Eletroqu\u00edmica e Eletroanal\u00edtica &#8211; SBEE<\/a><\/p>\n<p><a href=\"http:\/\/portal.sbpcnet.org.br\/\" target=\"_blank\" rel=\"noopener noreferrer\">Sociedade Brasileira para o Progresso da Ci\u00eancia &#8211; SBPC<\/a><\/p>\n<p><a href=\"http:\/\/www.abc.org.br\/\" target=\"_blank\" rel=\"noopener noreferrer\">Academia Brasileira de Ci\u00eancias &#8211; ABC<\/a><\/p>\n","protected":false},"excerpt":{"rendered":"<p>USP: Universidade de S\u00e3o Paulo &#8211; USP Faculdade de Filosofia, Ci\u00eancias e Letras de Ribeir\u00e3o Preto &#8211; FFCLRP Departamento de Qu\u00edmica &#8211; FFCLRP Programa de P\u00f3s-Gradua\u00e7\u00e3o em Qu\u00edmica &#8211; FFCLRP Prefeitura do Campus da&#46;&#46;&#46;<\/p>\n","protected":false},"author":1163,"featured_media":0,"parent":0,"menu_order":0,"comment_status":"closed","ping_status":"closed","template":"","meta":{"footnotes":"","_links_to":"","_links_to_target":""},"class_list":["post-1675","page","type-page","status-publish","hentry"],"_links":{"self":[{"href":"https:\/\/sites.usp.br\/leea\/wp-json\/wp\/v2\/pages\/1675","targetHints":{"allow":["GET"]}}],"collection":[{"href":"https:\/\/sites.usp.br\/leea\/wp-json\/wp\/v2\/pages"}],"about":[{"href":"https:\/\/sites.usp.br\/leea\/wp-json\/wp\/v2\/types\/page"}],"author":[{"embeddable":true,"href":"https:\/\/sites.usp.br\/leea\/wp-json\/wp\/v2\/users\/1163"}],"replies":[{"embeddable":true,"href":"https:\/\/sites.usp.br\/leea\/wp-json\/wp\/v2\/comments?post=1675"}],"version-history":[{"count":4,"href":"https:\/\/sites.usp.br\/leea\/wp-json\/wp\/v2\/pages\/1675\/revisions"}],"predecessor-version":[{"id":1709,"href":"https:\/\/sites.usp.br\/leea\/wp-json\/wp\/v2\/pages\/1675\/revisions\/1709"}],"wp:attachment":[{"href":"https:\/\/sites.usp.br\/leea\/wp-json\/wp\/v2\/media?parent=1675"}],"curies":[{"name":"wp","href":"https:\/\/api.w.org\/{rel}","templated":true}]}}