{"id":1564,"date":"2021-05-15T13:51:08","date_gmt":"2021-05-15T16:51:08","guid":{"rendered":"https:\/\/sites.usp.br\/lepps\/?page_id=1564"},"modified":"2021-05-15T14:02:45","modified_gmt":"2021-05-15T17:02:45","slug":"registro-das-reunioes","status":"publish","type":"page","link":"https:\/\/sites.usp.br\/lepps\/registro-das-reunioes\/","title":{"rendered":"Registro das reuni\u00f5es"},"content":{"rendered":"<p><a href=\"https:\/\/sites.usp.br\/lepps\/wp-content\/uploads\/sites\/384\/2021\/05\/unnamed.png\"><img fetchpriority=\"high\" decoding=\"async\" class=\"aligncenter wp-image-1572 size-medium\" src=\"https:\/\/sites.usp.br\/lepps\/wp-content\/uploads\/sites\/384\/2021\/05\/unnamed-300x258.png\" alt=\"\" width=\"300\" height=\"258\" srcset=\"https:\/\/sites.usp.br\/lepps\/wp-content\/uploads\/sites\/384\/2021\/05\/unnamed-300x258.png 300w, https:\/\/sites.usp.br\/lepps\/wp-content\/uploads\/sites\/384\/2021\/05\/unnamed-400x344.png 400w, https:\/\/sites.usp.br\/lepps\/wp-content\/uploads\/sites\/384\/2021\/05\/unnamed.png 512w\" sizes=\"(max-width: 300px) 100vw, 300px\" \/><\/a><a href=\"https:\/\/sites.usp.br\/lepps\/wp-content\/uploads\/sites\/384\/2019\/09\/linha.png\"><img decoding=\"async\" class=\"aligncenter size-full wp-image-955\" src=\"https:\/\/sites.usp.br\/lepps\/wp-content\/uploads\/sites\/384\/2019\/09\/linha.png\" alt=\"\" width=\"640\" height=\"66\" srcset=\"https:\/\/sites.usp.br\/lepps\/wp-content\/uploads\/sites\/384\/2019\/09\/linha.png 640w, https:\/\/sites.usp.br\/lepps\/wp-content\/uploads\/sites\/384\/2019\/09\/linha-300x31.png 300w, https:\/\/sites.usp.br\/lepps\/wp-content\/uploads\/sites\/384\/2019\/09\/linha-400x41.png 400w\" sizes=\"(max-width: 640px) 100vw, 640px\" \/><\/a><\/p>\n<p style=\"text-align: center;\"><span style=\"color: #ff0000;\"><strong>12 de maio de 2021 &#8211; Conceitos fundamentais nos &#8220;Estudos de g\u00eanero&#8221;<\/strong><\/span><\/p>\n<p>&nbsp;<\/p>\n<p style=\"text-align: justify;\">Na quarta-feira dia 12, o VIDEVERSO teve o prazer de receber o Dr. Eduardo Name Risk que abordou a import\u00e2ncia em se de definir alguns conceitos b\u00e1sicos nos chamados &#8220;Estudos de g\u00eanero&#8221;, como os termos &#8220;g\u00eanero&#8221; e &#8220;sexualidade&#8221;. Os conceitos foram abordados a partir do referencial epistemol\u00f3gico do p\u00f3s-estruturalismo e, em especial, a partir da obra da fil\u00f3sofa americana Judith Butler.<\/p>\n<p><a href=\"https:\/\/sites.usp.br\/lepps\/wp-content\/uploads\/sites\/384\/2019\/09\/linha.png\"><img decoding=\"async\" class=\"aligncenter size-full wp-image-955\" src=\"https:\/\/sites.usp.br\/lepps\/wp-content\/uploads\/sites\/384\/2019\/09\/linha.png\" alt=\"\" width=\"640\" height=\"66\" srcset=\"https:\/\/sites.usp.br\/lepps\/wp-content\/uploads\/sites\/384\/2019\/09\/linha.png 640w, https:\/\/sites.usp.br\/lepps\/wp-content\/uploads\/sites\/384\/2019\/09\/linha-300x31.png 300w, https:\/\/sites.usp.br\/lepps\/wp-content\/uploads\/sites\/384\/2019\/09\/linha-400x41.png 400w\" sizes=\"(max-width: 640px) 100vw, 640px\" \/><\/a><\/p>\n<p style=\"text-align: center;\"><span style=\"color: #ff0000;\"><strong>28 de abril de 2021 &#8211; Mulherismo Africana: g\u00eanero, arte e sa\u00fade<\/strong><\/span><\/p>\n<p>&nbsp;<\/p>\n<p style=\"text-align: justify;\">Na quarta-feira dia 28, o VIDEVERSO teve o prazer de receber Aline Nacimento que falou sobre AIDS e o Mulherismo Afrikana, movimento de cunho afrocentrado e materno-centrado- isso \u00e9, enfatizando o car\u00e1ter criador e de lideran\u00e7a da mulher negra em suas comunidades, n\u00e3o perpassando necessariamente pela gesta\u00e7\u00e3o f\u00edsico-uterina.<\/p>\n<p style=\"text-align: justify;\">Aline tamb\u00e9m apresentou o termo Aid$, cujo cifr\u00e3o enfatiza o car\u00e1ter s\u00f3cio-econ\u00f4mico da pandemia de AIDS, que acaba atingindo com muito maior \u00eanfase popula\u00e7\u00f5es negras e ind\u00edgenas- e \u00e9 no encontro da milit\u00e2ncia com o Mulherismo Afrikana que a ativista encontrou terreno para seu trabalho art\u00edstico e pol\u00edtico.<\/p>\n","protected":false},"excerpt":{"rendered":"<p>12 de maio de 2021 &#8211; Conceitos fundamentais nos &#8220;Estudos de g\u00eanero&#8221; &nbsp; Na quarta-feira dia 12, o VIDEVERSO teve o prazer de receber o Dr. Eduardo Name Risk que abordou a import\u00e2ncia em se de definir alguns conceitos b\u00e1sicos nos chamados &#8220;Estudos de g\u00eanero&#8221;, como os termos &#8220;g\u00eanero&#8221; e &#8220;sexualidade&#8221;. Os conceitos foram abordados<a href=\"https:\/\/sites.usp.br\/lepps\/registro-das-reunioes\/\">[&#8230;]<\/a><\/p>\n","protected":false},"author":704,"featured_media":0,"parent":0,"menu_order":0,"comment_status":"closed","ping_status":"closed","template":"","meta":{"_monsterinsights_skip_tracking":false,"_monsterinsights_sitenote_active":false,"_monsterinsights_sitenote_note":"","_monsterinsights_sitenote_category":0,"footnotes":"","_links_to":"","_links_to_target":""},"class_list":["post-1564","page","type-page","status-publish","hentry"],"_links":{"self":[{"href":"https:\/\/sites.usp.br\/lepps\/wp-json\/wp\/v2\/pages\/1564","targetHints":{"allow":["GET"]}}],"collection":[{"href":"https:\/\/sites.usp.br\/lepps\/wp-json\/wp\/v2\/pages"}],"about":[{"href":"https:\/\/sites.usp.br\/lepps\/wp-json\/wp\/v2\/types\/page"}],"author":[{"embeddable":true,"href":"https:\/\/sites.usp.br\/lepps\/wp-json\/wp\/v2\/users\/704"}],"replies":[{"embeddable":true,"href":"https:\/\/sites.usp.br\/lepps\/wp-json\/wp\/v2\/comments?post=1564"}],"version-history":[{"count":5,"href":"https:\/\/sites.usp.br\/lepps\/wp-json\/wp\/v2\/pages\/1564\/revisions"}],"predecessor-version":[{"id":1574,"href":"https:\/\/sites.usp.br\/lepps\/wp-json\/wp\/v2\/pages\/1564\/revisions\/1574"}],"wp:attachment":[{"href":"https:\/\/sites.usp.br\/lepps\/wp-json\/wp\/v2\/media?parent=1564"}],"curies":[{"name":"wp","href":"https:\/\/api.w.org\/{rel}","templated":true}]}}