{"id":388,"date":"2018-08-13T23:13:08","date_gmt":"2018-08-14T02:13:08","guid":{"rendered":"http:\/\/sites.usp.br\/lepps\/?page_id=388"},"modified":"2024-05-09T20:35:23","modified_gmt":"2024-05-09T23:35:23","slug":"historia","status":"publish","type":"page","link":"https:\/\/sites.usp.br\/lepps\/historia\/","title":{"rendered":"Sobre"},"content":{"rendered":"<p style=\"text-align: justify;\"><a href=\"https:\/\/sites.usp.br\/lepps\/wp-content\/uploads\/sites\/384\/2019\/09\/linha.png\"><img decoding=\"async\" class=\"size-full wp-image-955 aligncenter\" src=\"https:\/\/sites.usp.br\/lepps\/wp-content\/uploads\/sites\/384\/2019\/09\/linha.png\" alt=\"\" width=\"640\" height=\"66\" srcset=\"https:\/\/sites.usp.br\/lepps\/wp-content\/uploads\/sites\/384\/2019\/09\/linha.png 640w, https:\/\/sites.usp.br\/lepps\/wp-content\/uploads\/sites\/384\/2019\/09\/linha-300x31.png 300w, https:\/\/sites.usp.br\/lepps\/wp-content\/uploads\/sites\/384\/2019\/09\/linha-400x41.png 400w\" sizes=\"(max-width: 640px) 100vw, 640px\" \/><\/a><a href=\"https:\/\/sites.usp.br\/lepps\/wp-content\/uploads\/sites\/384\/2020\/02\/Design-sem-nome.png\"><img fetchpriority=\"high\" decoding=\"async\" class=\"aligncenter wp-image-1359 size-full\" src=\"https:\/\/sites.usp.br\/lepps\/wp-content\/uploads\/sites\/384\/2020\/02\/Design-sem-nome.png\" alt=\"\" width=\"820\" height=\"312\" srcset=\"https:\/\/sites.usp.br\/lepps\/wp-content\/uploads\/sites\/384\/2020\/02\/Design-sem-nome.png 820w, https:\/\/sites.usp.br\/lepps\/wp-content\/uploads\/sites\/384\/2020\/02\/Design-sem-nome-300x114.png 300w, https:\/\/sites.usp.br\/lepps\/wp-content\/uploads\/sites\/384\/2020\/02\/Design-sem-nome-768x292.png 768w, https:\/\/sites.usp.br\/lepps\/wp-content\/uploads\/sites\/384\/2020\/02\/Design-sem-nome-400x152.png 400w\" sizes=\"(max-width: 820px) 100vw, 820px\" \/><\/a><\/p>\n<p><a href=\"https:\/\/sites.usp.br\/lepps\/wp-content\/uploads\/sites\/384\/2019\/09\/linha.png\"><img decoding=\"async\" class=\"size-full wp-image-955 aligncenter\" src=\"https:\/\/sites.usp.br\/lepps\/wp-content\/uploads\/sites\/384\/2019\/09\/linha.png\" alt=\"\" width=\"640\" height=\"66\" srcset=\"https:\/\/sites.usp.br\/lepps\/wp-content\/uploads\/sites\/384\/2019\/09\/linha.png 640w, https:\/\/sites.usp.br\/lepps\/wp-content\/uploads\/sites\/384\/2019\/09\/linha-300x31.png 300w, https:\/\/sites.usp.br\/lepps\/wp-content\/uploads\/sites\/384\/2019\/09\/linha-400x41.png 400w\" sizes=\"(max-width: 640px) 100vw, 640px\" \/><\/a><\/p>\n<p style=\"text-align: justify;\">O Laborat\u00f3rio de Ensino e Pesquisa em Psicologia da Sa\u00fade (LEPPS-FFCLRP-USP-CNPq)\u00a0<a href=\"https:\/\/sites.usp.br\/lepps\/\" target=\"_blank\" rel=\"noopener\" data-saferedirecturl=\"https:\/\/www.google.com\/url?q=https:\/\/sites.usp.br\/lepps\/&amp;source=gmail&amp;ust=1661261133382000&amp;usg=AOvVaw0f1cKjMLTz44CgLeLai4z5\">https:\/\/sites.usp.br\/lepps\/<\/a>\u00a0foi fundado em 1995. Vinculado ao Departamento de Psicologia da Faculdade de Filosofia, Ci\u00eancias e Letras de Ribeir\u00e3o Preto, Universidade de S\u00e3o Paulo, \u00e9 coordenado pelo Prof. Dr. Manoel Ant\u00f4nio dos Santos e pela Dra. \u00c9rika Arantes de Oliveira-Cardoso. O LEPPS tem como meta a integra\u00e7\u00e3o de docentes e discentes vinculados ao Programa de P\u00f3s-Gradua\u00e7\u00e3o em Psicologia, al\u00e9m de estabelecer parcerias com docentes e discentes de outros programas e institui\u00e7\u00f5es do pa\u00eds e do exterior, com vistas \u00e0 internacionaliza\u00e7\u00e3o. Caracteriza-se como um laborat\u00f3rio dedicado ao estudo, pesquisa e interven\u00e7\u00e3o psicol\u00f3gica em tem\u00e1ticas relacionadas \u00e0 Psicologia da Sa\u00fade e Diversidade Sexual e de G\u00eanero. A pesquisa se volta \u00e0 investiga\u00e7\u00e3o de quest\u00f5es relacionadas \u00e0 diversidade sexual e de g\u00eanero (homossexualidades, transgeneridades, intersexualidades), novas configura\u00e7\u00f5es familiares e ado\u00e7\u00e3o, bem como narrativas de luto, sofrimento e esperan\u00e7a no contexto das doen\u00e7as cr\u00f4nicas n\u00e3o transmiss\u00edveis (c\u00e2ncer, diabetes\u00a0<i>mellitus<\/i>, anorexia nervosa e bulimia, obesidade) e transplante de medula \u00f3ssea\/transplante de c\u00e9lulas tronco-hematopo\u00e9ticas. Vinculados ao LEPPS encontram-se os grupos: VIDEVERS0 \u2013 Grupo de A\u00e7\u00e3o e Pesquisa em Diversidade Sexual e de G\u00eanero,\u00a0<a href=\"https:\/\/sites.usp.br\/lepps\/videverso-2-2\/\" target=\"_blank\" rel=\"noopener\" data-saferedirecturl=\"https:\/\/www.google.com\/url?q=https:\/\/sites.usp.br\/lepps\/videverso-2-2\/&amp;source=gmail&amp;ust=1661261133382000&amp;usg=AOvVaw3lBbbQRkUtT3AnNSb3gC8Q\">https:\/\/sites.usp.br\/lepps\/<wbr \/>videverso-2-2\/<\/a>; LUTE \u2013 Lutos e Terminalidades: Grupo de Pesquisa e Interven\u00e7\u00e3o,\u00a0@luteusp; e o Grupo Masculinidades,\u00a0<a href=\"https:\/\/sites.usp.br\/lepps\/masculinidades\/\" target=\"_blank\" rel=\"noopener\" data-saferedirecturl=\"https:\/\/www.google.com\/url?q=https:\/\/sites.usp.br\/lepps\/masculinidades\/&amp;source=gmail&amp;ust=1661261133382000&amp;usg=AOvVaw1ryXocFA_BDZiK4ijPwjgf\">https:\/\/sites.usp.br\/lepps\/<wbr \/>masculinidades\/<\/a>\u00a0Os integrantes do LEPPS s\u00e3o docentes, alunas(os) da gradua\u00e7\u00e3o de diversos cursos, p\u00f3s-graduandas(os), p\u00f3s-doutorandas(os) e profissionais da \u00e1rea de sa\u00fade, contempladas(os) com bolsas de ag\u00eancias de fomento (CNPq, FAPESP, CAPES), al\u00e9m de aux\u00edlios de programas como Aprender com Cultura e Extens\u00e3o e Projeto Unificado de Bolsas de Estudos para Estudantes de Gradua\u00e7\u00e3o (PUB) da Universidade de S\u00e3o Paulo. As(os) pesquisadoras(es) desenvolvem projetos nas vertentes de ensino, pesquisa, cultura e extens\u00e3o, contribuindo para o expressivo n\u00famero de pesquisas que s\u00e3o realizadas, em diferentes contextos e tem\u00e1ticas, e que j\u00e1 resultaram em mais de 600 artigos cient\u00edficos, al\u00e9m de livros e cap\u00edtulos.<\/p>\n<p style=\"text-align: justify;\">O Laborat\u00f3rio possui parcerias com institui\u00e7\u00f5es nacionais e internacionais como o King&#8217;s College London (Reino Unido), Faculdade de Ci\u00eancias da Sa\u00fade e Enfermagem \u2013 Universidade Cat\u00f3lica Portuguesa | Lisboa INSERM (Fran\u00e7a), University of Alabama (EUA), National Cancer Institute do National Institutes of Health- NCI\/NIH (EUA), Universidade Federal de Uberl\u00e2ndia, Universidade Federal do Tri\u00e2ngulo Mineiro, Funda\u00e7\u00e3o Hemocentro de Ribeir\u00e3o Preto e Hospital das Cl\u00ednicas da Faculdade de Medicina de Ribeir\u00e3o Preto \u2013 USP. Os projetos cient\u00edficos desenvolvidos pelos pesquisadores vinculados (em n\u00edvel de inicia\u00e7\u00e3o cientifica, mestrado, doutorado e p\u00f3s-doutorado) t\u00eam obtido reconhecimento por meio de premia\u00e7\u00f5es no \u00e2mbito interno (Pr\u00eamio Tese Destaque USP 2013, Pr\u00e9-Reitoria de P\u00f3s-Gradua\u00e7\u00e3o da USP) e em eventos cient\u00edficos nacionais e internacionais (American Psychosocial Oncology Society Conference 2017), Reuni\u00e3o Anual da SBP, Congresso Brasileiro de Hematologia e Hemoterapia, Congresso Brasileiro de Transplante de Medula \u00d3ssea, (SIICUSP).<\/p>\n<p>&nbsp;<\/p>\n<div id='gallery-1' class='gallery galleryid-388 gallery-columns-3 gallery-size-thumbnail'><figure class='gallery-item'>\n\t\t\t<div class='gallery-icon portrait'>\n\t\t\t\t<a href='https:\/\/sites.usp.br\/lepps\/historia\/whatsapp-image-2020-07-17-at-14-21-11\/'><img decoding=\"async\" width=\"150\" height=\"150\" src=\"https:\/\/sites.usp.br\/lepps\/wp-content\/uploads\/sites\/384\/2020\/07\/WhatsApp-Image-2020-07-17-at-14.21.11-150x150.jpeg\" class=\"attachment-thumbnail size-thumbnail\" alt=\"\" aria-describedby=\"gallery-1-1418\" srcset=\"https:\/\/sites.usp.br\/lepps\/wp-content\/uploads\/sites\/384\/2020\/07\/WhatsApp-Image-2020-07-17-at-14.21.11-150x150.jpeg 150w, https:\/\/sites.usp.br\/lepps\/wp-content\/uploads\/sites\/384\/2020\/07\/WhatsApp-Image-2020-07-17-at-14.21.11-250x250.jpeg 250w, https:\/\/sites.usp.br\/lepps\/wp-content\/uploads\/sites\/384\/2020\/07\/WhatsApp-Image-2020-07-17-at-14.21.11-174x174.jpeg 174w, https:\/\/sites.usp.br\/lepps\/wp-content\/uploads\/sites\/384\/2020\/07\/WhatsApp-Image-2020-07-17-at-14.21.11-45x45.jpeg 45w, https:\/\/sites.usp.br\/lepps\/wp-content\/uploads\/sites\/384\/2020\/07\/WhatsApp-Image-2020-07-17-at-14.21.11-200x200.jpeg 200w\" sizes=\"(max-width: 150px) 100vw, 150px\" \/><\/a>\n\t\t\t<\/div>\n\t\t\t\t<figcaption class='wp-caption-text gallery-caption' id='gallery-1-1418'>\n\t\t\t\tComposi\u00e7\u00e3o inicial do LEPPS\n\t\t\t\t<\/figcaption><\/figure><figure class='gallery-item'>\n\t\t\t<div class='gallery-icon portrait'>\n\t\t\t\t<a href='https:\/\/sites.usp.br\/lepps\/historia\/whatsapp-image-2020-07-17-at-14-21-10\/'><img loading=\"lazy\" decoding=\"async\" width=\"150\" height=\"150\" src=\"https:\/\/sites.usp.br\/lepps\/wp-content\/uploads\/sites\/384\/2020\/07\/WhatsApp-Image-2020-07-17-at-14.21.10-150x150.jpeg\" class=\"attachment-thumbnail size-thumbnail\" alt=\"\" aria-describedby=\"gallery-1-1419\" srcset=\"https:\/\/sites.usp.br\/lepps\/wp-content\/uploads\/sites\/384\/2020\/07\/WhatsApp-Image-2020-07-17-at-14.21.10-150x150.jpeg 150w, https:\/\/sites.usp.br\/lepps\/wp-content\/uploads\/sites\/384\/2020\/07\/WhatsApp-Image-2020-07-17-at-14.21.10-250x250.jpeg 250w, https:\/\/sites.usp.br\/lepps\/wp-content\/uploads\/sites\/384\/2020\/07\/WhatsApp-Image-2020-07-17-at-14.21.10-174x174.jpeg 174w, https:\/\/sites.usp.br\/lepps\/wp-content\/uploads\/sites\/384\/2020\/07\/WhatsApp-Image-2020-07-17-at-14.21.10-45x45.jpeg 45w, https:\/\/sites.usp.br\/lepps\/wp-content\/uploads\/sites\/384\/2020\/07\/WhatsApp-Image-2020-07-17-at-14.21.10-200x200.jpeg 200w\" sizes=\"(max-width: 150px) 100vw, 150px\" \/><\/a>\n\t\t\t<\/div>\n\t\t\t\t<figcaption class='wp-caption-text gallery-caption' id='gallery-1-1419'>\n\t\t\t\tComposi\u00e7\u00e3o inicial do LEPPS\n\t\t\t\t<\/figcaption><\/figure>\n\t\t<\/div>\n\n","protected":false},"excerpt":{"rendered":"<p>O Laborat\u00f3rio de Ensino e Pesquisa em Psicologia da Sa\u00fade (LEPPS-FFCLRP-USP-CNPq)\u00a0https:\/\/sites.usp.br\/lepps\/\u00a0foi fundado em 1995. Vinculado ao Departamento de Psicologia da Faculdade de Filosofia, Ci\u00eancias e Letras de Ribeir\u00e3o Preto, Universidade de S\u00e3o Paulo, \u00e9 coordenado pelo Prof. Dr. Manoel Ant\u00f4nio dos Santos e pela Dra. \u00c9rika Arantes de Oliveira-Cardoso. O LEPPS tem como meta a<a href=\"https:\/\/sites.usp.br\/lepps\/historia\/\">[&#8230;]<\/a><\/p>\n","protected":false},"author":704,"featured_media":0,"parent":0,"menu_order":0,"comment_status":"closed","ping_status":"closed","template":"","meta":{"_monsterinsights_skip_tracking":false,"_monsterinsights_sitenote_active":false,"_monsterinsights_sitenote_note":"","_monsterinsights_sitenote_category":0,"footnotes":"","_links_to":"","_links_to_target":""},"class_list":["post-388","page","type-page","status-publish","hentry"],"_links":{"self":[{"href":"https:\/\/sites.usp.br\/lepps\/wp-json\/wp\/v2\/pages\/388","targetHints":{"allow":["GET"]}}],"collection":[{"href":"https:\/\/sites.usp.br\/lepps\/wp-json\/wp\/v2\/pages"}],"about":[{"href":"https:\/\/sites.usp.br\/lepps\/wp-json\/wp\/v2\/types\/page"}],"author":[{"embeddable":true,"href":"https:\/\/sites.usp.br\/lepps\/wp-json\/wp\/v2\/users\/704"}],"replies":[{"embeddable":true,"href":"https:\/\/sites.usp.br\/lepps\/wp-json\/wp\/v2\/comments?post=388"}],"version-history":[{"count":4,"href":"https:\/\/sites.usp.br\/lepps\/wp-json\/wp\/v2\/pages\/388\/revisions"}],"predecessor-version":[{"id":1765,"href":"https:\/\/sites.usp.br\/lepps\/wp-json\/wp\/v2\/pages\/388\/revisions\/1765"}],"wp:attachment":[{"href":"https:\/\/sites.usp.br\/lepps\/wp-json\/wp\/v2\/media?parent=388"}],"curies":[{"name":"wp","href":"https:\/\/api.w.org\/{rel}","templated":true}]}}