{"id":836,"date":"2021-05-21T22:08:05","date_gmt":"2021-05-22T01:08:05","guid":{"rendered":"https:\/\/sites.usp.br\/lepsi\/?page_id=836"},"modified":"2021-06-23T23:06:27","modified_gmt":"2021-06-24T02:06:27","slug":"ensinoextensao","status":"publish","type":"page","link":"https:\/\/sites.usp.br\/lepsi\/ensinoextensao\/","title":{"rendered":"Ensino e Extens\u00e3o"},"content":{"rendered":"<p><span style=\"color: #0000ff;\"><strong>Disciplinas Gradua\u00e7\u00e3o:<\/strong><\/span><\/p>\n<p><span style=\"color: #003366;\"><strong>FEUSP:<\/strong><\/span><\/p>\n<h6><span style=\"color: #003366;\">EDF1223 \u2013 A constitui\u00e7\u00e3o da subjetividade: inf\u00e2ncia e adolesc\u00eancia<\/span><\/h6>\n<h6><span style=\"color: #003366;\">EDF0294 \u2013 Psicologia da educa\u00e7\u00e3o: constitui\u00e7\u00e3o do sujeito, desenvolvimento e aprendizagem na escola cultura e sociedade<\/span><\/h6>\n<h6><span style=\"color: #003366;\">EDF0674 \u2013 Psican\u00e1lise, inf\u00e2ncia e educa\u00e7\u00e3o<\/span><\/h6>\n<h6><span style=\"color: #003366;\">EDF0682 &#8211; Educa\u00e7\u00e3o e Inf\u00e2ncia Problem\u00e1tica: Elementos de Psican\u00e1lise e Educa\u00e7\u00e3o Especial<\/span><\/h6>\n<h6><span style=\"color: #003366;\">EDF0705 &#8211; Freud e os Fundamentos da Educa\u00e7\u00e3o<\/span><\/h6>\n<h6><span style=\"color: #003366;\">EDF0692 &#8211; Freud, a Educa\u00e7\u00e3o e a Pedagogia<\/span><\/h6>\n<p>&nbsp;<\/p>\n<p><span style=\"color: #003366;\"><strong>UNIFESP:<\/strong><\/span><\/p>\n<h6><span style=\"color: #003366;\">4729 &#8211; Filosofia e Educa\u00e7\u00e3o I<\/span><\/h6>\n<h6><span style=\"color: #003366;\">9017 &#8211; Psican\u00e1lise, educa\u00e7\u00e3o e pol\u00edtica.<\/span><\/h6>\n<p>&nbsp;<\/p>\n<p><span style=\"color: #0000ff;\"><strong>Disciplinas P\u00f3s Gradua\u00e7\u00e3o:<\/strong><\/span><\/p>\n<p><span style=\"color: #003366;\"><strong>FEUSP:<\/strong><\/span><\/p>\n<h6><span style=\"color: #003366;\">EDF5099-1 \u2013 Temas de Psican\u00e1lise e Educa\u00e7\u00e3o (Professores respons\u00e1veis: Maria Cristina M. Kupfer, Leandro de Lajonqui\u00e8re e Rinaldo Voltolini)<\/span><\/h6>\n<h6><span style=\"color: #003366;\">EDF 5859 &#8211; Psican\u00e1lise e Educa\u00e7\u00e3o: o estatuto do sujeito (Professor respons\u00e1vel: Leandro de Lajoqui\u00e8re)<\/span><\/h6>\n<h6><span style=\"color: #003366;\">EDF5007 &#8211; T\u00f3picos Especiais de Psican\u00e1lise e Educa\u00e7\u00e3o I (Professor respons\u00e1vel: Leandro de Lajoqui\u00e8re)<\/span><\/h6>\n<h6><span style=\"color: #003366;\">EDF5020 &#8211; T\u00f3picos Especiais de Psican\u00e1lise e Educa\u00e7\u00e3o II (Professor respons\u00e1vel: Leandro de Lajoqui\u00e8re)<\/span><\/h6>\n<h6><span style=\"color: #003366;\">EDF 5037-1 Psican\u00e1lise, discurso pedag\u00f3gico e contemporaneidade (Professor respons\u00e1vel: Rinaldo Voltolini).<\/span><\/h6>\n<h6><span style=\"color: #003366;\">EDF5869 \u2013 Dessimboliza\u00e7\u00e3o e educa\u00e7\u00e3o escolar na contemporaneidade (Professor respons\u00e1vel: Douglas Emiliano Batista)<\/span><\/h6>\n<p>&nbsp;<\/p>\n<p><span style=\"color: #003366;\"><strong>UNIFESP:<\/strong><\/span><\/p>\n<h6><span style=\"color: #003366;\">Temas de Psican\u00e1lise e Educa\u00e7\u00e3o (Professor respons\u00e1vel: Daniel Revah)<\/span><\/h6>\n<h6><span style=\"color: #003366;\">Estudos da cultura escolar\u00a0(Professor respons\u00e1vel: Daniel Revah)<\/span><\/h6>\n<p>&nbsp;<\/p>\n","protected":false},"excerpt":{"rendered":"<p>Disciplinas Gradua\u00e7\u00e3o: FEUSP: EDF1223 \u2013 A constitui\u00e7\u00e3o da subjetividade: inf\u00e2ncia e adolesc\u00eancia EDF0294 \u2013 Psicologia da educa\u00e7\u00e3o: constitui\u00e7\u00e3o do sujeito, desenvolvimento e aprendizagem na escola cultura e sociedade EDF0674 \u2013 Psican\u00e1lise, inf\u00e2ncia e educa\u00e7\u00e3o EDF0682 &#8211; Educa\u00e7\u00e3o e Inf\u00e2ncia Problem\u00e1tica: Elementos de Psican\u00e1lise e Educa\u00e7\u00e3o Especial EDF0705 &#8211; Freud e os Fundamentos da Educa\u00e7\u00e3o EDF0692 [&hellip;]<\/p>\n","protected":false},"author":22433,"featured_media":0,"parent":0,"menu_order":0,"comment_status":"closed","ping_status":"closed","template":"","meta":{"_monsterinsights_skip_tracking":false,"_monsterinsights_sitenote_active":false,"_monsterinsights_sitenote_note":"","_monsterinsights_sitenote_category":0,"ocean_post_layout":"","ocean_both_sidebars_style":"","ocean_both_sidebars_content_width":0,"ocean_both_sidebars_sidebars_width":0,"ocean_sidebar":"0","ocean_second_sidebar":"0","ocean_disable_margins":"enable","ocean_add_body_class":"","ocean_shortcode_before_top_bar":"","ocean_shortcode_after_top_bar":"","ocean_shortcode_before_header":"","ocean_shortcode_after_header":"","ocean_has_shortcode":"","ocean_shortcode_after_title":"","ocean_shortcode_before_footer_widgets":"","ocean_shortcode_after_footer_widgets":"","ocean_shortcode_before_footer_bottom":"","ocean_shortcode_after_footer_bottom":"","ocean_display_top_bar":"default","ocean_display_header":"default","ocean_header_style":"","ocean_center_header_left_menu":"0","ocean_custom_header_template":"0","ocean_custom_logo":0,"ocean_custom_retina_logo":0,"ocean_custom_logo_max_width":0,"ocean_custom_logo_tablet_max_width":0,"ocean_custom_logo_mobile_max_width":0,"ocean_custom_logo_max_height":0,"ocean_custom_logo_tablet_max_height":0,"ocean_custom_logo_mobile_max_height":0,"ocean_header_custom_menu":"0","ocean_menu_typo_font_family":"0","ocean_menu_typo_font_subset":"","ocean_menu_typo_font_size":0,"ocean_menu_typo_font_size_tablet":0,"ocean_menu_typo_font_size_mobile":0,"ocean_menu_typo_font_size_unit":"px","ocean_menu_typo_font_weight":"","ocean_menu_typo_font_weight_tablet":"","ocean_menu_typo_font_weight_mobile":"","ocean_menu_typo_transform":"","ocean_menu_typo_transform_tablet":"","ocean_menu_typo_transform_mobile":"","ocean_menu_typo_line_height":0,"ocean_menu_typo_line_height_tablet":0,"ocean_menu_typo_line_height_mobile":0,"ocean_menu_typo_line_height_unit":"","ocean_menu_typo_spacing":0,"ocean_menu_typo_spacing_tablet":0,"ocean_menu_typo_spacing_mobile":0,"ocean_menu_typo_spacing_unit":"","ocean_menu_link_color":"","ocean_menu_link_color_hover":"","ocean_menu_link_color_active":"","ocean_menu_link_background":"","ocean_menu_link_hover_background":"","ocean_menu_link_active_background":"","ocean_menu_social_links_bg":"","ocean_menu_social_hover_links_bg":"","ocean_menu_social_links_color":"","ocean_menu_social_hover_links_color":"","ocean_disable_title":"default","ocean_disable_heading":"default","ocean_post_title":"","ocean_post_subheading":"","ocean_post_title_style":"","ocean_post_title_background_color":"","ocean_post_title_background":0,"ocean_post_title_bg_image_position":"","ocean_post_title_bg_image_attachment":"","ocean_post_title_bg_image_repeat":"","ocean_post_title_bg_image_size":"","ocean_post_title_height":0,"ocean_post_title_bg_overlay":0.5,"ocean_post_title_bg_overlay_color":"","ocean_disable_breadcrumbs":"default","ocean_breadcrumbs_color":"","ocean_breadcrumbs_separator_color":"","ocean_breadcrumbs_links_color":"","ocean_breadcrumbs_links_hover_color":"","ocean_display_footer_widgets":"default","ocean_display_footer_bottom":"default","ocean_custom_footer_template":"0","footnotes":"","_links_to":"","_links_to_target":""},"class_list":["post-836","page","type-page","status-publish","hentry","entry"],"_links":{"self":[{"href":"https:\/\/sites.usp.br\/lepsi\/wp-json\/wp\/v2\/pages\/836","targetHints":{"allow":["GET"]}}],"collection":[{"href":"https:\/\/sites.usp.br\/lepsi\/wp-json\/wp\/v2\/pages"}],"about":[{"href":"https:\/\/sites.usp.br\/lepsi\/wp-json\/wp\/v2\/types\/page"}],"author":[{"embeddable":true,"href":"https:\/\/sites.usp.br\/lepsi\/wp-json\/wp\/v2\/users\/22433"}],"replies":[{"embeddable":true,"href":"https:\/\/sites.usp.br\/lepsi\/wp-json\/wp\/v2\/comments?post=836"}],"version-history":[{"count":4,"href":"https:\/\/sites.usp.br\/lepsi\/wp-json\/wp\/v2\/pages\/836\/revisions"}],"predecessor-version":[{"id":924,"href":"https:\/\/sites.usp.br\/lepsi\/wp-json\/wp\/v2\/pages\/836\/revisions\/924"}],"wp:attachment":[{"href":"https:\/\/sites.usp.br\/lepsi\/wp-json\/wp\/v2\/media?parent=836"}],"curies":[{"name":"wp","href":"https:\/\/api.w.org\/{rel}","templated":true}]}}