{"id":847,"date":"2016-09-21T09:38:58","date_gmt":"2016-09-21T11:38:58","guid":{"rendered":"http:\/\/sites.usp.br\/lepsis\/?page_id=847"},"modified":"2017-10-02T12:53:00","modified_gmt":"2017-10-02T14:53:00","slug":"videos","status":"publish","type":"page","link":"https:\/\/sites.usp.br\/lepsis\/videos\/","title":{"rendered":"V\u00eddeos"},"content":{"rendered":"<p><strong>24\/08\/2017\u00a0Workshop Open Dialogue &#8211; Interven\u00e7\u00e3o em Crise, com Richard Armitage\u00a0<\/strong><\/p>\n<p>Workshop realizado por Richard Armitage, em 24\/08\/2017 em Ribeir\u00e3o Preto &#8211; SP, como parte das atividades do II Congresso Internacional de Sa\u00fade Mental &#8211; Escola Franca e Franco Basaglia.<br \/>\nLink para a parte II do v\u00eddeo:\u00a0https:\/\/www.youtube.com\/watch?v=f1i7nCiBBkQ<\/p>\n<p><iframe loading=\"lazy\" title=\"Workshop Open Dialogue, com Richard Armitage - Parte I. Escola Franca e Franco Basaglia\" width=\"525\" height=\"295\" src=\"https:\/\/www.youtube.com\/embed\/LkxPKX2lh6c?feature=oembed\" frameborder=\"0\" allow=\"accelerometer; autoplay; clipboard-write; encrypted-media; gyroscope; picture-in-picture; web-share\" referrerpolicy=\"strict-origin-when-cross-origin\" allowfullscreen><\/iframe><\/p>\n<p><strong>24\/08\/2017 &#8211; Workshop Ferramentas conversacionais para o trabalho em sa\u00fade mental, com Rolf Sundet<\/strong><\/p>\n<p>Workshop realizado por Rolf Sundet, em 24\/08\/2017 em Ribeir\u00e3o Preto &#8211; SP, como parte das atividades do II Congresso Internacional de Sa\u00fade Mental &#8211; Escola Franca e Franco Basaglia.<br \/>\nParte II do v\u00eddeo:\u00a0https:\/\/www.youtube.com\/watch?v=CST-_FXxwwE<\/p>\n<p>Parte III do v\u00eddeo:\u00a0https:\/\/www.youtube.com\/watch?v=OsMh5r_K890<\/p>\n<p><iframe loading=\"lazy\" title=\"Workshop Ferramentas Convencionais para o Trabalho em Sa\u00fade Mental, com Rolf Sundet. Parte I\" width=\"525\" height=\"295\" src=\"https:\/\/www.youtube.com\/embed\/UUT7cpVoXzQ?feature=oembed\" frameborder=\"0\" allow=\"accelerometer; autoplay; clipboard-write; encrypted-media; gyroscope; picture-in-picture; web-share\" referrerpolicy=\"strict-origin-when-cross-origin\" allowfullscreen><\/iframe><\/p>\n<p>&nbsp;<\/p>\n<p>18\/04\/2017 Pistas de pesquisa com a genealogia e a arqueologia na an\u00e1lise de documentos.<\/p>\n<p>Este evento \u00e9 parte do Ciclo de Semin\u00e1rios Avan\u00e7ados em Pesquisa promovido pelo LEPSIS em parceria com o LAPEPG e Dialog, laborat\u00f3rios de pesquisa em psicologia da FFLCRP USP. Estes eventos contam com o apoio do Programa de P\u00f3s Gradua\u00e7\u00e3o em Psicologia da FFCLRP USP.<br \/>\nPalestrante: Profa. Dra. Fl\u00e1via C. Silveira Lemos<\/p>\n<p><iframe loading=\"lazy\" title=\"Pesquisa com a genealogia e a arqueologia na an\u00e1lise de documentos.\" width=\"525\" height=\"295\" src=\"https:\/\/www.youtube.com\/embed\/1XQCShyFx04?feature=oembed\" frameborder=\"0\" allow=\"accelerometer; autoplay; clipboard-write; encrypted-media; gyroscope; picture-in-picture; web-share\" referrerpolicy=\"strict-origin-when-cross-origin\" allowfullscreen><\/iframe><\/p>\n<p class=\"wpview-selection-before\"><strong>15\/06\/2016 &#8211; Subjetividades e usos de drogas<\/strong><\/p>\n<p class=\"wpview-selection-before\">Semin\u00e1rio promovido pelo LEPSIS<\/p>\n<p class=\"wpview-selection-before\">Palestrante: Prof. Dr. Rubens Adorno<\/p>\n<p><iframe loading=\"lazy\" title=\"Subjetividades e usos de drogas - Prof Dr. Rubens Adorno\" width=\"525\" height=\"394\" src=\"https:\/\/www.youtube.com\/embed\/TO65j8nYHSc?feature=oembed\" frameborder=\"0\" allow=\"accelerometer; autoplay; clipboard-write; encrypted-media; gyroscope; picture-in-picture; web-share\" referrerpolicy=\"strict-origin-when-cross-origin\" allowfullscreen><\/iframe><\/p>\n<p class=\"wpview-selection-before\"><strong>12\/09\/2014 &#8211; Reforma Psiqui\u00e1trica: processo din\u00e2mico e cont\u00ednuo<\/strong><\/p>\n<p class=\"wpview-selection-before\">Este evento \u00e9 parte do Congresso Internacional de Sa\u00fade Mental &#8211; International School Franca e Franco Basaglia, que aconteceu no Brasil entre 09 e 13 de setembro de 2014. Palestrantes: Ernesto Venturini; Pina Ridente; Roberto Colapietro; Roberto Mezzina, Paul Baker, John Jenkis.<\/p>\n<p><iframe loading=\"lazy\" title=\"Reforma Psiqui\u00e1trica: Processo din\u00e2mico e cont\u00ednuo\" width=\"525\" height=\"394\" src=\"https:\/\/www.youtube.com\/embed\/xhMxZjIdXOI?feature=oembed\" frameborder=\"0\" allow=\"accelerometer; autoplay; clipboard-write; encrypted-media; gyroscope; picture-in-picture; web-share\" referrerpolicy=\"strict-origin-when-cross-origin\" allowfullscreen><\/iframe><\/p>\n<p>&nbsp;<\/p>\n","protected":false},"excerpt":{"rendered":"<p>24\/08\/2017\u00a0Workshop Open Dialogue &#8211; Interven\u00e7\u00e3o em Crise, com Richard Armitage\u00a0 Workshop realizado por Richard Armitage, em 24\/08\/2017 em Ribeir\u00e3o Preto &#8211; SP, como parte das atividades do II Congresso Internacional de Sa\u00fade Mental &#8211; Escola Franca e Franco Basaglia. Link para a parte II do v\u00eddeo:\u00a0https:\/\/www.youtube.com\/watch?v=f1i7nCiBBkQ 24\/08\/2017 &#8211; Workshop Ferramentas conversacionais para o trabalho em &hellip; <\/p>\n<p class=\"link-more\"><a href=\"https:\/\/sites.usp.br\/lepsis\/videos\/\" class=\"more-link\">Continue lendo<span class=\"screen-reader-text\"> &#8220;V\u00eddeos&#8221;<\/span><\/a><\/p>\n","protected":false},"author":187,"featured_media":0,"parent":0,"menu_order":0,"comment_status":"closed","ping_status":"closed","template":"","meta":{"footnotes":"","_links_to":"","_links_to_target":""},"class_list":["post-847","page","type-page","status-publish","hentry"],"_links":{"self":[{"href":"https:\/\/sites.usp.br\/lepsis\/wp-json\/wp\/v2\/pages\/847","targetHints":{"allow":["GET"]}}],"collection":[{"href":"https:\/\/sites.usp.br\/lepsis\/wp-json\/wp\/v2\/pages"}],"about":[{"href":"https:\/\/sites.usp.br\/lepsis\/wp-json\/wp\/v2\/types\/page"}],"author":[{"embeddable":true,"href":"https:\/\/sites.usp.br\/lepsis\/wp-json\/wp\/v2\/users\/187"}],"replies":[{"embeddable":true,"href":"https:\/\/sites.usp.br\/lepsis\/wp-json\/wp\/v2\/comments?post=847"}],"version-history":[{"count":5,"href":"https:\/\/sites.usp.br\/lepsis\/wp-json\/wp\/v2\/pages\/847\/revisions"}],"predecessor-version":[{"id":1112,"href":"https:\/\/sites.usp.br\/lepsis\/wp-json\/wp\/v2\/pages\/847\/revisions\/1112"}],"wp:attachment":[{"href":"https:\/\/sites.usp.br\/lepsis\/wp-json\/wp\/v2\/media?parent=847"}],"curies":[{"name":"wp","href":"https:\/\/api.w.org\/{rel}","templated":true}]}}