{"id":1693,"date":"2025-04-15T20:55:18","date_gmt":"2025-04-15T23:55:18","guid":{"rendered":"https:\/\/sites.usp.br\/lesca\/?page_id=1693"},"modified":"2025-05-05T08:45:37","modified_gmt":"2025-05-05T11:45:37","slug":"atualizacoes","status":"publish","type":"page","link":"https:\/\/sites.usp.br\/lesca\/atualizacoes\/","title":{"rendered":"Atualiza\u00e7\u00f5es"},"content":{"rendered":"\t\t<div data-elementor-type=\"wp-page\" data-elementor-id=\"1693\" class=\"elementor elementor-1693\">\n\t\t\t\t\t\t<section class=\"elementor-section elementor-top-section elementor-element elementor-element-71a229c elementor-section-boxed elementor-section-height-default elementor-section-height-default\" data-id=\"71a229c\" data-element_type=\"section\">\n\t\t\t\t\t\t<div class=\"elementor-container elementor-column-gap-default\">\n\t\t\t\t\t<div class=\"elementor-column elementor-col-100 elementor-top-column elementor-element elementor-element-c689d04\" data-id=\"c689d04\" data-element_type=\"column\">\n\t\t\t<div class=\"elementor-widget-wrap elementor-element-populated\">\n\t\t\t\t\t\t<div class=\"elementor-element elementor-element-787581d elementor-widget elementor-widget-text-editor\" data-id=\"787581d\" data-element_type=\"widget\" data-widget_type=\"text-editor.default\">\n\t\t\t\t<div class=\"elementor-widget-container\">\n\t\t\t\t\t\t\t<p><b style=\"color: var( --e-global-color-text ); font-family: var( --e-global-typography-text-font-family ), Sans-serif; font-size: 1rem;\">Trabalho LESCA premiado em evento!<\/b><\/p>\n<p>O trabalho \u201cSouza ES e Willemart RH 2011: O opili\u00e3o&nbsp;Discocyrtus pectinifemur&nbsp;(Arachnida, Opiliones, Gonyleptidae) usa pistas de co-espec\u00edficos ou ambientais para retornar a seu abrigo?\u201d, apresentado oralmente no&nbsp;III Congreso Latinoamericano de Aracnologia, na Col\u00f4mbia em Dezembro de 2011, faturou o pr\u00eamio de segundo melhor trabalho na categoria Inicia\u00e7\u00e3o cient\u00edfica! Parab\u00e9ns Elene!<\/p>\n<p><b>Aluno Lesca em Harvard!<\/b><\/p>\n<p>Nosso aluno Guilherme Gainett, mais conhecido como Avatar, chegou essa semana de Abril 2012 na Harvard University nos Estados Unidos. Ele ficar\u00e1 at\u00e9 Agosto 2012 e desenvolver\u00e1 projetos sobre evolu\u00e7\u00e3o de opili\u00f5es, em uma colabora\u00e7\u00e3o entre o LESCA e o Prof. Gonzalo Giribet do Museum of Comparative Zoology. Parab\u00e9ns Avatar! Apoio FAPESP.<\/p>\n<p><b>Aluna UFAM\/LESCA defende mestrado!<\/b><\/p>\n<p>A Erika Portela Kaw defendeu o mestrado no dia 30-04-2012! Ela desenvolveu projeto em ecologia sensorial de aranhas da Amaz\u00f4nia. O projeto foi co-orientado por Rodrigo Willemart e orientado pelo ec\u00f3logo Thierry Gasnier da Universidade Federal do Amazonas. Erika \u00e9 um exemplo de dedica\u00e7\u00e3o ao trabalho e merece os parab\u00e9ns!<\/p>\n<p><b>Pr\u00eamio para o LESCA!<\/b><\/p>\n<p>O LESCA recebeu no dia 04-10-2012 o terceiro pr\u00eamio por trabalhos em congressos. O Guilherme Gainett (Avatar), ficou em segundo colocado na 15 Semana Tem\u00e1tica da Biologia da USP, pelo trabalho \u201cGuilherme Gainet, Prashant Sharma, Gonzalo Giribet, Ricardo Pinto-Da-Rocha e Rodrigo H. Willemart:&nbsp;Estruturas cuticulares tarsais como caracteres suporte para as rela\u00e7\u00f5es entre as superfam\u00edlias de Laniatores (Opiliones: Arachnida)\u201d. E ainda faturou o pr\u00eamio de melhor foto do evento com uma foto de um opili\u00e3o! Parab\u00e9ns!!<\/p>\n<p><b>Dois alunos LESCA ingressam no mestrado!<\/b><\/p>\n<p>Norton Silva Santos e Nathalia Fernandes foram aprovados nas provas de ingresso do mestrado no Programa de Ecologia e Evolu\u00e7\u00e3o da Unifesp, no qual desenvolver\u00e3o projetos pelo LESCA! Parab\u00e9ns aos 2!<\/p>\n<p><b>Outro aluno LESCA no mestrado!<\/b><\/p>\n<p>Guilherme Ferreira Pagoti foi aprovado nas provas de ingl\u00eas, conhecimentos em zoologia e na entrevista no Departamento de Zoologia do IBUSP, onde far\u00e1 projeto pelo LESCA! Parab\u00e9ns!<\/p>\n<p><b>Boa nova!<\/b><\/p>\n<p>Em Setembro de 2013, o Rodrigo Willemart, coordenador do LESCA, teve seu pedido de credenciamento como membro pleno do Programa de Zoologia do IBUSP aceito. Agora ele \u00e9 orientador de mestrado pelo Programa de Ecologia e Evolu\u00e7\u00e3o da UNIFESP e de mestrado e doutorado pela Zoologia do Instituto de Bioci\u00eancias da USP.<\/p>\n<p><b>E mais um na p\u00f3s!<\/b><\/p>\n<p>Setembro de 2013: Guilherme Gainett, nosso Avatar, foi aprovado em todas as provas para ingresso mestrado&nbsp;no Departamento de Zoologia do IBUSP, onde far\u00e1 projeto pelo LESCA a partir do ano que vem! Parab\u00e9ns garoto!<\/p>\n<p><b>Outro pr\u00eamio em congresso!<\/b><\/p>\n<p>Nosso aluno J\u00falio&nbsp;&nbsp;faturou o pr\u00eamio de segundo melhor poster do evento categoria p\u00f3s-gradua\u00e7\u00e3o no XXXI Encontro Anual de Etologia, realizado na USP S\u00e3o Paulo. O trabalho premiado foi \u201cPreda\u00e7\u00e3o de opili\u00f5es por&nbsp;Loxosceles gaucho:&nbsp;o que a aranha-marrom tem que as outras n\u00e3o t\u00eam?\u201d, por&nbsp;J\u00falio do Monte Gonzalez de Segovia, Kleber Del Claro, Rodrigo Hirata Willemart. Parab\u00e9ns J\u00falio!<\/p>\n<p><b>Aluno LESCA\/LECI defende mestrado!<\/b><\/p>\n<p>Nosso aluno J\u00falio, vinculado ao LESCA e ao LECI (Laborat\u00f3rio de Ecologia Comportamental e de Intera\u00e7\u00f5es) coordenado pelo Prof. Kleber Del-Claro, defendeu o mestrado no dia 28-02-2014. Ele aprovado pela banca composta por pelos Profs Michael Hrncir e Marcelo Gonzaga, com um trabalho sobre intera\u00e7\u00e3o predat\u00f3ria entre aranhas e opili\u00f5es. Parab\u00e9ns J\u00falio!<\/p>\n<p><b>Aluno LESCA no Uruguai!<\/b><\/p>\n<p>De Mar\u00e7o a Maio de 2014, a Nathalia Fernandes realizou um est\u00e1gio de cerca de 45 dias no laborat\u00f3rio do Prof Fernando Costa, trabalhando tamb\u00e9m em parceria tamb\u00e9m com o Carlos Toscano Gadea no Instituto de Investigaciones Biol\u00f3gicas Clemente Estable .&nbsp;Apoio FAPESP.<\/p>\n<p><b>De volta a Harvard!<\/b><\/p>\n<p>De Setembro a Dezembro de 2014, o mestrando Avatar foi novamente para o laborat\u00f3rio do Prof. Gonzalo Giribet coletar dados para seu projeto de mestrado.&nbsp;Apoio FAPESP.<\/p>\n<p><b>Avatar na Alemanha!<\/b><\/p>\n<p>Desde Junho de 2015, nosso mestrando Avatar est\u00e1 fazendo um est\u00e1gio na Alemanha, no laborat\u00f3rio do Prof Peter Michalik, na&nbsp;Ernst-Moritz-Arndt Universit\u00e4t Greifswald. Apoio FAPESP.<\/p>\n<p><b>O mestre Norton<\/b><\/p>\n<p>Nosso querido Norton defendeu o mestrado no final de Julho de 2015&nbsp;pelo Programa de Ecologia e Evolu\u00e7\u00e3o da UNIFESP. A banca foi composta por Patricia Izar, Cibele Bragagnolo e Cinthia Brasileiro. Parab\u00e9ns Nort\u00e3o!<\/p>\n<p><b>A mestre Nathi<\/b><\/p>\n<p>E agora foi a vez da Nathalia Fernandes defender seu mestrado tamb\u00e9m no final de Julho de 2015&nbsp;pelo Programa de Ecologia e Evolu\u00e7\u00e3o da UNIFESP! A banca foi composta por Maur\u00edcio Bento Sim\u00f5es, Pedro Leite Ribeiro e Jos\u00e9 Eduardo Carvalho. Parab\u00e9ns Nathi!<\/p>\n<p><b>Pr\u00eamio em congresso<\/b><\/p>\n<p>Guilherme Gainett Avatar faturou o pr\u00eamio de melhor poster no Student Awards na categoria Taxonomy\/Genetics no 29th European Journal of Arachnology na Rep\u00fablica Tcheca, em Agosto de 2015! O trabalho premiado foi Gainett G, Sharma PP, Giribet G, Willemart RH. A case study on the evolution of sexually dimorphic glands in Zalmoxidae (Opiliones, Laniatores). Parab\u00e9ns Avatar!<\/p>\n<p><b>Mestre Guilherme!<\/b><\/p>\n<p>Guilherme Ferreira Pagoti agora \u00e9 mestre! Seu trabalho sobre como o opili\u00e3o&nbsp;Jussara&nbsp;sp. chega \u00e0 planta preferida e quais as vantagens que ela oferece para o opili\u00e3o foi aprovado pela banca composta por Briseida Dogo Resende e Nicolas Chaline no dia 18-09-2015. Parab\u00e9ns Gui!<\/p>\n<p><b>Mais um Guilherme mestre!<\/b><\/p>\n<p>Guilherme Gainett, nosso Avatar, defendeu o mestrado \u201cEstruturas sensoriais tarsais de opili\u00f5es (Arachnida, Opiliones): morfologia funcional, evolu\u00e7\u00e3o e uso na sistem\u00e1tica\u201d no dia 9 de Setembro de 2016. A banca foi composta pelos professores Jos\u00e9 Eduardo Serr\u00e3o e Ligia Borges. Valeu Avatar!<\/p>\n<p><b>E agora \u00e9 a vez do Gabi<\/b><\/p>\n<p>Em 3 de fevereiro de 2017, Gabriel Pimenta Murayama defendeu seu mestrado sobre efeitos do jejum e a import\u00e2ncia de estruturas sensoriais na captura de presas em um escorpi\u00e3o, tendo sido aprovado por Nicolas Chaline e Andr\u00e9 Fraz\u00e3o Helene. Parab\u00e9ns!<\/p>\n<p><b>Duas mestres LESCA na mesma semana!<\/b><\/p>\n<p>Nos dias 11 e 12 de dezembro de 2017, defenderam seus mestrados, respectivamente, Jessica Morais Dias e Thaiany Miranda Costa. Jessica trabalhou com olfa\u00e7\u00e3o em opili\u00f5es sob uma \u00f3tica comportamental e teve como banca os especialistas em ecologia qu\u00edmica Raul Alberto Laumann, da EMBRAPA, e Maur\u00edcio Bento Sim\u00f5es, da ESALQ. Thaiany estudou gl\u00e2ndulas sexualmente dim\u00f3rifcas em opili\u00f5es de pontos de vista anat\u00f4mico e filogen\u00e9tico, tendo sido arguida por Marcos Ryotaro Hara (EACH USP) e Cibele Bragagnolo (UNIFESP). Parab\u00e9ns meninas!<\/p>\n<p><b>Doutor J\u00falio!<\/b><\/p>\n<p>Em 30 de Novembro de 2018, Julio Segovia defendeu seu trabalho sobre diferen\u00e7as inter-individuais no comportamento defensivo de opili\u00f5es. A banca foi composta por Cibele Biondo (UFABC), Laura Leal (UNIFESP), Patricia Izar (IPUSP) e Regina Macedo (UnB). Parab\u00e9ns J\u00falio!<\/p>\n<p><b>Nova frente de pesquisa no LESCA<\/b><\/p>\n<p>Ap\u00f3s o ponta p\u00e9 inicial dado pelo Gabriel Murayama, agora temos uma equipe formada trabalhando com escorpionismo no LESCA (oficialmente desde Agosto de 2020). Os graduandos Leonardo Suguiyama e Bruna Barbosa atuam na parte de comportamento em nosso laborat\u00f3rio. O projeto conta com a Profa Alessandra Bizerra, o Prof Ricardo Pinto da Rocha e mais 3 estudantes de gradua\u00e7\u00e3o que atuam com eles.<\/p>\n<p><b>Gui nos EUA!<\/b><\/p>\n<p>Guilherme Pagoti ficou de Dez de 2019 at\u00e9 Abril de 2021 nos EUA, em est\u00e1gio sandu\u00edche no laborat\u00f3rio da Professora Elizabeth Jakob, na University of Massachusetts em Amherst. Batalhou em plena pandemia, trabalhou como poucos e deixou saudades por l\u00e1.<\/p>\n<p><b>Nova p\u00f3s-graduanda no LESCA!<\/b><\/p>\n<p>Marina Rodrigues, ap\u00f3s uma inicia\u00e7\u00e3o cient\u00edfica orientada pelo Gui Pagoti, agora \u00e9 mestranda! Foi aprovada na prova de conhecimentos te\u00f3ricos e na entrevista no Programa de Zoologia do Instituto de Bioci\u00eancias da USP, em junho de 2021. Entrou para o time de escorpionismo. Parab\u00e9ns Mari!<\/p>\n<p><b>Dois qualificados no LESCA!<\/b><\/p>\n<p>Em Agosto de 2021 dois doutorandos do laborat\u00f3rio qualificaram. Gabriel teve na banca Ricardo Pinto da Rocha, Luis Fernando Garc\u00eda e Fernando Ribeiro. Nathalia recebeu coment\u00e1rios de Pedro Gnaspini, Renato Chaves e Daniel Pessoa. Parab\u00e9ns a ambos pelos excelentes trabalhos defendidos e muito elogiados pelas bancas.<\/p>\n<p><b>Gabriel em est\u00e1gio sandu\u00edche no Uruguai!<\/b><\/p>\n<p>Gabriel fez um est\u00e1dio sandu\u00edche entre abril e agosto de 2022 no laborat\u00f3rio do Prof Lu\u00eds Fernando Garc\u00eda, da Universidad de la Republica no Uruguai. L\u00e1 desenvolveu um lindo trabalho sobre intera\u00e7\u00e3o predador-presa com aracn\u00eddeos.<\/p>\n<p><b>Destaque no 22nd International Congress of Arachnology de 2023<\/b><\/p>\n<p>Gabriel, Guilherme e Nathalia tiveram excelentes participa\u00e7\u00f5es no evento, com trabalhos elogiados e despertando muito interesse. Nathalia ainda faturou o pr\u00eamio de segunda melhor apresenta\u00e7\u00e3o oral entre os estudantes presentes. Parab\u00e9ns aos 3!<\/p>\n<p><b>Pagoti \u00e9 doutor!<\/b><\/p>\n<p>Em 5 de junho de 2023, Gui fez uma linda aula e defendeu uma tese muito elogiada pela banca formada por Hilton Japyassu (UFBA), Ricardo Pinto da Rocha (USP) e Yuri Messas (UNICAMP). A tese defendida foi \u201cAprendizado e aten\u00e7\u00e3o em diferentes contextos ecol\u00f3gicos em opili\u00f5es e aranhas (Arachnida)\u201d. Parab\u00e9ns Guiiiiiiiii!!<\/p>\n<p><b>Murayama fora dos muros da universidade<\/b><\/p>\n<p>Em 20-6-2023, o Gabriel Murayama palestrou sobre medidas de controle de escorpi\u00f5es no 1 Simp\u00f3sio de controle de escorpi\u00f5es no Vale do Para\u00edba, organizado pela UNITAU. Excelente palestra em um evento com pessoal de secretarias e zoonoses!<\/p>\n<p><b>Mais um est\u00e1gio sandu\u00edche de doutorado no exterior!<\/b><\/p>\n<p>Nathalia Fernandes iniciou, em julho de 2023, seus trabalhos em ecologia visual na University of Exeter, na Inglaterra, sob orienta\u00e7\u00e3o do Prof Jolyon Troscianko, no mesmo laborat\u00f3rio do Prof Martin Stevens. Certamente um imenso upgrade na carreira, parab\u00e9ns Nath!<\/p>\n<p><b>Doutor Norton!<\/b><\/p>\n<p>Em 1-8-2023, nosso querido veterano Norton Felipe dos Santos Silva defendeu sua tese \u201cMorfologia, qu\u00edmica e fun\u00e7\u00e3o na gl\u00e2ndula da membrana artrodial e qu\u00edmica de hidrocarbonetos cuticulares em um opili\u00e3o (Arachnida, Opiliones)\u201d&nbsp;frente \u00e0 banca composta por Leo Kei Iwai (Instituto Butantan), Katie Cristina Takeuti Riciluca (CNPEM) e&nbsp;Marcos Ryotaro Hara (EACH USP). A defesa foi um sucesso e a tese muito elogiada!<\/p>\n<p><b>Marina agora \u00e9 mestre!<\/b><\/p>\n<p>Em 27-3-2024, a Marina Rodrigues defendeu seu mestrado&nbsp; \u201cEscorpi\u00e3o? Que tal EscorpiN\u00c3O: O uso de propriedades luminosas como controle&nbsp;f\u00edsico para&nbsp;Tityus serrulatus&nbsp;(Arachnida: Buthidae)\u201d. A banca composta por Leonardo Carvalho (UFPI) e Solimary Garc\u00eda (IBUSP) aprovou o trabalho!<\/p>\n<p><b>Dr Murayama!<\/b><\/p>\n<p>Em 4-10-2024, o Gabriel Pimenta Murayama, em \u201cseu dia mais feliz do ano\u201d, defendeu muito bem o doutorado \u201cRevis\u00e3o dos m\u00e9todos de controle e teste da efic\u00e1cia de pesticida e de galinhas para controle de escorpi\u00f5es\u201d. A banca foi composta por Ricardo Pinto-da-Rocha (IBUSP), Leonardo Carvalho (UFPI) e Maria Fernanda Pe\u00f1a Flor (Univ Fed Lavras)<\/p>\n<p><b>Dra Ximenes!<\/b><\/p>\n<p>No dia 7-4-25, Nath defendeu lindamente sua Tese &#8220;Estrat\u00e9gias de defesa em opili\u00f5es e outros artr\u00f3podes: uma abordagem integrada utilizando qu\u00edmica, colora\u00e7\u00e3o e ecologia visual&#8221; para a banca composta por Ricardo Pinto-da-Rocha (IBUSP Zoo), Solimary Garc\u00eda-Hern\u00e1ndez (IBUSP Eco) e Rafael Duarte (Univ de Aveiro, Portugal)<\/p>\t\t\t\t\t\t<\/div>\n\t\t\t\t<\/div>\n\t\t\t\t\t<\/div>\n\t\t<\/div>\n\t\t\t\t\t<\/div>\n\t\t<\/section>\n\t\t\t\t<\/div>\n\t\t","protected":false},"excerpt":{"rendered":"<p>Trabalho LESCA premiado em evento! O trabalho \u201cSouza ES e Willemart RH 2011: O opili\u00e3o&nbsp;Discocyrtus pectinifemur&nbsp;(Arachnida, Opiliones, Gonyleptidae) usa pistas de co-espec\u00edficos ou ambientais para retornar a seu abrigo?\u201d, apresentado oralmente no&nbsp;III Congreso Latinoamericano de Aracnologia, na Col\u00f4mbia em Dezembro de 2011, faturou o pr\u00eamio de segundo melhor trabalho na categoria Inicia\u00e7\u00e3o cient\u00edfica! Parab\u00e9ns Elene! &hellip; <\/p>\n<p class=\"link-more\"><a href=\"https:\/\/sites.usp.br\/lesca\/atualizacoes\/\" class=\"more-link\">Continue lendo<span class=\"screen-reader-text\"> &#8220;Atualiza\u00e7\u00f5es&#8221;<\/span><\/a><\/p>\n","protected":false},"author":24477,"featured_media":0,"parent":0,"menu_order":0,"comment_status":"closed","ping_status":"closed","template":"","meta":{"footnotes":"","_links_to":"","_links_to_target":""},"class_list":["post-1693","page","type-page","status-publish","hentry"],"_links":{"self":[{"href":"https:\/\/sites.usp.br\/lesca\/wp-json\/wp\/v2\/pages\/1693","targetHints":{"allow":["GET"]}}],"collection":[{"href":"https:\/\/sites.usp.br\/lesca\/wp-json\/wp\/v2\/pages"}],"about":[{"href":"https:\/\/sites.usp.br\/lesca\/wp-json\/wp\/v2\/types\/page"}],"author":[{"embeddable":true,"href":"https:\/\/sites.usp.br\/lesca\/wp-json\/wp\/v2\/users\/24477"}],"replies":[{"embeddable":true,"href":"https:\/\/sites.usp.br\/lesca\/wp-json\/wp\/v2\/comments?post=1693"}],"version-history":[{"count":5,"href":"https:\/\/sites.usp.br\/lesca\/wp-json\/wp\/v2\/pages\/1693\/revisions"}],"predecessor-version":[{"id":1885,"href":"https:\/\/sites.usp.br\/lesca\/wp-json\/wp\/v2\/pages\/1693\/revisions\/1885"}],"wp:attachment":[{"href":"https:\/\/sites.usp.br\/lesca\/wp-json\/wp\/v2\/media?parent=1693"}],"curies":[{"name":"wp","href":"https:\/\/api.w.org\/{rel}","templated":true}]}}