{"id":169,"date":"2019-11-19T14:08:17","date_gmt":"2019-11-19T16:08:17","guid":{"rendered":"https:\/\/sites.usp.br\/leticic\/?page_id=169"},"modified":"2020-02-13T16:40:01","modified_gmt":"2020-02-13T18:40:01","slug":"professores","status":"publish","type":"page","link":"https:\/\/sites.usp.br\/leticic\/professores\/","title":{"rendered":"Professores"},"content":{"rendered":"<header class=\"entry-header\">\n<h1 class=\"entry-title\">Professores<\/h1>\n<\/header>\n<div class=\"entry-content\">\n<p><strong>Fernando Jos\u00e9 Barbin Laurindo<\/strong><\/p>\n<p>Professor Titular do Departamento de Engenharia de Produ\u00e7\u00e3o da EPUSP. Engenheiro de Produ\u00e7\u00e3o \u2013 POLI\/USP. Mestre, Doutor e Livre-Docente em Engenharia de Produ\u00e7\u00e3o pela EPUSP. P\u00f3s-Doutorado pelo Polit\u00e9cnico de Mil\u00e3o. Professor da USP desde 1997. Possui diversos livros e artigos publicados nas \u00e1reas de Estrat\u00e9gia de TI, Estrat\u00e9gia de Neg\u00f3cios e em Gest\u00e3o de Projetos de TI, bem como experi\u00eancia profissional em Gest\u00e3o de Projetos de TI, Gest\u00e3o de Produtos e de Gest\u00e3o da \u00e1rea de TI.<\/p>\n<p><a href=\"http:\/\/lattes.cnpq.br\/0842211346277294\" target=\"_blank\" rel=\"noopener noreferrer\">Curr\u00edculo Lattes<\/a><\/p>\n<p>&nbsp;<\/p>\n<p><strong>Renato de Oliveira Moraes<\/strong><\/p>\n<p>Professor Doutor do Departamento de Engenharia de Produ\u00e7\u00e3o da EPUSP. Engenheiro de Produ\u00e7\u00e3o \u2013 POLI\/USP. Doutor em Administra\u00e7\u00e3o de Empresas pela FEA\/USP. Autor de v\u00e1rios artigos sobre gest\u00e3o de projetos e gest\u00e3o da TI.<\/p>\n<p><a href=\"http:\/\/lattes.cnpq.br\/6265785942463928\" target=\"_blank\" rel=\"noopener noreferrer\">Curr\u00edculo Lattes<\/a><\/p>\n<p>&nbsp;<\/p>\n<p><strong>Andr\u00e9 Machado Dias Ferreira<\/strong><\/p>\n<p>Profissional e acad\u00eamico da \u00e1rea de Tecnologia da Informa\u00e7\u00e3o, especialista em gerenciamento de projetos (certificado PMP Project Management Professional, em 07 de Junho de 2004) e em gest\u00e3o de opera\u00e7\u00f5es, doutorando e mestre em Engenharia de Produ\u00e7\u00e3o, sub-\u00e1rea Gest\u00e3o da Tecnologia da Informa\u00e7\u00e3o (em andamento), MBA em Gest\u00e3o de Opera\u00e7\u00f5es, p\u00f3s-gradua\u00e7\u00e3o em gerenciamento de projetos com forma\u00e7\u00e3o em engenharia el\u00e9trica e em processamento de dados. Atualmente \u00e9 professor nos cursos de Especializa\u00e7\u00e3o em Administra\u00e7\u00e3o Industrial, Gest\u00e3o de Projetos de Tecnologia da Informa\u00e7\u00e3o e MBA da Funda\u00e7\u00e3o Carlos Alberto Vanzolini.<\/p>\n<p>Disciplina: Terceiriza\u00e7\u00e3o em TI<\/p>\n<p><a href=\"http:\/\/lattes.cnpq.br\/6258943630187758\" target=\"_blank\" rel=\"noopener noreferrer\">Curr\u00edculo Lattes<\/a><\/p>\n<p>&nbsp;<\/p>\n<p><strong>Claudio Luis Cruz de Oliveira<\/strong><\/p>\n<p>Doutorando pela Escola Polit\u00e9cnica da USP onde completou o mestrado e a gradua\u00e7\u00e3o. Atualmente \u00e9 professor na ESPM, na Funda\u00e7\u00e3o Vanzolini da USP e na Universidade Santa Cec\u00edlia. Possui artigos publicados relacionados \u00e0 e-business, impacto estrat\u00e9gico da tecnologia e cadeia de valor. Ampla experi\u00eancia em projetos de e-business, tecnologia e marketing.<\/p>\n<p>Disciplina: Aplica\u00e7\u00f5es WEB<\/p>\n<p><a href=\"http:\/\/lattes.cnpq.br\/4012151705274746\" target=\"_blank\" rel=\"noopener noreferrer\">Curr\u00edculo Lattes<\/a><\/p>\n<p>&nbsp;<\/p>\n<p><strong>Olavo Viana\u00a0Cabral Netto<\/strong><\/p>\n<p>Engenheiro de produ\u00e7\u00e3o graduado pela Escola Polit\u00e9cnica\/USP desenvolvendo atividades relacionadas a produtos e servi\u00e7os financeiros, com \u00eanfase no segmento de cr\u00e9dito ao varejo. Mestre em engenharia de produ\u00e7\u00e3o pela Escola Polit\u00e9cnica\/USP e MBA em Banking pela FIA\/USP, desenvolve pesquisas sobre intelig\u00eancia competitiva e projetos relacionados ao tema. Especializa\u00e7\u00e3o em produtos financeiros e intelig\u00eancia competitiva.<\/p>\n<p>Disciplina: Business Intelligence<\/p>\n<p><a href=\"http:\/\/lattes.cnpq.br\/7160215026083344\" target=\"_blank\" rel=\"noopener noreferrer\">Curr\u00edculo Lattes<\/a><\/p>\n<p>&nbsp;<\/p>\n<p><strong>Ana Paula Pereira de Moraes Ress<\/strong><\/p>\n<p>Bacharel em Ci\u00eancia da Computa\u00e7\u00e3o pela Universidade Mackenzie (2000), p\u00f3s-graduada em Engenharia de Software pela Unicamp (2003) e atualmente cursa o Mestrado em Engenharia de Produ\u00e7\u00e3o na POLI-USP. Possui 13 anos de experi\u00eancia na \u00e1rea de Tecnologia da Informa\u00e7\u00e3o atuando no gerenciamento de projetos e equipes de desenvolvimento de sistemas no segmento financeiro. Atua na gest\u00e3o de projetos de sistemas financeiros que envolvem o uso interdisciplinar de f\u00e1bricas de software, equipes internas e consultores especialistas, consolida\u00e7\u00e3o de informa\u00e7\u00f5es para gera\u00e7\u00e3o de m\u00e9tricas e apresenta\u00e7\u00e3o de resultados para equipes de lideran\u00e7a, gerenciais e auditoria.<\/p>\n<p>Disciplina: Gest\u00e3o de Projetos de TI<\/p>\n<p><a href=\"http:\/\/lattes.cnpq.br\/6132356868191481\" target=\"_blank\" rel=\"noopener noreferrer\">Curr\u00edculo Lattes<\/a><\/p>\n<p>&nbsp;<\/p>\n<p><strong>Cl\u00e1udia Aparecida de Mattos<\/strong><\/p>\n<p>Gradua\u00e7\u00e3o em Engenharia de Produ\u00e7\u00e3o pela Universidade Federal de S\u00e3o Carlos com Especializa\u00e7\u00e3o em Administra\u00e7\u00e3o de Empresas pela Funda\u00e7\u00e3o Get\u00falio Vargas-SP, Mestrado junto ao Departamento de Engenharia de Produ\u00e7\u00e3o da Escola Polit\u00e9cnica da USP e Doutorado em Engenharia de Produ\u00e7\u00e3o pela Escola Polit\u00e9cnica da USP. Atua\u00e7\u00e3o nos seguintes temas: planejamento e gest\u00e3o da tecnologia da informa\u00e7\u00e3o, avalia\u00e7\u00e3o de investimentos em tecnologia, modelos colaborativos. Experi\u00eancia profissional em empresas do segmento de Tecnologia nas \u00e1reas de Planejamento Financeiro e Estrat\u00e9gico.<\/p>\n<p>Disciplina: Organiza\u00e7\u00f5es Virtuais<\/p>\n<p><a href=\"http:\/\/lattes.cnpq.br\/9858582487889368\" target=\"_blank\" rel=\"noopener noreferrer\">Curr\u00edculo Lattes<\/a><\/p>\n<p>&nbsp;<\/p>\n<p><strong>Kumiko Oshio Kissimoto<\/strong><\/p>\n<p>Possui gradua\u00e7\u00e3o em engenharia eletr\u00f4nica pela Universidade Presbiteriana Mackenzie (1992). Experi\u00eancia em gerencia de marketing de solu\u00e7\u00f5es de Log\u00edstica na IBM do Brasil. Atualmente<\/p>\n<p>cursa o Mestrado em Engenharia de Produ\u00e7\u00e3o na POLI-USP. Seu tema de interesse \u00e9 o papel da TI nas estrat\u00e9gias de personifica\u00e7\u00e3o.<\/p>\n<p>Disciplina: Sistemas Integrados de Gest\u00e3o<\/p>\n<p><a href=\"http:\/\/lattes.cnpq.br\/3600804142320263\" target=\"_blank\" rel=\"noopener noreferrer\">Curr\u00edculo Lattes<\/a><\/p>\n<p>&nbsp;<\/p>\n<p><strong>Eduardo Margara da Silva<\/strong><\/p>\n<p>Possui gradua\u00e7\u00e3o em Engenharia de Produ\u00e7\u00e3o Mec\u00e2nica pela Faculdade de Engenharia Industrial (1986), Bacharel em Administra\u00e7\u00e3o de Empresas pela Universidade Mackenzie e mestrado em Engenharia de Produ\u00e7\u00e3o pela Escola Polit\u00e9cnica da Universidade de S\u00e3o Paulo (2007). Foi diretor regional de processos da TELEFONICA para a America Latina.<\/p>\n<p>Disciplina: Planejamento da TI<\/p>\n<p><a href=\"http:\/\/lattes.cnpq.br\/9089800542512159\" target=\"_blank\" rel=\"noopener noreferrer\">Curr\u00edculo Lattes<\/a><\/p>\n<p>&nbsp;<\/p>\n<p><strong>Macir Bernardo de Oliveira<\/strong><\/p>\n<p>Possui gradua\u00e7\u00e3o em Comunica\u00e7\u00e3o Social \u2013 Publicidade e Propaganda pela Universidade Metodista de S\u00e3o Paulo (1989), mestrado em Ci\u00eancias da Comunica\u00e7\u00e3o pela Escola de Comunica\u00e7\u00e3o e Artes (1996) e doutorado em Engenharia da Produ\u00e7\u00e3o pela Escola Polit\u00e9cnica da Universidade de S\u00e3o Paulo (2008). Atualmente \u00e9 vinculado ao quadro de docentes da especializa\u00e7\u00e3o \u201cGest\u00e3o de Comunica\u00e7\u00e3o e Marketing\u201d \u2013 ECA\/USP, o qual esta \u00e0 frente da disciplina \u201cLog\u00edstica, opera\u00e7\u00f5es e servi\u00e7os\u201d. Tamb\u00e9m atua como docente no INPG (Instituto Nacional de P\u00f3s Gradua\u00e7\u00e3o) com disciplinas nas \u00e1reas de opera\u00e7\u00f5es de servi\u00e7os e marketing. Tem experi\u00eancia na \u00e1rea de Engenharia de Produ\u00e7\u00e3o, com \u00eanfase em Economia de Tecnologia (estrat\u00e9gia de neg\u00f3cios), atuando principalmente nos seguintes temas: tecnologia da informa\u00e7\u00e3o, opera\u00e7\u00f5es de servi\u00e7os, redes de valor e nova economia.<\/p>\n<p>Disciplina: Estrat\u00e9gia e TI<\/p>\n<p><a href=\"http:\/\/lattes.cnpq.br\/0422198017256010\" target=\"_blank\" rel=\"noopener noreferrer\">Curr\u00edculo Lattes<\/a><\/p>\n<p>&nbsp;<\/p>\n<p><strong>C\u00e9lia Barbosa Assis<\/strong><\/p>\n<p>Analista de Sistemas (UFSCar), Bacharel em Matem\u00e1tica (PUC-SP) e Mestranda em Engenharia de Produ\u00e7\u00e3o (POLI-USP), com especializa\u00e7\u00f5es em Estrat\u00e9gia de Tecnologia de Informa\u00e7\u00e3o (BSP) e Gest\u00e3o de Equipes (IBMEC\/Insper), com MBA em Conhecimento, Inova\u00e7\u00e3o e Tecnologia (FIA-FEA\/USP). \u00c9 Gerente de Governan\u00e7a e Inova\u00e7\u00e3o Tecnol\u00f3gica do Grupo Abril, onde trabalha desde 1999. Seus interesses de pesquisa s\u00e3o Governan\u00e7a de TI, Inova\u00e7\u00e3o em TI, Sustentabilidade em TI, Gest\u00e3o de Projetos.<\/p>\n<p>Disciplina: Governan\u00e7a de TI<\/p>\n<p><a href=\"http:\/\/lattes.cnpq.br\/3963505790783498\" target=\"_blank\" rel=\"noopener noreferrer\">Curr\u00edculo Lattes<\/a><\/p>\n<p>&nbsp;<\/p>\n<p><strong>Gerson Kiste<\/strong><\/p>\n<p>Graduado em Administra\u00e7\u00e3o. P\u00f3s graduado em Gest\u00e3o de Recursos Humanos e Mestre em Administra\u00e7\u00e3o. Doutorando em Ci\u00eancias Sociais. Profissional da \u00e1rea de recursos humanos por mais de 30 anos, tendo atuado em empresas nacionais e multinacionais. Consultor empresarial nas \u00e1reas de Administra\u00e7\u00e3o Geral, RH e Marketing de Servi\u00e7os. Gerente de Educa\u00e7\u00e3o da Funda\u00e7\u00e3o Vanzolini.<\/p>\n<p>Disciplina: Gest\u00e3o de profissionais de TI<\/p>\n<p><a href=\"http:\/\/lattes.cnpq.br\/6331781354137923\" target=\"_blank\" rel=\"noopener noreferrer\">Curr\u00edculo Lattes<\/a><\/p>\n<\/div>\n","protected":false},"excerpt":{"rendered":"<p>Professores Fernando Jos\u00e9 Barbin Laurindo Professor Titular do Departamento de Engenharia de Produ\u00e7\u00e3o da EPUSP. Engenheiro de Produ\u00e7\u00e3o \u2013 POLI\/USP.&#46;&#46;&#46;<\/p>\n","protected":false},"author":1228,"featured_media":0,"parent":0,"menu_order":0,"comment_status":"closed","ping_status":"closed","template":"","meta":{"footnotes":"","_links_to":"","_links_to_target":""},"class_list":["post-169","page","type-page","status-publish","hentry"],"_links":{"self":[{"href":"https:\/\/sites.usp.br\/leticic\/wp-json\/wp\/v2\/pages\/169","targetHints":{"allow":["GET"]}}],"collection":[{"href":"https:\/\/sites.usp.br\/leticic\/wp-json\/wp\/v2\/pages"}],"about":[{"href":"https:\/\/sites.usp.br\/leticic\/wp-json\/wp\/v2\/types\/page"}],"author":[{"embeddable":true,"href":"https:\/\/sites.usp.br\/leticic\/wp-json\/wp\/v2\/users\/1228"}],"replies":[{"embeddable":true,"href":"https:\/\/sites.usp.br\/leticic\/wp-json\/wp\/v2\/comments?post=169"}],"version-history":[{"count":4,"href":"https:\/\/sites.usp.br\/leticic\/wp-json\/wp\/v2\/pages\/169\/revisions"}],"predecessor-version":[{"id":198,"href":"https:\/\/sites.usp.br\/leticic\/wp-json\/wp\/v2\/pages\/169\/revisions\/198"}],"wp:attachment":[{"href":"https:\/\/sites.usp.br\/leticic\/wp-json\/wp\/v2\/media?parent=169"}],"curies":[{"name":"wp","href":"https:\/\/api.w.org\/{rel}","templated":true}]}}