{"id":1183,"date":"2021-10-28T14:37:07","date_gmt":"2021-10-28T17:37:07","guid":{"rendered":"https:\/\/sites.usp.br\/padrao8\/?page_id=1183"},"modified":"2023-04-05T18:01:15","modified_gmt":"2023-04-05T21:01:15","slug":"artigos","status":"publish","type":"page","link":"https:\/\/sites.usp.br\/levoc\/artigos\/","title":{"rendered":"Artigos e Publica\u00e7\u00f5es"},"content":{"rendered":"\t\t<div data-elementor-type=\"wp-page\" data-elementor-id=\"1183\" class=\"elementor elementor-1183\" data-elementor-post-type=\"page\">\n\t\t\t\t\t\t<section class=\"elementor-section elementor-top-section elementor-element elementor-element-236d7a8 elementor-section-boxed elementor-section-height-default elementor-section-height-default\" data-id=\"236d7a8\" data-element_type=\"section\" data-settings=\"{&quot;background_background&quot;:&quot;classic&quot;}\">\n\t\t\t\t\t\t<div class=\"elementor-container elementor-column-gap-default\">\n\t\t\t\t\t<div class=\"elementor-column elementor-col-100 elementor-top-column elementor-element elementor-element-b465f21\" data-id=\"b465f21\" data-element_type=\"column\">\n\t\t\t<div class=\"elementor-widget-wrap elementor-element-populated\">\n\t\t\t\t\t\t<div class=\"elementor-element elementor-element-3bcb055 elementor-widget elementor-widget-heading\" data-id=\"3bcb055\" data-element_type=\"widget\" data-widget_type=\"heading.default\">\n\t\t\t\t<div class=\"elementor-widget-container\">\n\t\t\t<h2 class=\"elementor-heading-title elementor-size-default\">ARTIGOS E PUBLICA\u00c7\u00d5ES<\/h2>\t\t<\/div>\n\t\t\t\t<\/div>\n\t\t\t\t<section class=\"elementor-section elementor-inner-section elementor-element elementor-element-b59cae7 elementor-section-boxed elementor-section-height-default elementor-section-height-default\" data-id=\"b59cae7\" data-element_type=\"section\">\n\t\t\t\t\t\t<div class=\"elementor-container elementor-column-gap-default\">\n\t\t\t\t\t<div class=\"elementor-column elementor-col-100 elementor-inner-column elementor-element elementor-element-576a6bb\" data-id=\"576a6bb\" data-element_type=\"column\">\n\t\t\t<div class=\"elementor-widget-wrap elementor-element-populated\">\n\t\t\t\t\t\t<div class=\"elementor-element elementor-element-a20f8a8 elementor-widget elementor-widget-image\" data-id=\"a20f8a8\" data-element_type=\"widget\" data-widget_type=\"image.default\">\n\t\t\t\t<div class=\"elementor-widget-container\">\n\t\t\t\t\t\t\t\t\t\t<figure class=\"wp-caption\">\n\t\t\t\t\t\t\t\t\t\t<img fetchpriority=\"high\" decoding=\"async\" width=\"810\" height=\"540\" src=\"https:\/\/sites.usp.br\/levoc\/wp-content\/uploads\/sites\/1246\/2021\/10\/Biblioteca-Mario-de-Andrade_Foto-Marcos-Santos_U0Y2312-810x540-1.jpg\" class=\"attachment-large size-large wp-image-1184\" alt=\"\" srcset=\"https:\/\/sites.usp.br\/levoc\/wp-content\/uploads\/sites\/1246\/2021\/10\/Biblioteca-Mario-de-Andrade_Foto-Marcos-Santos_U0Y2312-810x540-1.jpg 810w, https:\/\/sites.usp.br\/levoc\/wp-content\/uploads\/sites\/1246\/2021\/10\/Biblioteca-Mario-de-Andrade_Foto-Marcos-Santos_U0Y2312-810x540-1-300x200.jpg 300w, https:\/\/sites.usp.br\/levoc\/wp-content\/uploads\/sites\/1246\/2021\/10\/Biblioteca-Mario-de-Andrade_Foto-Marcos-Santos_U0Y2312-810x540-1-768x512.jpg 768w, https:\/\/sites.usp.br\/levoc\/wp-content\/uploads\/sites\/1246\/2021\/10\/Biblioteca-Mario-de-Andrade_Foto-Marcos-Santos_U0Y2312-810x540-1-400x267.jpg 400w\" sizes=\"(max-width: 810px) 100vw, 810px\" \/>\t\t\t\t\t\t\t\t\t\t\t<figcaption class=\"widget-image-caption wp-caption-text\">Biblioteca M\u00e1rio de Andrade. 2019\/04\/05 Foto: Marcos Santos\/USP Imagens<\/figcaption>\n\t\t\t\t\t\t\t\t\t\t<\/figure>\n\t\t\t\t\t\t\t<\/div>\n\t\t\t\t<\/div>\n\t\t\t\t<div class=\"elementor-element elementor-element-6943b93 elementor-widget elementor-widget-text-editor\" data-id=\"6943b93\" data-element_type=\"widget\" data-widget_type=\"text-editor.default\">\n\t\t\t\t<div class=\"elementor-widget-container\">\n\t\t\t\t\t\t\t<p>A produ\u00e7\u00e3o acad\u00eamica dos membros do laborat\u00f3rio pode ser consultada aqui. Basta clicar em cima do nome do pesquisador.<\/p>\t\t\t\t\t\t<\/div>\n\t\t\t\t<\/div>\n\t\t\t\t\t<\/div>\n\t\t<\/div>\n\t\t\t\t\t<\/div>\n\t\t<\/section>\n\t\t\t\t\t<\/div>\n\t\t<\/div>\n\t\t\t\t\t<\/div>\n\t\t<\/section>\n\t\t\t\t<section class=\"elementor-section elementor-top-section elementor-element elementor-element-eca7640 elementor-section-boxed elementor-section-height-default elementor-section-height-default\" data-id=\"eca7640\" data-element_type=\"section\">\n\t\t\t\t\t\t<div class=\"elementor-container elementor-column-gap-default\">\n\t\t\t\t\t<div class=\"elementor-column elementor-col-100 elementor-top-column elementor-element elementor-element-54cdb12\" data-id=\"54cdb12\" data-element_type=\"column\">\n\t\t\t<div class=\"elementor-widget-wrap elementor-element-populated\">\n\t\t\t\t\t\t<div class=\"elementor-element elementor-element-60fb387 elementor-position-top elementor-widget elementor-widget-image-box\" data-id=\"60fb387\" data-element_type=\"widget\" data-widget_type=\"image-box.default\">\n\t\t\t\t<div class=\"elementor-widget-container\">\n\t\t\t<div class=\"elementor-image-box-wrapper\"><figure class=\"elementor-image-box-img\"><a href=\"https:\/\/drive.google.com\/drive\/folders\/1crSgqE0b1IEsjNeBX88MSZI0_4LlS86b?usp=share_link\" tabindex=\"-1\"><img decoding=\"async\" width=\"1525\" height=\"1969\" src=\"https:\/\/sites.usp.br\/levoc\/wp-content\/uploads\/sites\/1246\/2023\/04\/Foto-autor.jpg\" class=\"attachment-full size-full wp-image-3053\" alt=\"\" srcset=\"https:\/\/sites.usp.br\/levoc\/wp-content\/uploads\/sites\/1246\/2023\/04\/Foto-autor.jpg 1525w, https:\/\/sites.usp.br\/levoc\/wp-content\/uploads\/sites\/1246\/2023\/04\/Foto-autor-232x300.jpg 232w, https:\/\/sites.usp.br\/levoc\/wp-content\/uploads\/sites\/1246\/2023\/04\/Foto-autor-793x1024.jpg 793w, https:\/\/sites.usp.br\/levoc\/wp-content\/uploads\/sites\/1246\/2023\/04\/Foto-autor-768x992.jpg 768w, https:\/\/sites.usp.br\/levoc\/wp-content\/uploads\/sites\/1246\/2023\/04\/Foto-autor-1190x1536.jpg 1190w, https:\/\/sites.usp.br\/levoc\/wp-content\/uploads\/sites\/1246\/2023\/04\/Foto-autor-400x516.jpg 400w\" sizes=\"(max-width: 1525px) 100vw, 1525px\" \/><\/a><\/figure><div class=\"elementor-image-box-content\"><h3 class=\"elementor-image-box-title\"><a href=\"https:\/\/drive.google.com\/drive\/folders\/1crSgqE0b1IEsjNeBX88MSZI0_4LlS86b?usp=share_link\">Astolfo G. M. Araujo<\/a><\/h3><p class=\"elementor-image-box-description\">Artigos e cap\u00edtulos de livro abordando teoria arqueol\u00f3gica, geoarqueologia, arqueologia hist\u00f3rica, tecnologia l\u00edtica, e arqueologia regional.<\/p><\/div><\/div>\t\t<\/div>\n\t\t\t\t<\/div>\n\t\t\t\t\t<\/div>\n\t\t<\/div>\n\t\t\t\t\t<\/div>\n\t\t<\/section>\n\t\t\t\t<\/div>\n\t\t","protected":false},"excerpt":{"rendered":"<p>ARTIGOS E PUBLICA\u00c7\u00d5ES Biblioteca M\u00e1rio de Andrade. 2019\/04\/05 Foto: Marcos Santos\/USP Imagens A produ\u00e7\u00e3o acad\u00eamica dos membros do laborat\u00f3rio pode ser consultada aqui. Basta clicar em cima do nome do pesquisador. Astolfo G. M. Araujo Artigos e cap\u00edtulos de livro abordando teoria arqueol\u00f3gica, geoarqueologia, arqueologia hist\u00f3rica, tecnologia l\u00edtica, e arqueologia regional.<\/p>\n","protected":false},"author":22641,"featured_media":0,"parent":0,"menu_order":0,"comment_status":"closed","ping_status":"closed","template":"","meta":{"_monsterinsights_skip_tracking":false,"_monsterinsights_sitenote_active":false,"_monsterinsights_sitenote_note":"","_monsterinsights_sitenote_category":0,"footnotes":"","_links_to":"","_links_to_target":""},"class_list":["post-1183","page","type-page","status-publish","hentry","entry"],"_links":{"self":[{"href":"https:\/\/sites.usp.br\/levoc\/wp-json\/wp\/v2\/pages\/1183","targetHints":{"allow":["GET"]}}],"collection":[{"href":"https:\/\/sites.usp.br\/levoc\/wp-json\/wp\/v2\/pages"}],"about":[{"href":"https:\/\/sites.usp.br\/levoc\/wp-json\/wp\/v2\/types\/page"}],"author":[{"embeddable":true,"href":"https:\/\/sites.usp.br\/levoc\/wp-json\/wp\/v2\/users\/22641"}],"replies":[{"embeddable":true,"href":"https:\/\/sites.usp.br\/levoc\/wp-json\/wp\/v2\/comments?post=1183"}],"version-history":[{"count":4,"href":"https:\/\/sites.usp.br\/levoc\/wp-json\/wp\/v2\/pages\/1183\/revisions"}],"predecessor-version":[{"id":3065,"href":"https:\/\/sites.usp.br\/levoc\/wp-json\/wp\/v2\/pages\/1183\/revisions\/3065"}],"wp:attachment":[{"href":"https:\/\/sites.usp.br\/levoc\/wp-json\/wp\/v2\/media?parent=1183"}],"curies":[{"name":"wp","href":"https:\/\/api.w.org\/{rel}","templated":true}]}}