{"id":3343,"date":"2023-04-08T10:11:59","date_gmt":"2023-04-08T13:11:59","guid":{"rendered":"https:\/\/sites.usp.br\/levoc\/?page_id=3343"},"modified":"2024-05-05T14:56:19","modified_gmt":"2024-05-05T17:56:19","slug":"doutorandos","status":"publish","type":"page","link":"https:\/\/sites.usp.br\/levoc\/doutorandos\/","title":{"rendered":"Doutorandos"},"content":{"rendered":"\t\t<div data-elementor-type=\"wp-page\" data-elementor-id=\"3343\" class=\"elementor elementor-3343\" data-elementor-post-type=\"page\">\n\t\t\t\t\t\t<section class=\"elementor-section elementor-top-section elementor-element elementor-element-8dc26a9 elementor-section-boxed elementor-section-height-default elementor-section-height-default\" data-id=\"8dc26a9\" data-element_type=\"section\">\n\t\t\t\t\t\t<div class=\"elementor-container elementor-column-gap-default\">\n\t\t\t\t\t<div class=\"elementor-column elementor-col-100 elementor-top-column elementor-element elementor-element-e66c76c\" data-id=\"e66c76c\" data-element_type=\"column\">\n\t\t\t<div class=\"elementor-widget-wrap elementor-element-populated\">\n\t\t\t\t\t\t<div class=\"elementor-element elementor-element-ccefd29 elementor-widget elementor-widget-heading\" data-id=\"ccefd29\" data-element_type=\"widget\" data-widget_type=\"heading.default\">\n\t\t\t\t<div class=\"elementor-widget-container\">\n\t\t\t<h2 class=\"elementor-heading-title elementor-size-default\">Doutorandos<\/h2>\t\t<\/div>\n\t\t\t\t<\/div>\n\t\t\t\t\t<\/div>\n\t\t<\/div>\n\t\t\t\t\t<\/div>\n\t\t<\/section>\n\t\t\t\t<section class=\"elementor-section elementor-top-section elementor-element elementor-element-7985f3d elementor-section-boxed elementor-section-height-default elementor-section-height-default\" data-id=\"7985f3d\" data-element_type=\"section\">\n\t\t\t\t\t\t<div class=\"elementor-container elementor-column-gap-default\">\n\t\t\t\t\t<div class=\"elementor-column elementor-col-100 elementor-top-column elementor-element elementor-element-45162ac\" data-id=\"45162ac\" data-element_type=\"column\">\n\t\t\t<div class=\"elementor-widget-wrap elementor-element-populated\">\n\t\t\t\t\t\t<div class=\"elementor-element elementor-element-07d10bf elementor-widget elementor-widget-text-editor\" data-id=\"07d10bf\" data-element_type=\"widget\" data-widget_type=\"text-editor.default\">\n\t\t\t\t<div class=\"elementor-widget-container\">\n\t\t\t\t\t\t\t<ul>\n<li><br><\/li>\n<\/ul>\t\t\t\t\t\t<\/div>\n\t\t\t\t<\/div>\n\t\t\t\t<div class=\"elementor-element elementor-element-1da1ae5 elementor-widget__width-initial elementor-widget elementor-widget-image\" data-id=\"1da1ae5\" data-element_type=\"widget\" data-widget_type=\"image.default\">\n\t\t\t\t<div class=\"elementor-widget-container\">\n\t\t\t\t\t\t\t\t\t\t\t\t\t<img fetchpriority=\"high\" decoding=\"async\" width=\"1024\" height=\"768\" src=\"https:\/\/sites.usp.br\/levoc\/wp-content\/uploads\/sites\/1246\/2023\/04\/Foto_RenataAraujo.jpeg\" class=\"attachment-large size-large wp-image-3344\" alt=\"\" srcset=\"https:\/\/sites.usp.br\/levoc\/wp-content\/uploads\/sites\/1246\/2023\/04\/Foto_RenataAraujo.jpeg 1024w, https:\/\/sites.usp.br\/levoc\/wp-content\/uploads\/sites\/1246\/2023\/04\/Foto_RenataAraujo-300x225.jpeg 300w, https:\/\/sites.usp.br\/levoc\/wp-content\/uploads\/sites\/1246\/2023\/04\/Foto_RenataAraujo-768x576.jpeg 768w, https:\/\/sites.usp.br\/levoc\/wp-content\/uploads\/sites\/1246\/2023\/04\/Foto_RenataAraujo-80x60.jpeg 80w, https:\/\/sites.usp.br\/levoc\/wp-content\/uploads\/sites\/1246\/2023\/04\/Foto_RenataAraujo-400x300.jpeg 400w\" sizes=\"(max-width: 1024px) 100vw, 1024px\" \/>\t\t\t\t\t\t\t\t\t\t\t\t\t<\/div>\n\t\t\t\t<\/div>\n\t\t\t\t<div class=\"elementor-element elementor-element-6bbdcc0 elementor-widget elementor-widget-text-editor\" data-id=\"6bbdcc0\" data-element_type=\"widget\" data-widget_type=\"text-editor.default\">\n\t\t\t\t<div class=\"elementor-widget-container\">\n\t\t\t\t\t\t\t<ul><li><strong><a href=\"http:\/\/lattes.cnpq.br\/8758704275586905\" target=\"_blank\" rel=\"noopener\">Renata Pedroso de Araujo<\/a><\/strong>\u00a0\u00e9 doutoranda em Arqueologia pelo Museu de Arqueologia e Et<span style=\"font-size: 18px; color: var( --e-global-color-text );\">nologia da Universidade de S\u00e3o Paulo (MAE-USP), mestre\u00a0em Arqueologia pela Universidade de Paris IV-Sorbonne, bacharel em Hist\u00f3ria<br \/>pela Faculdade de Filosofia, Letras e Ci\u00eancias Humanas da Universidade de S\u00e3o<br \/>Paulo (FFLCH-USP), e licenciada em Hist\u00f3ria pela Faculdade de Educa\u00e7\u00e3o da<br \/>Universidade de S\u00e3o Paulo (FE-USP). Desenvolve atualmente projeto de pesquisa<br \/>de doutorado nas \u00e1reas de pr\u00e9-hist\u00f3ria brasileira, arqueologia evolutiva e<br \/>an\u00e1lise morfom\u00e9trica de ind\u00fastrias l\u00edticas do Estado de S\u00e3o Paulo. \u00c9 pesquisadora<br \/>associada do Laborat\u00f3rio Interdisciplinar de Pesquisas em Evolu\u00e7\u00e3o, Cultura e<br \/>Meio Ambiente do Museu de Arqueologia e Etnologia da Universidade de S\u00e3o Paulo<br \/>(LEVOC-MAE\/USP), e pesquisadora associada do Laborat\u00f3rio de Estudos Evolutivos<br \/>Humanos do Instituto de Bioci\u00eancias da Universidade de S\u00e3o Paulo (LEEH-IB\/USP).<br \/>Seus interesses de pesquisa s\u00e3o morfometria e tecnologia de ind\u00fastrias l\u00edticas,<br \/>geoarqueologia, m\u00e9todos e t\u00e9cnicas de campo, classifica\u00e7\u00e3o em arqueologia, arqueologia<br \/>evolutiva, e evolu\u00e7\u00e3o cultural.<\/span><\/li><\/ul><p>Research Gate: <a href=\"https:\/\/www.researchgate.net\/profile\/Renata-Pedroso-De-Araujo\">https:\/\/www.researchgate.net\/profile\/Renata-Pedroso-De-Araujo<\/a><\/p><p>Academia.edu: <a href=\"https:\/\/usp-br1.academia.edu\/RenataPedrosodeAraujo\">https:\/\/usp-br1.academia.edu\/RenataPedrosodeAraujo<\/a><\/p>\t\t\t\t\t\t<\/div>\n\t\t\t\t<\/div>\n\t\t\t\t\t<\/div>\n\t\t<\/div>\n\t\t\t\t\t<\/div>\n\t\t<\/section>\n\t\t\t\t<section class=\"elementor-section elementor-top-section elementor-element elementor-element-8389292 elementor-section-boxed elementor-section-height-default elementor-section-height-default\" data-id=\"8389292\" data-element_type=\"section\">\n\t\t\t\t\t\t<div class=\"elementor-container elementor-column-gap-default\">\n\t\t\t\t\t<div class=\"elementor-column elementor-col-100 elementor-top-column elementor-element elementor-element-dc5e6ff\" data-id=\"dc5e6ff\" data-element_type=\"column\">\n\t\t\t<div class=\"elementor-widget-wrap\">\n\t\t\t\t\t\t\t<\/div>\n\t\t<\/div>\n\t\t\t\t\t<\/div>\n\t\t<\/section>\n\t\t\t\t<section class=\"elementor-section elementor-top-section elementor-element elementor-element-c5ed4b3 elementor-section-boxed elementor-section-height-default elementor-section-height-default\" data-id=\"c5ed4b3\" data-element_type=\"section\">\n\t\t\t\t\t\t<div class=\"elementor-container elementor-column-gap-default\">\n\t\t\t\t\t<div class=\"elementor-column elementor-col-100 elementor-top-column elementor-element elementor-element-1301a29\" data-id=\"1301a29\" data-element_type=\"column\">\n\t\t\t<div class=\"elementor-widget-wrap\">\n\t\t\t\t\t\t\t<\/div>\n\t\t<\/div>\n\t\t\t\t\t<\/div>\n\t\t<\/section>\n\t\t\t\t<section class=\"elementor-section elementor-top-section elementor-element elementor-element-c333a01 elementor-section-boxed elementor-section-height-default elementor-section-height-default\" data-id=\"c333a01\" data-element_type=\"section\">\n\t\t\t\t\t\t<div class=\"elementor-container elementor-column-gap-default\">\n\t\t\t\t\t<div class=\"elementor-column elementor-col-100 elementor-top-column elementor-element elementor-element-f6a470a\" data-id=\"f6a470a\" data-element_type=\"column\">\n\t\t\t<div class=\"elementor-widget-wrap elementor-element-populated\">\n\t\t\t\t\t\t<div class=\"elementor-element elementor-element-bbad704 elementor-widget__width-initial elementor-widget elementor-widget-image\" data-id=\"bbad704\" data-element_type=\"widget\" data-widget_type=\"image.default\">\n\t\t\t\t<div class=\"elementor-widget-container\">\n\t\t\t\t\t\t\t\t\t\t\t\t\t<img decoding=\"async\" width=\"1024\" height=\"768\" src=\"https:\/\/sites.usp.br\/levoc\/wp-content\/uploads\/sites\/1246\/2023\/04\/Nicolle.JPG-1024x768.png\" class=\"attachment-large size-large wp-image-3466\" alt=\"\" srcset=\"https:\/\/sites.usp.br\/levoc\/wp-content\/uploads\/sites\/1246\/2023\/04\/Nicolle.JPG-1024x768.png 1024w, https:\/\/sites.usp.br\/levoc\/wp-content\/uploads\/sites\/1246\/2023\/04\/Nicolle.JPG-300x225.png 300w, https:\/\/sites.usp.br\/levoc\/wp-content\/uploads\/sites\/1246\/2023\/04\/Nicolle.JPG-768x576.png 768w, https:\/\/sites.usp.br\/levoc\/wp-content\/uploads\/sites\/1246\/2023\/04\/Nicolle.JPG-1536x1152.png 1536w, https:\/\/sites.usp.br\/levoc\/wp-content\/uploads\/sites\/1246\/2023\/04\/Nicolle.JPG-2048x1536.png 2048w, https:\/\/sites.usp.br\/levoc\/wp-content\/uploads\/sites\/1246\/2023\/04\/Nicolle.JPG-80x60.png 80w, https:\/\/sites.usp.br\/levoc\/wp-content\/uploads\/sites\/1246\/2023\/04\/Nicolle.JPG-400x300.png 400w\" sizes=\"(max-width: 1024px) 100vw, 1024px\" \/>\t\t\t\t\t\t\t\t\t\t\t\t\t<\/div>\n\t\t\t\t<\/div>\n\t\t\t\t<div class=\"elementor-element elementor-element-8c9b2d3 elementor-widget elementor-widget-text-editor\" data-id=\"8c9b2d3\" data-element_type=\"widget\" data-widget_type=\"text-editor.default\">\n\t\t\t\t<div class=\"elementor-widget-container\">\n\t\t\t\t\t\t\t<ul><li><strong><a href=\"http:\/\/lattes.cnpq.br\/0865465931736531\"><span style=\"font-size: 18px; color: var( --e-global-color-text );\">Ni<\/span>colle Guedes Lazzaretti<\/a><\/strong><span style=\"font-size: 18px; color: var( --e-global-color-text );\">\u00a0\u00e9 doutoranda em Arqueologia no Museu de Arqueologia e Etnologia da Universidade de S\u00e3o Paulo e mestre em Antropologia e Arqueologia pela Universidade Federal do Paran\u00e1 (2023).\u00a0<\/span><span style=\"font-size: 18px; color: var( --e-global-color-text );\">Integrou a equipe do Centro de Estudos e Pesquisas Arqueol\u00f3gicas \u2013 CEPA da UFPR (2020-2023), onde pesquisou\u00a0sobre tecnologia l\u00edtica de ca\u00e7adores-coletores do holoceno no Primeiro Planalto Paranaense. Atualmente\u00a0desenvolve pesquisa sobre como\u00a0s\u00edtios l\u00edticos e vari\u00e1veis da geodiversidade podem estar relacionados no estado do Paran\u00e1.<\/span><span style=\"font-size: 18px; color: var( --e-global-color-text );\">Al\u00e9m da\u00a0geoarqueologia e\u00a0tecnologia l\u00edtica tem interesse em temas como evolu\u00e7\u00e3o biocultural humana, cultura e meio ambiente, arte paleol\u00edtica e cogni\u00e7\u00e3o.<\/span><\/li><li><span style=\"font-size: 18px; color: var( --e-global-color-text );\">Publica\u00e7\u00f5es:\u00a0<span style=\"background-color: #f9f9f9;\"><a href=\"https:\/\/usp-br.academia.edu\/NicolleGuedesLazzaretti\">https:\/\/usp-br.academia.edu\/NicolleGuedesLazzaretti<\/a><\/span><\/span>\u00a0<\/li><\/ul>\t\t\t\t\t\t<\/div>\n\t\t\t\t<\/div>\n\t\t\t\t\t<\/div>\n\t\t<\/div>\n\t\t\t\t\t<\/div>\n\t\t<\/section>\n\t\t\t\t<\/div>\n\t\t","protected":false},"excerpt":{"rendered":"<p>Doutorandos Renata Pedroso de Araujo\u00a0\u00e9 doutoranda em Arqueologia pelo Museu de Arqueologia e Etnologia da Universidade de S\u00e3o Paulo (MAE-USP), mestre\u00a0em Arqueologia pela Universidade de Paris IV-Sorbonne, bacharel em Hist\u00f3riapela Faculdade de Filosofia, Letras e Ci\u00eancias Humanas da Universidade de S\u00e3oPaulo (FFLCH-USP), e licenciada em Hist\u00f3ria pela Faculdade de Educa\u00e7\u00e3o daUniversidade de S\u00e3o Paulo (FE-USP). [&hellip;]<\/p>\n","protected":false},"author":23428,"featured_media":0,"parent":0,"menu_order":0,"comment_status":"closed","ping_status":"closed","template":"","meta":{"_monsterinsights_skip_tracking":false,"_monsterinsights_sitenote_active":false,"_monsterinsights_sitenote_note":"","_monsterinsights_sitenote_category":0,"footnotes":"","_links_to":"","_links_to_target":""},"class_list":["post-3343","page","type-page","status-publish","hentry","entry"],"_links":{"self":[{"href":"https:\/\/sites.usp.br\/levoc\/wp-json\/wp\/v2\/pages\/3343","targetHints":{"allow":["GET"]}}],"collection":[{"href":"https:\/\/sites.usp.br\/levoc\/wp-json\/wp\/v2\/pages"}],"about":[{"href":"https:\/\/sites.usp.br\/levoc\/wp-json\/wp\/v2\/types\/page"}],"author":[{"embeddable":true,"href":"https:\/\/sites.usp.br\/levoc\/wp-json\/wp\/v2\/users\/23428"}],"replies":[{"embeddable":true,"href":"https:\/\/sites.usp.br\/levoc\/wp-json\/wp\/v2\/comments?post=3343"}],"version-history":[{"count":4,"href":"https:\/\/sites.usp.br\/levoc\/wp-json\/wp\/v2\/pages\/3343\/revisions"}],"predecessor-version":[{"id":3878,"href":"https:\/\/sites.usp.br\/levoc\/wp-json\/wp\/v2\/pages\/3343\/revisions\/3878"}],"wp:attachment":[{"href":"https:\/\/sites.usp.br\/levoc\/wp-json\/wp\/v2\/media?parent=3343"}],"curies":[{"name":"wp","href":"https:\/\/api.w.org\/{rel}","templated":true}]}}