{"id":3390,"date":"2023-04-10T12:02:56","date_gmt":"2023-04-10T15:02:56","guid":{"rendered":"https:\/\/sites.usp.br\/levoc\/?page_id=3390"},"modified":"2023-04-13T21:08:58","modified_gmt":"2023-04-14T00:08:58","slug":"pos-doutores","status":"publish","type":"page","link":"https:\/\/sites.usp.br\/levoc\/pos-doutores\/","title":{"rendered":"P\u00f3s-doutores"},"content":{"rendered":"\t\t<div data-elementor-type=\"wp-page\" data-elementor-id=\"3390\" class=\"elementor elementor-3390\" data-elementor-post-type=\"page\">\n\t\t\t\t\t\t<section class=\"elementor-section elementor-top-section elementor-element elementor-element-e47da12 elementor-section-boxed elementor-section-height-default elementor-section-height-default\" data-id=\"e47da12\" data-element_type=\"section\">\n\t\t\t\t\t\t<div class=\"elementor-container elementor-column-gap-default\">\n\t\t\t\t\t<div class=\"elementor-column elementor-col-100 elementor-top-column elementor-element elementor-element-c971a1a\" data-id=\"c971a1a\" data-element_type=\"column\">\n\t\t\t<div class=\"elementor-widget-wrap elementor-element-populated\">\n\t\t\t\t\t\t<div class=\"elementor-element elementor-element-7f090c1 elementor-widget elementor-widget-heading\" data-id=\"7f090c1\" data-element_type=\"widget\" data-widget_type=\"heading.default\">\n\t\t\t\t<div class=\"elementor-widget-container\">\n\t\t\t<h2 class=\"elementor-heading-title elementor-size-default\">P\u00f3s-Doutores<\/h2>\t\t<\/div>\n\t\t\t\t<\/div>\n\t\t\t\t\t<\/div>\n\t\t<\/div>\n\t\t\t\t\t<\/div>\n\t\t<\/section>\n\t\t\t\t<section class=\"elementor-section elementor-top-section elementor-element elementor-element-5fbbea9 elementor-section-boxed elementor-section-height-default elementor-section-height-default\" data-id=\"5fbbea9\" data-element_type=\"section\">\n\t\t\t\t\t\t<div class=\"elementor-container elementor-column-gap-default\">\n\t\t\t\t\t<div class=\"elementor-column elementor-col-100 elementor-top-column elementor-element elementor-element-1872830\" data-id=\"1872830\" data-element_type=\"column\">\n\t\t\t<div class=\"elementor-widget-wrap elementor-element-populated\">\n\t\t\t\t\t\t<div class=\"elementor-element elementor-element-3b45af4 elementor-widget__width-initial elementor-widget elementor-widget-image\" data-id=\"3b45af4\" data-element_type=\"widget\" data-widget_type=\"image.default\">\n\t\t\t\t<div class=\"elementor-widget-container\">\n\t\t\t\t\t\t\t\t\t\t\t\t\t\t<a href=\"http:\/\/lattes.cnpq.br\/6873863102873855\">\n\t\t\t\t\t\t\t<img fetchpriority=\"high\" decoding=\"async\" width=\"1024\" height=\"1024\" src=\"https:\/\/sites.usp.br\/levoc\/wp-content\/uploads\/sites\/1246\/2023\/04\/FB_IMG_1632919366673-1024x1024.jpg\" class=\"attachment-large size-large wp-image-3391\" alt=\"\" srcset=\"https:\/\/sites.usp.br\/levoc\/wp-content\/uploads\/sites\/1246\/2023\/04\/FB_IMG_1632919366673-1024x1024.jpg 1024w, https:\/\/sites.usp.br\/levoc\/wp-content\/uploads\/sites\/1246\/2023\/04\/FB_IMG_1632919366673-300x300.jpg 300w, https:\/\/sites.usp.br\/levoc\/wp-content\/uploads\/sites\/1246\/2023\/04\/FB_IMG_1632919366673-150x150.jpg 150w, https:\/\/sites.usp.br\/levoc\/wp-content\/uploads\/sites\/1246\/2023\/04\/FB_IMG_1632919366673-768x768.jpg 768w, https:\/\/sites.usp.br\/levoc\/wp-content\/uploads\/sites\/1246\/2023\/04\/FB_IMG_1632919366673-600x600.jpg 600w, https:\/\/sites.usp.br\/levoc\/wp-content\/uploads\/sites\/1246\/2023\/04\/FB_IMG_1632919366673-45x45.jpg 45w, https:\/\/sites.usp.br\/levoc\/wp-content\/uploads\/sites\/1246\/2023\/04\/FB_IMG_1632919366673-200x200.jpg 200w, https:\/\/sites.usp.br\/levoc\/wp-content\/uploads\/sites\/1246\/2023\/04\/FB_IMG_1632919366673-400x400.jpg 400w, https:\/\/sites.usp.br\/levoc\/wp-content\/uploads\/sites\/1246\/2023\/04\/FB_IMG_1632919366673.jpg 1080w\" sizes=\"(max-width: 1024px) 100vw, 1024px\" \/>\t\t\t\t\t\t\t\t<\/a>\n\t\t\t\t\t\t\t\t\t\t\t\t\t<\/div>\n\t\t\t\t<\/div>\n\t\t\t\t\t<\/div>\n\t\t<\/div>\n\t\t\t\t\t<\/div>\n\t\t<\/section>\n\t\t\t\t<section class=\"elementor-section elementor-top-section elementor-element elementor-element-e14f491 elementor-section-boxed elementor-section-height-default elementor-section-height-default\" data-id=\"e14f491\" data-element_type=\"section\">\n\t\t\t\t\t\t<div class=\"elementor-container elementor-column-gap-default\">\n\t\t\t\t\t<div class=\"elementor-column elementor-col-100 elementor-top-column elementor-element elementor-element-d943367\" data-id=\"d943367\" data-element_type=\"column\">\n\t\t\t<div class=\"elementor-widget-wrap elementor-element-populated\">\n\t\t\t\t\t\t<div class=\"elementor-element elementor-element-9980915 elementor-widget elementor-widget-text-editor\" data-id=\"9980915\" data-element_type=\"widget\" data-widget_type=\"text-editor.default\">\n\t\t\t\t<div class=\"elementor-widget-container\">\n\t\t\t\t\t\t\t<ul><li style=\"text-align: start;\"><span style=\"font-size: 18px; text-align: justify; color: var( --e-global-color-text );\"><strong><a href=\"http:\/\/lattes.cnpq.br\/6873863102873855\" target=\"_blank\" rel=\"noopener\">Dr. Glauco Constantino Perez<\/a>\u00a0<\/strong>possui Gradua\u00e7\u00e3o e Mestrado em Hist\u00f3ria pela Universidade Estadual de Maring\u00e1 (2006, 2010), Doutorado em Arqueologia pelo Programa de P\u00f3s-Gradua\u00e7\u00e3o em Arqueologia do Museu de Arqueologia e Etnologia &#8211; MAE\/USP, 2018. Entre 2018 e 2021 realizou P\u00f3s-doutorado junto ao Laborat\u00f3rio de Estudos Evolutivos Humanos do Instituto de Bioci\u00eancias (LEEH\/IB) da Universidade de S\u00e3o Paulo. Atualmente \u00e9 P\u00f3s-doutorando junto ao Laborat\u00f3rio Interdisciplinar de Pesquisas em Evolu\u00e7\u00e3o, Cultura e Meio Ambiente &#8211; LEVOC\/MAE no Museu de Arqueologia e Etnologia da Universidade de S\u00e3o Paulo. Tem experi\u00eancia na \u00e1rea de Arqueologia do Estado de S\u00e3o Paulo, com \u00eanfase em arqueologia Tupiguarani e Itarar\u00e9-Taquara, fronteiras e bens culturais, an\u00e1lise de cer\u00e2mica, estat\u00edstica aplicada \u00e0 Arqueologia e paisagem.<\/span><\/li><li style=\"text-align: start;\"><span style=\"font-size: 18px; text-align: justify; color: var( --e-global-color-text );\">Publica\u00e7\u00f5es:\u00a0<\/span><a href=\"https:\/\/scholar.google.com\/citations?user=tbnVvmkAAAAJ&amp;hl=pt-BR\">https:\/\/scholar.google.com\/citations?user=tbnVvmkAAAAJ&amp;hl=pt-BR<\/a><\/li><\/ul><p style=\"text-align: justify;\">\u00a0<\/p>\t\t\t\t\t\t<\/div>\n\t\t\t\t<\/div>\n\t\t\t\t\t<\/div>\n\t\t<\/div>\n\t\t\t\t\t<\/div>\n\t\t<\/section>\n\t\t\t\t<section class=\"elementor-section elementor-top-section elementor-element elementor-element-a3bdbc7 elementor-section-boxed elementor-section-height-default elementor-section-height-default\" data-id=\"a3bdbc7\" data-element_type=\"section\">\n\t\t\t\t\t\t<div class=\"elementor-container elementor-column-gap-default\">\n\t\t\t\t\t<div class=\"elementor-column elementor-col-100 elementor-top-column elementor-element elementor-element-71ccd3a\" data-id=\"71ccd3a\" data-element_type=\"column\">\n\t\t\t<div class=\"elementor-widget-wrap elementor-element-populated\">\n\t\t\t\t\t\t<div class=\"elementor-element elementor-element-8690a0c elementor-widget__width-initial elementor-widget elementor-widget-image\" data-id=\"8690a0c\" data-element_type=\"widget\" data-widget_type=\"image.default\">\n\t\t\t\t<div class=\"elementor-widget-container\">\n\t\t\t\t\t\t\t\t\t\t\t\t\t\t<a href=\"http:\/\/lattes.cnpq.br\/2570574187442383\">\n\t\t\t\t\t\t\t<img decoding=\"async\" width=\"520\" height=\"796\" src=\"https:\/\/sites.usp.br\/levoc\/wp-content\/uploads\/sites\/1246\/2023\/04\/Marilia-Perazzo-1.jpg\" class=\"attachment-large size-large wp-image-3428\" alt=\"\" srcset=\"https:\/\/sites.usp.br\/levoc\/wp-content\/uploads\/sites\/1246\/2023\/04\/Marilia-Perazzo-1.jpg 520w, https:\/\/sites.usp.br\/levoc\/wp-content\/uploads\/sites\/1246\/2023\/04\/Marilia-Perazzo-1-196x300.jpg 196w, https:\/\/sites.usp.br\/levoc\/wp-content\/uploads\/sites\/1246\/2023\/04\/Marilia-Perazzo-1-392x600.jpg 392w\" sizes=\"(max-width: 520px) 100vw, 520px\" \/>\t\t\t\t\t\t\t\t<\/a>\n\t\t\t\t\t\t\t\t\t\t\t\t\t<\/div>\n\t\t\t\t<\/div>\n\t\t\t\t\t<\/div>\n\t\t<\/div>\n\t\t\t\t\t<\/div>\n\t\t<\/section>\n\t\t\t\t<section class=\"elementor-section elementor-top-section elementor-element elementor-element-63d3de8 elementor-section-boxed elementor-section-height-default elementor-section-height-default\" data-id=\"63d3de8\" data-element_type=\"section\">\n\t\t\t\t\t\t<div class=\"elementor-container elementor-column-gap-default\">\n\t\t\t\t\t<div class=\"elementor-column elementor-col-100 elementor-top-column elementor-element elementor-element-c29e28f\" data-id=\"c29e28f\" data-element_type=\"column\">\n\t\t\t<div class=\"elementor-widget-wrap elementor-element-populated\">\n\t\t\t\t\t\t<div class=\"elementor-element elementor-element-8647513 elementor-widget elementor-widget-text-editor\" data-id=\"8647513\" data-element_type=\"widget\" data-widget_type=\"text-editor.default\">\n\t\t\t\t<div class=\"elementor-widget-container\">\n\t\t\t\t\t\t\t<ul><li><span style=\"font-size: 18px; color: var( --e-global-color-text );\"><strong><a href=\"http:\/\/lattes.cnpq.br\/2570574187442383\" target=\"_blank\" rel=\"noopener\" data-wplink-edit=\"true\">Dra. Marilia Perazzo Valadares do Amaral<\/a>\u00a0<\/strong>possui gradua\u00e7\u00e3o em Hist\u00f3ria pela Universidade Federal de Pernambuco (2005) e em Direito pela Universidade Paulista (2022). Fez mestrado (2007) e doutorado (2014) em Arqueologia pela Universidade Federal de Pernambuco, atuando principalmente nos seguintes temas: Registros Rupestres, Arqueologia Pr\u00e9-hist\u00f3rica, Arqueologia Subaqu\u00e1tica, Arqueologia Preventiva, Educa\u00e7\u00e3o Patrimonial, Patrim\u00f4nio Arqueol\u00f3gico e Prote\u00e7\u00e3o jur\u00eddica do Patrim\u00f4nio Arqueol\u00f3gico.\u00a0\u00a0<\/span><span style=\"font-size: 18px; color: var( --e-global-color-text );\">Atualmente \u00e9 P\u00f3s-doutoranda pelo Museu de Arqueologia e Etnologia (MAE) da Universidade de S\u00e3o Paulo (USP) e ministra disciplinas nos Programas de P\u00f3s-Gradua\u00e7\u00e3o em Arqueologia (PPGARQ) da Universidade Federal de Pernambuco e do Museu de Arqueologia e Etnologia da Universidade de S\u00e3o Paulo nas \u00e1reas de Registros Rupestres, Arqueologia Preventiva e Arqueologia Subaqu\u00e1tica. \u00c9\u00a0Vice-Presidente da Funda\u00e7\u00e3o Paran\u00e3-buc para Estudos e Pesquisas Arqueol\u00f3gicas e Editora respons\u00e1vel pela Revista Noctua &#8211; Arqueologia e Patrim\u00f4nio.<\/span><\/li><li><span style=\"font-size: 18px; color: var( --e-global-color-text );\">Publica\u00e7\u00f5es:\u00a0<\/span><a style=\"color: #1155cc; font-family: Calibri, 'sans-serif'; font-size: 14.6667px; font-style: normal; font-variant-ligatures: normal; font-variant-caps: normal; font-weight: 400; background-color: #ffffff;\" href=\"https:\/\/usp-br.academia.edu\/MariliaPerazzoValadaresdoAmaral\" target=\"_blank\" rel=\"noopener\" data-saferedirecturl=\"https:\/\/www.google.com\/url?q=https:\/\/usp-br.academia.edu\/MariliaPerazzoValadaresdoAmaral&amp;source=gmail&amp;ust=1681238286249000&amp;usg=AOvVaw07H3pXNcCZgma6fz84QX0L\"><span style=\"font-size: 12pt;\">https:\/\/usp-br.academia.<wbr \/>edu\/<wbr \/>MariliaPerazzoValadaresdoAmara<wbr \/>l<\/span><\/a><\/li><\/ul>\t\t\t\t\t\t<\/div>\n\t\t\t\t<\/div>\n\t\t\t\t\t<\/div>\n\t\t<\/div>\n\t\t\t\t\t<\/div>\n\t\t<\/section>\n\t\t\t\t<section class=\"elementor-section elementor-top-section elementor-element elementor-element-6e780ed elementor-section-boxed elementor-section-height-default elementor-section-height-default\" data-id=\"6e780ed\" data-element_type=\"section\">\n\t\t\t\t\t\t<div class=\"elementor-container elementor-column-gap-default\">\n\t\t\t\t\t<div class=\"elementor-column elementor-col-100 elementor-top-column elementor-element elementor-element-08eafaf\" data-id=\"08eafaf\" data-element_type=\"column\">\n\t\t\t<div class=\"elementor-widget-wrap elementor-element-populated\">\n\t\t\t\t\t\t<div class=\"elementor-element elementor-element-2f5b7f4 elementor-widget__width-initial elementor-widget elementor-widget-image\" data-id=\"2f5b7f4\" data-element_type=\"widget\" data-widget_type=\"image.default\">\n\t\t\t\t<div class=\"elementor-widget-container\">\n\t\t\t\t\t\t\t\t\t\t\t\t\t\t<a href=\"http:\/\/lattes.cnpq.br\/5379686329933650\">\n\t\t\t\t\t\t\t<img decoding=\"async\" width=\"675\" height=\"800\" src=\"https:\/\/sites.usp.br\/levoc\/wp-content\/uploads\/sites\/1246\/2023\/04\/marianne-sallum_orig.png\" class=\"attachment-large size-large wp-image-3438\" alt=\"\" srcset=\"https:\/\/sites.usp.br\/levoc\/wp-content\/uploads\/sites\/1246\/2023\/04\/marianne-sallum_orig.png 675w, https:\/\/sites.usp.br\/levoc\/wp-content\/uploads\/sites\/1246\/2023\/04\/marianne-sallum_orig-253x300.png 253w, https:\/\/sites.usp.br\/levoc\/wp-content\/uploads\/sites\/1246\/2023\/04\/marianne-sallum_orig-400x474.png 400w\" sizes=\"(max-width: 675px) 100vw, 675px\" \/>\t\t\t\t\t\t\t\t<\/a>\n\t\t\t\t\t\t\t\t\t\t\t\t\t<\/div>\n\t\t\t\t<\/div>\n\t\t\t\t\t<\/div>\n\t\t<\/div>\n\t\t\t\t\t<\/div>\n\t\t<\/section>\n\t\t\t\t<section class=\"elementor-section elementor-top-section elementor-element elementor-element-4f14b8b elementor-section-boxed elementor-section-height-default elementor-section-height-default\" data-id=\"4f14b8b\" data-element_type=\"section\">\n\t\t\t\t\t\t<div class=\"elementor-container elementor-column-gap-default\">\n\t\t\t\t\t<div class=\"elementor-column elementor-col-100 elementor-top-column elementor-element elementor-element-ccde777\" data-id=\"ccde777\" data-element_type=\"column\">\n\t\t\t<div class=\"elementor-widget-wrap elementor-element-populated\">\n\t\t\t\t\t\t<div class=\"elementor-element elementor-element-b932154 elementor-widget elementor-widget-text-editor\" data-id=\"b932154\" data-element_type=\"widget\" data-widget_type=\"text-editor.default\">\n\t\t\t\t<div class=\"elementor-widget-container\">\n\t\t\t\t\t\t\t<ul><li><span style=\"font-size: 18px; color: var( --e-global-color-text );\"><strong><a href=\"http:\/\/lattes.cnpq.br\/5379686329933650\" data-wplink-edit=\"true\">Dra. Marianne Sallum<\/a><\/strong> \u00e9 pesquisadora visitante no Departamento de Antropologia da University of Massachusetts-Boston (2022-2023) (Bolsa BEPE-FAPESP). Investigadora do Centro de Arqueologia da Universidade de Lisboa, Portugal (desde 2020). Suas pesquisas abrangem os campos da arqueologia hist\u00f3rica, colonialismo, persist\u00eancia, g\u00eanero e materialidade, com foco em abordagens interdisciplinares e da descoloniza\u00e7\u00e3o. Procura compreender as hist\u00f3rias de persist\u00eancia das comunidades agroflorestais de S\u00e3o Paulo por dois caminhos: 1) a genealogia e itiner\u00e2ncia de pr\u00e1ticas cer\u00e2micas pelas mulheres do s\u00e9culo 16 ao presente; 2) a rela\u00e7\u00e3o Tupi e Guarani e o resgate lingu\u00edstico e da materialidade. Sobre o assunto, tem mais 20 publica\u00e7\u00f5es, entre artigos e cap\u00edtulos de livro. Em paralelo, tem comparado as perspectivas te\u00f3ricas sobre persist\u00eancia entre Brasil e Estados Unidos. Tem experi\u00eancia de trabalho com comunidades tradicionais do Brasil, M\u00e9xico e Estados Unidos.<\/span><\/li><li><span style=\"font-size: 18px; color: var( --e-global-color-text );\">Publica\u00e7\u00f5es:\u00a0<\/span><a href=\"https:\/\/usp-br.academia.edu\/MarianneSallum\" target=\"_blank\" rel=\"noopener\">https:\/\/usp-br.academia.edu\/MarianneSallum<\/a><\/li><\/ul>\t\t\t\t\t\t<\/div>\n\t\t\t\t<\/div>\n\t\t\t\t\t<\/div>\n\t\t<\/div>\n\t\t\t\t\t<\/div>\n\t\t<\/section>\n\t\t\t\t<section class=\"elementor-section elementor-top-section elementor-element elementor-element-93a38ee elementor-section-boxed elementor-section-height-default elementor-section-height-default\" data-id=\"93a38ee\" data-element_type=\"section\">\n\t\t\t\t\t\t<div class=\"elementor-container elementor-column-gap-default\">\n\t\t\t\t\t<div class=\"elementor-column elementor-col-100 elementor-top-column elementor-element elementor-element-de8cc85\" data-id=\"de8cc85\" data-element_type=\"column\">\n\t\t\t<div class=\"elementor-widget-wrap elementor-element-populated\">\n\t\t\t\t\t\t<div class=\"elementor-element elementor-element-c37d0fa elementor-widget__width-initial elementor-widget elementor-widget-image\" data-id=\"c37d0fa\" data-element_type=\"widget\" data-widget_type=\"image.default\">\n\t\t\t\t<div class=\"elementor-widget-container\">\n\t\t\t\t\t\t\t\t\t\t\t\t\t\t<a href=\"http:\/\/lattes.cnpq.br\/3895234501635282\">\n\t\t\t\t\t\t\t<img loading=\"lazy\" decoding=\"async\" width=\"720\" height=\"785\" src=\"https:\/\/sites.usp.br\/levoc\/wp-content\/uploads\/sites\/1246\/2023\/04\/20230411_211435.jpg\" class=\"attachment-large size-large wp-image-3568\" alt=\"\" srcset=\"https:\/\/sites.usp.br\/levoc\/wp-content\/uploads\/sites\/1246\/2023\/04\/20230411_211435.jpg 720w, https:\/\/sites.usp.br\/levoc\/wp-content\/uploads\/sites\/1246\/2023\/04\/20230411_211435-275x300.jpg 275w, https:\/\/sites.usp.br\/levoc\/wp-content\/uploads\/sites\/1246\/2023\/04\/20230411_211435-400x436.jpg 400w\" sizes=\"(max-width: 720px) 100vw, 720px\" \/>\t\t\t\t\t\t\t\t<\/a>\n\t\t\t\t\t\t\t\t\t\t\t\t\t<\/div>\n\t\t\t\t<\/div>\n\t\t\t\t\t<\/div>\n\t\t<\/div>\n\t\t\t\t\t<\/div>\n\t\t<\/section>\n\t\t\t\t<section class=\"elementor-section elementor-top-section elementor-element elementor-element-df9f5dc elementor-section-boxed elementor-section-height-default elementor-section-height-default\" data-id=\"df9f5dc\" data-element_type=\"section\">\n\t\t\t\t\t\t<div class=\"elementor-container elementor-column-gap-default\">\n\t\t\t\t\t<div class=\"elementor-column elementor-col-100 elementor-top-column elementor-element elementor-element-633ddc8\" data-id=\"633ddc8\" data-element_type=\"column\">\n\t\t\t<div class=\"elementor-widget-wrap elementor-element-populated\">\n\t\t\t\t\t\t<div class=\"elementor-element elementor-element-513d1e9 elementor-widget elementor-widget-text-editor\" data-id=\"513d1e9\" data-element_type=\"widget\" data-widget_type=\"text-editor.default\">\n\t\t\t\t<div class=\"elementor-widget-container\">\n\t\t\t\t\t\t\t<ul><li>\u00a0<strong><a href=\"http:\/\/lattes.cnpq.br\/3895234501635282\" target=\"_blank\" rel=\"noopener\">Dra. Fernanda de Oliveira Costa<\/a><\/strong>\u00a0<span style=\"font-size: 18px; color: var( --e-global-color-text );\">\u00e9 graduada em Geografia, possuindo as habilita\u00e7\u00f5es de licenciatura e bacharelado, pela Universidade Federal de Vi\u00e7osa (2006). Na mesma institui\u00e7\u00e3o,\u00a0 realizou seu mestrado em Agronomia (2008), no<br \/>Departamento de Solos, desenvolvendo pesquisas voltadas para processos erosivos-rela\u00e7\u00e3o substrato\/relevo\/solos- na bacia do Rio S\u00e3o Francisco, sub-bacia\u00a0do Rio Abaet\u00e9, em Minas Gerais, cont\u00edgua \u00e0 Bacia do Rio Paran\u00e1.\u00a0\u00a0<\/span><span style=\"font-size: 18px; color: var( --e-global-color-text );\">Seu doutorado (2018) foi realizado na Universidade Federal de Ouro Preto, no departamento de Geologia.\u00a0<\/span><span style=\"font-size: 18px; color: var( --e-global-color-text );\">Desde o ano de 2012, se dedica \u00e0 doc\u00eancia\u00a0na Educa\u00e7\u00e3o B\u00e1sica e, eventualmente, ao Magist\u00e9rio Superior. Atualmente \u00e9 P\u00f3s- doutoranda pelo Museu de Arqueologia e Etnologia (MAE), no Laborat\u00f3rio Interdisciplinar de Pesquisas em Evolu\u00e7\u00e3o, Cultura e Meio Ambiente, da Universidade de S\u00e3o Paulo, onde desenvolve pesquisas na interface pedologia-geomorfologia, visando compreender como se deu a evolu\u00e7\u00e3o da paisagem onde est\u00e1 assentado o S\u00edtio Arqueol\u00f3gico Igualdade (S\u00e3o Manuel-SP), datado na transi\u00e7\u00e3o do Pleistoceno\/Holoceno, contribuindo para o entendimento do povoamento das Am\u00e9ricas.<\/span><\/li><\/ul>\t\t\t\t\t\t<\/div>\n\t\t\t\t<\/div>\n\t\t\t\t\t<\/div>\n\t\t<\/div>\n\t\t\t\t\t<\/div>\n\t\t<\/section>\n\t\t\t\t<\/div>\n\t\t","protected":false},"excerpt":{"rendered":"<p>P\u00f3s-Doutores Dr. Glauco Constantino Perez\u00a0possui Gradua\u00e7\u00e3o e Mestrado em Hist\u00f3ria pela Universidade Estadual de Maring\u00e1 (2006, 2010), Doutorado em Arqueologia pelo Programa de P\u00f3s-Gradua\u00e7\u00e3o em Arqueologia do Museu de Arqueologia e Etnologia &#8211; MAE\/USP, 2018. Entre 2018 e 2021 realizou P\u00f3s-doutorado junto ao Laborat\u00f3rio de Estudos Evolutivos Humanos do Instituto de Bioci\u00eancias (LEEH\/IB) da Universidade [&hellip;]<\/p>\n","protected":false},"author":23428,"featured_media":0,"parent":0,"menu_order":0,"comment_status":"closed","ping_status":"closed","template":"","meta":{"_monsterinsights_skip_tracking":false,"_monsterinsights_sitenote_active":false,"_monsterinsights_sitenote_note":"","_monsterinsights_sitenote_category":0,"footnotes":"","_links_to":"","_links_to_target":""},"class_list":["post-3390","page","type-page","status-publish","hentry","entry"],"_links":{"self":[{"href":"https:\/\/sites.usp.br\/levoc\/wp-json\/wp\/v2\/pages\/3390","targetHints":{"allow":["GET"]}}],"collection":[{"href":"https:\/\/sites.usp.br\/levoc\/wp-json\/wp\/v2\/pages"}],"about":[{"href":"https:\/\/sites.usp.br\/levoc\/wp-json\/wp\/v2\/types\/page"}],"author":[{"embeddable":true,"href":"https:\/\/sites.usp.br\/levoc\/wp-json\/wp\/v2\/users\/23428"}],"replies":[{"embeddable":true,"href":"https:\/\/sites.usp.br\/levoc\/wp-json\/wp\/v2\/comments?post=3390"}],"version-history":[{"count":4,"href":"https:\/\/sites.usp.br\/levoc\/wp-json\/wp\/v2\/pages\/3390\/revisions"}],"predecessor-version":[{"id":3598,"href":"https:\/\/sites.usp.br\/levoc\/wp-json\/wp\/v2\/pages\/3390\/revisions\/3598"}],"wp:attachment":[{"href":"https:\/\/sites.usp.br\/levoc\/wp-json\/wp\/v2\/media?parent=3390"}],"curies":[{"name":"wp","href":"https:\/\/api.w.org\/{rel}","templated":true}]}}