{"id":3849,"date":"2024-05-05T13:39:19","date_gmt":"2024-05-05T16:39:19","guid":{"rendered":"https:\/\/sites.usp.br\/levoc\/?page_id=3849"},"modified":"2024-05-05T19:27:27","modified_gmt":"2024-05-05T22:27:27","slug":"mapa-interativo-sitios-sp","status":"publish","type":"page","link":"https:\/\/sites.usp.br\/levoc\/mapa-interativo-sitios-sp\/","title":{"rendered":"Mapa Interativo S\u00edtios SP"},"content":{"rendered":"\t\t<div data-elementor-type=\"wp-page\" data-elementor-id=\"3849\" class=\"elementor elementor-3849\" data-elementor-post-type=\"page\">\n\t\t\t\t\t\t<section class=\"elementor-section elementor-top-section elementor-element elementor-element-c6150a7 elementor-section-boxed elementor-section-height-default elementor-section-height-default\" data-id=\"c6150a7\" data-element_type=\"section\">\n\t\t\t\t\t\t<div class=\"elementor-container elementor-column-gap-default\">\n\t\t\t\t\t<div class=\"elementor-column elementor-col-100 elementor-top-column elementor-element elementor-element-67d5de8\" data-id=\"67d5de8\" data-element_type=\"column\">\n\t\t\t<div class=\"elementor-widget-wrap elementor-element-populated\">\n\t\t\t\t\t\t<div class=\"elementor-element elementor-element-041ebed elementor-widget elementor-widget-heading\" data-id=\"041ebed\" data-element_type=\"widget\" data-widget_type=\"heading.default\">\n\t\t\t\t<div class=\"elementor-widget-container\">\n\t\t\t<h2 class=\"elementor-heading-title elementor-size-default\"><a href=\"https:\/\/data-2-map.web.app\/#\/map\/aHR0cHM6Ly9zY3JpcHQuZ29vZ2xlLmNvbS9tYWNyb3Mvcy9BS2Z5Y2J3dG00M19udXFYUHRjaWRCS2oycG5GdTNzS3VEc2RFZEQ1R1F5M3BJejdDamI1cnFoOUJTTHZIYWhhVXpDR3lMYWUvZXhlYw==\">Mapa Interativo de S\u00edtios Arqueol\u00f3gicos Ind\u00edgenas do Estado de S\u00e3o Paulo<br><\/a><\/h2>\t\t<\/div>\n\t\t\t\t<\/div>\n\t\t\t\t\t<\/div>\n\t\t<\/div>\n\t\t\t\t\t<\/div>\n\t\t<\/section>\n\t\t\t\t<section class=\"elementor-section elementor-top-section elementor-element elementor-element-244423b elementor-section-boxed elementor-section-height-default elementor-section-height-default\" data-id=\"244423b\" data-element_type=\"section\">\n\t\t\t\t\t\t<div class=\"elementor-container elementor-column-gap-default\">\n\t\t\t\t\t<div class=\"elementor-column elementor-col-100 elementor-top-column elementor-element elementor-element-0841989\" data-id=\"0841989\" data-element_type=\"column\">\n\t\t\t<div class=\"elementor-widget-wrap elementor-element-populated\">\n\t\t\t\t\t\t<div class=\"elementor-element elementor-element-c1c3570 elementor-widget elementor-widget-image\" data-id=\"c1c3570\" data-element_type=\"widget\" data-widget_type=\"image.default\">\n\t\t\t\t<div class=\"elementor-widget-container\">\n\t\t\t\t\t\t\t\t\t\t\t\t\t\t<a href=\"https:\/\/data-2-map.web.app\/#\/map\/aHR0cHM6Ly9zY3JpcHQuZ29vZ2xlLmNvbS9tYWNyb3Mvcy9BS2Z5Y2J3dG00M19udXFYUHRjaWRCS2oycG5GdTNzS3VEc2RFZEQ1R1F5M3BJejdDamI1cnFoOUJTTHZIYWhhVXpDR3lMYWUvZXhlYw==\">\n\t\t\t\t\t\t\t<img fetchpriority=\"high\" decoding=\"async\" width=\"1024\" height=\"693\" src=\"https:\/\/sites.usp.br\/levoc\/wp-content\/uploads\/sites\/1246\/2024\/05\/Mapa-SP-site-1024x693.jpg\" class=\"attachment-large size-large wp-image-3892\" alt=\"\" srcset=\"https:\/\/sites.usp.br\/levoc\/wp-content\/uploads\/sites\/1246\/2024\/05\/Mapa-SP-site-1024x693.jpg 1024w, https:\/\/sites.usp.br\/levoc\/wp-content\/uploads\/sites\/1246\/2024\/05\/Mapa-SP-site-300x203.jpg 300w, https:\/\/sites.usp.br\/levoc\/wp-content\/uploads\/sites\/1246\/2024\/05\/Mapa-SP-site-768x520.jpg 768w, https:\/\/sites.usp.br\/levoc\/wp-content\/uploads\/sites\/1246\/2024\/05\/Mapa-SP-site-400x271.jpg 400w, https:\/\/sites.usp.br\/levoc\/wp-content\/uploads\/sites\/1246\/2024\/05\/Mapa-SP-site.jpg 1095w\" sizes=\"(max-width: 1024px) 100vw, 1024px\" \/>\t\t\t\t\t\t\t\t<\/a>\n\t\t\t\t\t\t\t\t\t\t\t\t\t<\/div>\n\t\t\t\t<\/div>\n\t\t\t\t<div class=\"elementor-element elementor-element-ceaab90 elementor-widget elementor-widget-text-editor\" data-id=\"ceaab90\" data-element_type=\"widget\" data-widget_type=\"text-editor.default\">\n\t\t\t\t<div class=\"elementor-widget-container\">\n\t\t\t\t\t\t\t<p>O mapa interativo aqui apresentado \u00e9 um dos resultados obtidos pelo Projeto Tem\u00e1tico FAPESP \u201cA OCUPA\u00c7\u00c3O HUMANA DO SUDESTE DA AM\u00c9RICA DO SUL AO LONGO DO HOLOCENO: UMA ABORDAGEM INTERDISCIPLINAR, MULTIESCALAR E DIACR\u00d4NICA\u201d e visa fornecer o primeiro panorama abrangente sobre a arqueologia de povos ind\u00edgenas no territ\u00f3rio que compreende o atual Estado de S\u00e3o Paulo.<\/p><p>Para saber mais, <a href=\"https:\/\/doi.org\/10.5281\/zenodo.11116507\">CLIQUE AQUI<\/a><\/p>\t\t\t\t\t\t<\/div>\n\t\t\t\t<\/div>\n\t\t\t\t\t<\/div>\n\t\t<\/div>\n\t\t\t\t\t<\/div>\n\t\t<\/section>\n\t\t\t\t<\/div>\n\t\t","protected":false},"excerpt":{"rendered":"<p>Mapa Interativo de S\u00edtios Arqueol\u00f3gicos Ind\u00edgenas do Estado de S\u00e3o Paulo O mapa interativo aqui apresentado \u00e9 um dos resultados obtidos pelo Projeto Tem\u00e1tico FAPESP \u201cA OCUPA\u00c7\u00c3O HUMANA DO SUDESTE DA AM\u00c9RICA DO SUL AO LONGO DO HOLOCENO: UMA ABORDAGEM INTERDISCIPLINAR, MULTIESCALAR E DIACR\u00d4NICA\u201d e visa fornecer o primeiro panorama abrangente sobre a arqueologia de [&hellip;]<\/p>\n","protected":false},"author":23428,"featured_media":0,"parent":0,"menu_order":0,"comment_status":"closed","ping_status":"closed","template":"","meta":{"_monsterinsights_skip_tracking":false,"_monsterinsights_sitenote_active":false,"_monsterinsights_sitenote_note":"","_monsterinsights_sitenote_category":0,"footnotes":"","_links_to":"","_links_to_target":""},"class_list":["post-3849","page","type-page","status-publish","hentry","entry"],"_links":{"self":[{"href":"https:\/\/sites.usp.br\/levoc\/wp-json\/wp\/v2\/pages\/3849","targetHints":{"allow":["GET"]}}],"collection":[{"href":"https:\/\/sites.usp.br\/levoc\/wp-json\/wp\/v2\/pages"}],"about":[{"href":"https:\/\/sites.usp.br\/levoc\/wp-json\/wp\/v2\/types\/page"}],"author":[{"embeddable":true,"href":"https:\/\/sites.usp.br\/levoc\/wp-json\/wp\/v2\/users\/23428"}],"replies":[{"embeddable":true,"href":"https:\/\/sites.usp.br\/levoc\/wp-json\/wp\/v2\/comments?post=3849"}],"version-history":[{"count":4,"href":"https:\/\/sites.usp.br\/levoc\/wp-json\/wp\/v2\/pages\/3849\/revisions"}],"predecessor-version":[{"id":3898,"href":"https:\/\/sites.usp.br\/levoc\/wp-json\/wp\/v2\/pages\/3849\/revisions\/3898"}],"wp:attachment":[{"href":"https:\/\/sites.usp.br\/levoc\/wp-json\/wp\/v2\/media?parent=3849"}],"curies":[{"name":"wp","href":"https:\/\/api.w.org\/{rel}","templated":true}]}}