{"id":1448,"date":"2021-03-12T10:54:00","date_gmt":"2021-03-12T13:54:00","guid":{"rendered":"http:\/\/sites.usp.br\/lfs\/?page_id=1448"},"modified":"2022-05-30T09:36:25","modified_gmt":"2022-05-30T12:36:25","slug":"equipamentos","status":"publish","type":"page","link":"https:\/\/sites.usp.br\/lfs\/equipamentos\/","title":{"rendered":"Equipamentos"},"content":{"rendered":"\t\t<div data-elementor-type=\"wp-page\" data-elementor-id=\"1448\" class=\"elementor elementor-1448\" data-elementor-post-type=\"page\">\n\t\t\t\t\t\t<section class=\"elementor-section elementor-top-section elementor-element elementor-element-8daf00f elementor-section-boxed elementor-section-height-default elementor-section-height-default\" data-id=\"8daf00f\" data-element_type=\"section\">\n\t\t\t\t\t\t<div class=\"elementor-container elementor-column-gap-default\">\n\t\t\t\t\t<div class=\"elementor-column elementor-col-100 elementor-top-column elementor-element elementor-element-caa9503\" data-id=\"caa9503\" data-element_type=\"column\">\n\t\t\t<div class=\"elementor-widget-wrap elementor-element-populated\">\n\t\t\t\t\t\t<div class=\"elementor-element elementor-element-ad0123d elementor-widget elementor-widget-heading\" data-id=\"ad0123d\" data-element_type=\"widget\" data-widget_type=\"heading.default\">\n\t\t\t\t<div class=\"elementor-widget-container\">\n\t\t\t<h2 class=\"elementor-heading-title elementor-size-default\">Conhe\u00e7a nossos equipamentos<\/h2>\t\t<\/div>\n\t\t\t\t<\/div>\n\t\t\t\t\t<\/div>\n\t\t<\/div>\n\t\t\t\t\t<\/div>\n\t\t<\/section>\n\t\t\t\t<section class=\"elementor-section elementor-top-section elementor-element elementor-element-7ccc8d7 elementor-section-boxed elementor-section-height-default elementor-section-height-default\" data-id=\"7ccc8d7\" data-element_type=\"section\">\n\t\t\t\t\t\t<div class=\"elementor-container elementor-column-gap-default\">\n\t\t\t\t\t<div class=\"elementor-column elementor-col-100 elementor-top-column elementor-element elementor-element-9d9d511\" data-id=\"9d9d511\" data-element_type=\"column\">\n\t\t\t<div class=\"elementor-widget-wrap elementor-element-populated\">\n\t\t\t\t\t\t<div class=\"elementor-element elementor-element-41c4674 elementor--h-position-center elementor--v-position-middle elementor-arrows-position-inside elementor-pagination-position-inside elementor-widget elementor-widget-slides\" data-id=\"41c4674\" data-element_type=\"widget\" data-settings=\"{&quot;navigation&quot;:&quot;both&quot;,&quot;autoplay&quot;:&quot;yes&quot;,&quot;pause_on_hover&quot;:&quot;yes&quot;,&quot;pause_on_interaction&quot;:&quot;yes&quot;,&quot;autoplay_speed&quot;:5000,&quot;infinite&quot;:&quot;yes&quot;,&quot;transition&quot;:&quot;slide&quot;,&quot;transition_speed&quot;:500}\" data-widget_type=\"slides.default\">\n\t\t\t\t<div class=\"elementor-widget-container\">\n\t\t\t\t\t<div class=\"elementor-swiper\">\n\t\t\t<div class=\"elementor-slides-wrapper elementor-main-swiper swiper\" dir=\"ltr\" data-animation=\"fadeInUp\">\n\t\t\t\t<div class=\"swiper-wrapper elementor-slides\">\n\t\t\t\t\t\t\t\t\t\t<div class=\"elementor-repeater-item-a11e30f swiper-slide\"><div class=\"swiper-slide-bg elementor-ken-burns elementor-ken-burns--in\" role=\"img\"><\/div><div class=\"elementor-background-overlay\"><\/div><div class=\"swiper-slide-inner\" ><div class=\"swiper-slide-contents\"><div class=\"elementor-slide-heading\">Trib\u00f4metro DFH 10 - BRUKER<\/div><div class=\"elementor-slide-description\">Ensaio Pino\/Lixa - Pino\/Disco<br \/>\nEnsaio de Riscamento<br \/>\nTemp. M\u00e1xima: Ambiente<br \/>\nCarga M\u00e1xima: 100N<br \/>\nVelocidade M\u00e1xima: 5000RPM<br \/><\/div><\/div><\/div><\/div><div class=\"elementor-repeater-item-56777d6 swiper-slide\"><div class=\"swiper-slide-bg elementor-ken-burns elementor-ken-burns--in\" role=\"img\"><\/div><div class=\"elementor-background-overlay\"><\/div><div class=\"swiper-slide-inner\" ><div class=\"swiper-slide-contents\"><div class=\"elementor-slide-heading\">Trib\u00f4metro MTM 2 \u2013Mini-Traction Machine<\/div><div class=\"elementor-slide-description\">Temp. M\u00e1xima: 150\u00baC<br \/>\nCarga M\u00e1xima: 75N<br \/>\nVelocidade M\u00e1xima: 4m\/s<br \/>\nFrequ\u00eancia m\u00e1xima: 20 Hz<br \/>\nRaz\u00e3o Rolamento\/Deslizamento (SRR): 0-200%<br \/><\/div><\/div><\/div><\/div><div class=\"elementor-repeater-item-e6dee62 swiper-slide\"><div class=\"swiper-slide-bg elementor-ken-burns elementor-ken-burns--in\" role=\"img\"><\/div><div class=\"elementor-background-overlay\"><\/div><div class=\"swiper-slide-inner\" ><div class=\"swiper-slide-contents\"><div class=\"elementor-slide-heading\">Trib\u00f4metro SRV 4 \u2013 OPTIMOL<\/div><div class=\"elementor-slide-description\">Ensaio Esfera\/Plano<br \/>\nEnsaio Anel\/Plano<br \/>\nTemp. M\u00e1xima: 900\u00baC<br \/>\nCarga M\u00e1xima: 2000N<br \/>\nFrequ\u00eancia M\u00e1xima: 500Hz<br \/>\nAmplitude M\u00e1xima: 5mm<br \/><\/div><\/div><\/div><\/div><div class=\"elementor-repeater-item-f2ab21c swiper-slide\"><div class=\"swiper-slide-bg elementor-ken-burns elementor-ken-burns--in\" role=\"img\"><\/div><div class=\"elementor-background-overlay\"><\/div><div class=\"swiper-slide-inner\" ><div class=\"swiper-slide-contents\"><div class=\"elementor-slide-heading\">Trib\u00f4metro TE 67 \u2013 PLINT<\/div><div class=\"elementor-slide-description\">Ensaio Pino\/Lixa<br \/>\nEnsaio Pino\/Disco<br \/>\nTemp. M\u00e1xima: 400\u00baC<br \/>\nCarga M\u00e1xima: 1000N<br \/>\nVelocidade M\u00e1xima: 2000RPM<br \/><\/div><\/div><\/div><\/div>\t\t\t\t<\/div>\n\t\t\t\t\t\t\t\t\t\t\t\t\t\t\t<div class=\"swiper-pagination\"><\/div>\n\t\t\t\t\t\t\t\t\t\t\t\t\t\t\t\t<div class=\"elementor-swiper-button elementor-swiper-button-prev\" role=\"button\" tabindex=\"0\">\n\t\t\t\t\t\t\t<i aria-hidden=\"true\" class=\"eicon-chevron-left\"><\/i>\t\t\t\t\t\t\t<span class=\"elementor-screen-only\">Previous slide<\/span>\n\t\t\t\t\t\t<\/div>\n\t\t\t\t\t\t<div class=\"elementor-swiper-button elementor-swiper-button-next\" role=\"button\" tabindex=\"0\">\n\t\t\t\t\t\t\t<i aria-hidden=\"true\" class=\"eicon-chevron-right\"><\/i>\t\t\t\t\t\t\t<span class=\"elementor-screen-only\">Next slide<\/span>\n\t\t\t\t\t\t<\/div>\n\t\t\t\t\t\t\t\t\t\t\t\t<\/div>\n\t\t<\/div>\n\t\t\t\t<\/div>\n\t\t\t\t<\/div>\n\t\t\t\t\t<\/div>\n\t\t<\/div>\n\t\t\t\t\t<\/div>\n\t\t<\/section>\n\t\t\t\t<\/div>\n\t\t","protected":false},"excerpt":{"rendered":"<p>Conhe\u00e7a nossos equipamentos Trib\u00f4metro DFH 10 &#8211; BRUKEREnsaio Pino\/Lixa &#8211; Pino\/Disco Ensaio de Riscamento Temp. M\u00e1xima: Ambiente Carga M\u00e1xima: 100N Velocidade M\u00e1xima: 5000RPMTrib\u00f4metro MTM 2 \u2013Mini-Traction MachineTemp. M\u00e1xima: 150\u00baC Carga M\u00e1xima: 75N Velocidade M\u00e1xima: 4m\/s Frequ\u00eancia m\u00e1xima: 20 Hz Raz\u00e3o Rolamento\/Deslizamento (SRR): 0-200%Trib\u00f4metro SRV 4 \u2013 OPTIMOLEnsaio Esfera\/Plano Ensaio Anel\/Plano Temp. M\u00e1xima: 900\u00baC Carga M\u00e1xima:<a href=\"https:\/\/sites.usp.br\/lfs\/equipamentos\/\">[&#8230;]<\/a><\/p>\n","protected":false},"author":22151,"featured_media":0,"parent":0,"menu_order":0,"comment_status":"closed","ping_status":"closed","template":"","meta":{"footnotes":"","_links_to":"","_links_to_target":""},"class_list":["post-1448","page","type-page","status-publish","hentry"],"_links":{"self":[{"href":"https:\/\/sites.usp.br\/lfs\/wp-json\/wp\/v2\/pages\/1448","targetHints":{"allow":["GET"]}}],"collection":[{"href":"https:\/\/sites.usp.br\/lfs\/wp-json\/wp\/v2\/pages"}],"about":[{"href":"https:\/\/sites.usp.br\/lfs\/wp-json\/wp\/v2\/types\/page"}],"author":[{"embeddable":true,"href":"https:\/\/sites.usp.br\/lfs\/wp-json\/wp\/v2\/users\/22151"}],"replies":[{"embeddable":true,"href":"https:\/\/sites.usp.br\/lfs\/wp-json\/wp\/v2\/comments?post=1448"}],"version-history":[{"count":4,"href":"https:\/\/sites.usp.br\/lfs\/wp-json\/wp\/v2\/pages\/1448\/revisions"}],"predecessor-version":[{"id":1942,"href":"https:\/\/sites.usp.br\/lfs\/wp-json\/wp\/v2\/pages\/1448\/revisions\/1942"}],"wp:attachment":[{"href":"https:\/\/sites.usp.br\/lfs\/wp-json\/wp\/v2\/media?parent=1448"}],"curies":[{"name":"wp","href":"https:\/\/api.w.org\/{rel}","templated":true}]}}