{"id":2024,"date":"2022-05-31T21:09:55","date_gmt":"2022-06-01T00:09:55","guid":{"rendered":"https:\/\/sites.usp.br\/lfs\/?page_id=2024"},"modified":"2022-06-02T12:38:59","modified_gmt":"2022-06-02T15:38:59","slug":"ensino","status":"publish","type":"page","link":"https:\/\/sites.usp.br\/lfs\/ensino\/","title":{"rendered":"Ensino"},"content":{"rendered":"\t\t<div data-elementor-type=\"wp-page\" data-elementor-id=\"2024\" class=\"elementor elementor-2024\" data-elementor-post-type=\"page\">\n\t\t\t\t\t\t<section class=\"elementor-section elementor-top-section elementor-element elementor-element-93e9b53 elementor-section-boxed elementor-section-height-default elementor-section-height-default\" data-id=\"93e9b53\" data-element_type=\"section\">\n\t\t\t\t\t\t<div class=\"elementor-container elementor-column-gap-default\">\n\t\t\t\t\t<div class=\"elementor-column elementor-col-100 elementor-top-column elementor-element elementor-element-51ade68\" data-id=\"51ade68\" data-element_type=\"column\">\n\t\t\t<div class=\"elementor-widget-wrap elementor-element-populated\">\n\t\t\t\t\t\t<div class=\"elementor-element elementor-element-85e79c8 elementor-widget elementor-widget-text-editor\" data-id=\"85e79c8\" data-element_type=\"widget\" data-widget_type=\"text-editor.default\">\n\t\t\t\t<div class=\"elementor-widget-container\">\n\t\t\t\t\t\t\t<h6>O LFS-EPUSP oferece suporte \u00e0s disciplinas ministradas na Escola Polit\u00e9cnica da USP e \u00e0s atividades de pesquisas de alunos de gradua\u00e7\u00e3o e p\u00f3s-gradua\u00e7\u00e3o.<\/h6><h6>Estudantes de gradua\u00e7\u00e3o da USP podem desenvolver seus trabalhos de inicia\u00e7\u00e3o cient\u00edfica e\/ou de conclus\u00e3o de curso junto ao LFS. O objetivo \u00e9 familiariz\u00e1-los com as modernas pr\u00e1ticas e equipamentos dispon\u00edveis, despertando seu interesse e talento para \u00e0 pesquisa e contribuindo para o aprimoramento de sua forma\u00e7\u00e3o acad\u00eamica. O mesmo suporte \u00e9 fornecido aos alunos dos programas de p\u00f3s-gradua\u00e7\u00e3o (mestrado e doutorado) em seus projetos de pesquisa.<\/h6><h6>Interessados nos programas de p\u00f3s-gradua\u00e7\u00e3o da EPUSP encontram espa\u00e7o para desenvolverem seus projetos nas linhas de pesquisas do LFS. Para ingresso no Programa de P\u00f3s-Gradua\u00e7\u00e3o, os interessados devem verificar o calend\u00e1rio e crit\u00e9rios no site do <a href=\"http:\/\/ppgem.poli.usp.br\/pt\/\">Departamento.<\/a>\u00a0<\/h6>\t\t\t\t\t\t<\/div>\n\t\t\t\t<\/div>\n\t\t\t\t\t<\/div>\n\t\t<\/div>\n\t\t\t\t\t<\/div>\n\t\t<\/section>\n\t\t\t\t<\/div>\n\t\t","protected":false},"excerpt":{"rendered":"<p>O LFS-EPUSP oferece suporte \u00e0s disciplinas ministradas na Escola Polit\u00e9cnica da USP e \u00e0s atividades de pesquisas de alunos de gradua\u00e7\u00e3o e p\u00f3s-gradua\u00e7\u00e3o. Estudantes de gradua\u00e7\u00e3o da USP podem desenvolver seus trabalhos de inicia\u00e7\u00e3o cient\u00edfica e\/ou de conclus\u00e3o de curso junto ao LFS. O objetivo \u00e9 familiariz\u00e1-los com as modernas pr\u00e1ticas e equipamentos dispon\u00edveis, despertando<a href=\"https:\/\/sites.usp.br\/lfs\/ensino\/\">[&#8230;]<\/a><\/p>\n","protected":false},"author":22836,"featured_media":0,"parent":0,"menu_order":0,"comment_status":"closed","ping_status":"closed","template":"","meta":{"footnotes":"","_links_to":"","_links_to_target":""},"class_list":["post-2024","page","type-page","status-publish","hentry"],"_links":{"self":[{"href":"https:\/\/sites.usp.br\/lfs\/wp-json\/wp\/v2\/pages\/2024","targetHints":{"allow":["GET"]}}],"collection":[{"href":"https:\/\/sites.usp.br\/lfs\/wp-json\/wp\/v2\/pages"}],"about":[{"href":"https:\/\/sites.usp.br\/lfs\/wp-json\/wp\/v2\/types\/page"}],"author":[{"embeddable":true,"href":"https:\/\/sites.usp.br\/lfs\/wp-json\/wp\/v2\/users\/22836"}],"replies":[{"embeddable":true,"href":"https:\/\/sites.usp.br\/lfs\/wp-json\/wp\/v2\/comments?post=2024"}],"version-history":[{"count":4,"href":"https:\/\/sites.usp.br\/lfs\/wp-json\/wp\/v2\/pages\/2024\/revisions"}],"predecessor-version":[{"id":2209,"href":"https:\/\/sites.usp.br\/lfs\/wp-json\/wp\/v2\/pages\/2024\/revisions\/2209"}],"wp:attachment":[{"href":"https:\/\/sites.usp.br\/lfs\/wp-json\/wp\/v2\/media?parent=2024"}],"curies":[{"name":"wp","href":"https:\/\/api.w.org\/{rel}","templated":true}]}}