{"id":172,"date":"2019-11-21T11:43:10","date_gmt":"2019-11-21T13:43:10","guid":{"rendered":"https:\/\/sites.usp.br\/lgi\/?page_id=172"},"modified":"2026-02-07T20:54:52","modified_gmt":"2026-02-07T22:54:52","slug":"projetos","status":"publish","type":"page","link":"https:\/\/sites.usp.br\/lgi\/projetos\/","title":{"rendered":"Projetos"},"content":{"rendered":"\t\t<div data-elementor-type=\"wp-page\" data-elementor-id=\"172\" class=\"elementor elementor-172\">\n\t\t\t\t<div class=\"elementor-element elementor-element-df81439 e-flex e-con-boxed e-con e-parent\" data-id=\"df81439\" data-element_type=\"container\">\n\t\t\t\t\t<div class=\"e-con-inner\">\n\t\t\t\t<div class=\"elementor-element elementor-element-673c1812 elementor-widget elementor-widget-text-editor\" data-id=\"673c1812\" data-element_type=\"widget\" data-widget_type=\"text-editor.default\">\n\t\t\t\t<div class=\"elementor-widget-container\">\n\t\t\t\t\t\t\t<header><div class=\"layout-cell layout-cell-3 text-align-right\" style=\"text-align: justify;\"><div class=\"layout-cell layout-cell-3 text-align-right\"><h2>Resili\u00eancia na ind\u00fastria criativa<\/h2><h3 class=\"layout-cell-pad-5 text-align-right\"><strong>(2025 &#8211; Atual)<\/strong><\/h3><div class=\"page\" title=\"Page 6\"><div class=\"layoutArea\"><div class=\"column\"><p>Aplicado ao contexto de Ind\u00fastrias Criativas, em articula\u00e7\u00e3o com a linha de pesquisa em Resili\u00eancia Organizacional, esse projeto entende que a organiza\u00e7\u00e3o resiliente n\u00e3o apenas se adapta ao contexto, mas contribui ativamente para a resili\u00eancia do pr\u00f3prio ecossistema, em uma rela\u00e7\u00e3o simbi\u00f3tica descrita na literatura como resili\u00eancia evolutiva.<\/p><p>A Ind\u00fastria Criativa foi altamente impactada pela pandemia da COVID, o que motivou aprofundar no entendimento do setor atrav\u00e9s de seus atores e suas articula\u00e7\u00f5es. Assim, o objetivo do projeto e\u0301 determinar os fatores promotores da resilie\u0302ncia na Ind\u00fastria Criativa tendo a seguinte quest\u00e3o como guia: Que fatores sa\u0303o facilitadores e moderadores do desenvolvimento da resilie\u0302ncia na Ind\u00fastria Criativa? O projeto est\u00e1 vinculado ao processo 403465\/2025-7 da chamada \u00a0CNPQ\/MCTI N 44\/2024 sob coordena\u00e7\u00e3o do Prof. Dr. Davi Nakano e com a Profa. Ana Paula Paes Leme Barbosa como pesquisadora associada. A equipe \u00e9 composta por pesquisadores e alunos de mestrado integrantes do LGI.<\/p><p>In\u00edcio: 28\/11\/2025 &#8211;\u00a0 fim: 30\/11\/2028<\/p><\/div><\/div><\/div><p>Natureza: Pesquisa<\/p><p>\u00a0<\/p><h2 class=\"layout-cell-pad-5 text-align-right\"><strong>Desenvolvimento de sistema de gest\u00e3o da inova\u00e7\u00e3o para a Pol\u00edcia Federal <\/strong><\/h2><h3 class=\"layout-cell-pad-5 text-align-right\"><strong>(2020 &#8211; Atual)<\/strong><\/h3><\/div><div class=\"layout-cell layout-cell-3 text-align-right\"><div class=\"layout-cell-pad-5 text-align-right\">\u00a0<\/div><\/div><div class=\"layout-cell layout-cell-9\"><div class=\"layout-cell-pad-5\">Trata do desenvolvimento de sistema de organiza\u00e7\u00e3o e gest\u00e3o da inova\u00e7\u00e3o na Pol\u00edcia Federal, a partir de pesquisa com seus integrantes. Projeto in\u00e9dito, n\u00e3o h\u00e1 descri\u00e7\u00e3o na literatura de sistemas semelhantes numa organiza\u00e7\u00e3o com as conting\u00eancias da PF. Envolve tr\u00eas eixos de atividades: 1. Levantamento das caracter\u00edsticas \u00fanicas da PF e da situa\u00e7\u00e3o atual da inova\u00e7\u00e3o na PF, como se d\u00e1, onde, processos e limita\u00e7\u00f5es; 2. Proposta de sistema de gest\u00e3o da inova\u00e7\u00e3o mais adequado \u00e0s particularidades \u00fanicas da Pol\u00edcia Federal; 3. A\u00e7\u00f5es de divulga\u00e7\u00e3o e capacita\u00e7\u00e3o de corpo de servidores, para que a PF possa dar vida \u00e0 proposta.<\/div><div>O projeto \u00e9 coordenado pelo Prof. Dr. M\u00e1rio S\u00e9rgio Salerno com participa\u00e7\u00e3o de diversos integrantes do LGI e do Departamento de Engenharia de Produ\u00e7\u00e3o da Escola Polit\u00e9nica da USP.<\/div><div>O projeto \u00e9 financiado (aux\u00edlio financeiro) pelo Departamento de Pol\u00edcia Federal do Brasil<\/div><\/div><\/div><\/header><p>\u00a0<\/p><p>Natureza: Desenvolvimento<\/p><header><div>\u00a0<\/div><div><hr \/><\/div><div><div class=\"layout-cell layout-cell-3 text-align-right\">\u00a0<\/div><div class=\"layout-cell layout-cell-9\"><p class=\"layout-cell-pad-5\">\u00a0<\/p><\/div><div class=\"layout-cell layout-cell-3 text-align-right\"><div class=\"layout-cell-pad-5 text-align-right\">\u00a0<\/div><\/div><\/div><\/header><section class=\"entry\"><div><div><div><div>\u00a0<\/div><\/div><\/div><\/div><\/section>\t\t\t\t\t\t<\/div>\n\t\t\t\t<\/div>\n\t\t\t\t\t<\/div>\n\t\t\t\t<\/div>\n\t\t\t\t<\/div>\n\t\t","protected":false},"excerpt":{"rendered":"<p>Resili\u00eancia na ind\u00fastria criativa (2025 &#8211; Atual) Aplicado ao contexto de Ind\u00fastrias Criativas, em articula\u00e7\u00e3o com a linha de pesquisa em Resili\u00eancia Organizacional, esse projeto entende que a organiza\u00e7\u00e3o resiliente n\u00e3o apenas se adapta ao contexto, mas contribui ativamente para a resili\u00eancia do pr\u00f3prio ecossistema, em uma rela\u00e7\u00e3o simbi\u00f3tica descrita na literatura como resili\u00eancia evolutiva. [&hellip;]<\/p>\n","protected":false},"author":1228,"featured_media":0,"parent":0,"menu_order":0,"comment_status":"closed","ping_status":"closed","template":"","meta":{"_monsterinsights_skip_tracking":false,"_monsterinsights_sitenote_active":false,"_monsterinsights_sitenote_note":"","_monsterinsights_sitenote_category":0,"footnotes":"","_links_to":"","_links_to_target":""},"class_list":["post-172","page","type-page","status-publish","hentry","entry"],"_links":{"self":[{"href":"https:\/\/sites.usp.br\/lgi\/wp-json\/wp\/v2\/pages\/172","targetHints":{"allow":["GET"]}}],"collection":[{"href":"https:\/\/sites.usp.br\/lgi\/wp-json\/wp\/v2\/pages"}],"about":[{"href":"https:\/\/sites.usp.br\/lgi\/wp-json\/wp\/v2\/types\/page"}],"author":[{"embeddable":true,"href":"https:\/\/sites.usp.br\/lgi\/wp-json\/wp\/v2\/users\/1228"}],"replies":[{"embeddable":true,"href":"https:\/\/sites.usp.br\/lgi\/wp-json\/wp\/v2\/comments?post=172"}],"version-history":[{"count":6,"href":"https:\/\/sites.usp.br\/lgi\/wp-json\/wp\/v2\/pages\/172\/revisions"}],"predecessor-version":[{"id":1536,"href":"https:\/\/sites.usp.br\/lgi\/wp-json\/wp\/v2\/pages\/172\/revisions\/1536"}],"wp:attachment":[{"href":"https:\/\/sites.usp.br\/lgi\/wp-json\/wp\/v2\/media?parent=172"}],"curies":[{"name":"wp","href":"https:\/\/api.w.org\/{rel}","templated":true}]}}