{"id":196,"date":"2019-11-21T11:48:38","date_gmt":"2019-11-21T13:48:38","guid":{"rendered":"https:\/\/sites.usp.br\/lgi\/?page_id=196"},"modified":"2024-02-06T15:57:49","modified_gmt":"2024-02-06T17:57:49","slug":"pos-graduacao","status":"publish","type":"page","link":"https:\/\/sites.usp.br\/lgi\/pos-graduacao\/","title":{"rendered":"P\u00f3s-Gradua\u00e7\u00e3o"},"content":{"rendered":"\t\t<div data-elementor-type=\"wp-page\" data-elementor-id=\"196\" class=\"elementor elementor-196\">\n\t\t\t\t<div class=\"elementor-element elementor-element-6cc8865e e-flex e-con-boxed e-con e-parent\" data-id=\"6cc8865e\" data-element_type=\"container\">\n\t\t\t\t\t<div class=\"e-con-inner\">\n\t\t\t\t<div class=\"elementor-element elementor-element-1adcd661 elementor-widget elementor-widget-text-editor\" data-id=\"1adcd661\" data-element_type=\"widget\" data-widget_type=\"text-editor.default\">\n\t\t\t\t<div class=\"elementor-widget-container\">\n\t\t\t\t\t\t\t<header>Para ingressar no LGI como aluno de mestrado ou doutorado \u00e9 necess\u00e1rio passar no processo seletivo do Programa de P\u00f3s Gradua\u00e7\u00e3o em Engenharia de Produ\u00e7\u00e3o da Escola Polit\u00e9cnica da USP. Os alunos aprovados s\u00e3o orientados por um dos docentes vinculados ao laborat\u00f3rio. No programa de p\u00f3s-gradua\u00e7\u00e3o s\u00e3o oferecidas disciplinas que tratam da gest\u00e3o da inova\u00e7\u00e3o e de temas relacionados, al\u00e9m de disciplinas com enfoque em metodologia de pesquisa.<\/header><header><\/header><header><\/header><h6><a href=\"https:\/\/ppgep.poli.usp.br\/\">Acesse o site do Programa de P\u00f3s-gradua\u00e7\u00e3o para saber mais sobre o processo seletivo do departamento.<\/a><\/h6>\t\t\t\t\t\t<\/div>\n\t\t\t\t<\/div>\n\t\t\t\t\t<\/div>\n\t\t\t\t<\/div>\n\t\t<div class=\"elementor-element elementor-element-3596854 e-flex e-con-boxed e-con e-parent\" data-id=\"3596854\" data-element_type=\"container\">\n\t\t\t\t\t<div class=\"e-con-inner\">\n\t\t\t\t<div class=\"elementor-element elementor-element-db00112 elementor-widget elementor-widget-heading\" data-id=\"db00112\" data-element_type=\"widget\" data-widget_type=\"heading.default\">\n\t\t\t\t<div class=\"elementor-widget-container\">\n\t\t\t<h1 class=\"elementor-heading-title elementor-size-default\">Disciplinas<\/h1>\t\t<\/div>\n\t\t\t\t<\/div>\n\t\t\t\t\t<\/div>\n\t\t\t\t<\/div>\n\t\t<div class=\"elementor-element elementor-element-4a7df6c e-flex e-con-boxed e-con e-parent\" data-id=\"4a7df6c\" data-element_type=\"container\">\n\t\t\t\t\t<div class=\"e-con-inner\">\n\t\t\t\t<div class=\"elementor-element elementor-element-7067072 elementor-widget elementor-widget-text-editor\" data-id=\"7067072\" data-element_type=\"widget\" data-widget_type=\"text-editor.default\">\n\t\t\t\t<div class=\"elementor-widget-container\">\n\t\t\t\t\t\t\t<h4><strong>PRO-5804&nbsp;<\/strong>&#8211;&nbsp;<strong style=\"font-size: 17px;\">Gest\u00e3o Estrat\u00e9gica da Inova\u00e7\u00e3o<\/strong><\/h4>\n<section>O objetivo dessa disciplina \u00e9 discutir os principais conceitos, metodologias e, em menor escala, ferramentas de organiza\u00e7\u00e3o e gest\u00e3o, relativos \u00e0s estrat\u00e9gias corporativas de inova\u00e7\u00e3o e diferencia\u00e7\u00e3o de produtos e seus desdobramentos. A \u00eanfase \u00e9 nos aspectos de organiza\u00e7\u00e3o e gest\u00e3o de atividades, processos e subsistemas (fun\u00e7\u00f5es) \u2013 ou seja, organiza\u00e7\u00e3o e gest\u00e3o de recursos em geral para aproveitar e criar oportunidades de neg\u00f3cios e gera\u00e7\u00e3o de renda. Em suma, trata a rela\u00e7\u00e3o de gest\u00e3o da inova\u00e7\u00e3o e inova\u00e7\u00e3o na gest\u00e3o. \u00c9 um curso de corte organizacional, de \u201cfim de linha\u201d em termos da sequencia l\u00f3gica das disciplinas da \u00e1rea de organiza\u00e7\u00e3o\/tecnologia\/trabalho. Assume-se, portanto, que os alunos tenham cursado a disciplina PRO5766 ou tenham familiaridade com a discuss\u00e3o organizacional contempor\u00e2nea, particularmente no que se refere \u00e0 problem\u00e1tica dos novos modelos de produ\u00e7\u00e3o de bens e servi\u00e7os. Os conceitos b\u00e1sicos de organiza\u00e7\u00e3o e gest\u00e3o n\u00e3o ser\u00e3o revistos; se for necess\u00e1rio, bibliografia espec\u00edfica pode ser indicada. Espera-se que, ao final da disciplina, os alunos tenham desenvolvido habilidades para compreender, analisar e, ainda que em menor escala, projetar sistemas organizacionais e sistemas de gest\u00e3o que, integradamente, propiciem suporte necess\u00e1rio \u00e0s atividades de inova\u00e7\u00e3o na empresa. Isso significa compreender o papel da inova\u00e7\u00e3o e suas caracter\u00edsticas num dado sistema de produ\u00e7\u00e3o, considerando que h\u00e1 caracter\u00edsticas espec\u00edficas que podem levar a formas e crit\u00e9rios diferenciados de organiza\u00e7\u00e3o e gest\u00e3o da inova\u00e7\u00e3o.<\/section>\t\t\t\t\t\t<\/div>\n\t\t\t\t<\/div>\n\t\t\t\t\t<\/div>\n\t\t\t\t<\/div>\n\t\t<div class=\"elementor-element elementor-element-eb66065 e-flex e-con-boxed e-con e-parent\" data-id=\"eb66065\" data-element_type=\"container\">\n\t\t\t\t\t<div class=\"e-con-inner\">\n\t\t\t\t<div class=\"elementor-element elementor-element-b692a7e elementor-widget elementor-widget-text-editor\" data-id=\"b692a7e\" data-element_type=\"widget\" data-widget_type=\"text-editor.default\">\n\t\t\t\t<div class=\"elementor-widget-container\">\n\t\t\t\t\t\t\t<h4 style=\"font-variant-ligatures: normal; font-variant-caps: normal; font-family: 'Open Sans', sans-serif; font-style: normal; text-align: justify;\"><span style=\"font-size: 17px; font-weight: 600;\">PRO-5968 &#8211; T\u00f3picos Avan\u00e7ados de Pesquisa Qualitativa\u00a0<\/span><\/h4><section style=\"font-variant-ligatures: normal; font-variant-caps: normal; font-family: 'Open Sans', sans-serif; font-size: 14px; font-style: normal; font-weight: 400; text-align: justify;\"><\/section><section style=\"font-variant-ligatures: normal; font-variant-caps: normal; font-family: 'Open Sans', sans-serif; font-size: 14px; font-style: normal; font-weight: 400; text-align: justify;\">Essa disciplina visa aprofundar em m\u00e9todos de pesquisa qualitativos em estudos organizacionais e similares, destacando as principais tradi\u00e7\u00f5es metodol\u00f3gicas de an\u00e1lise de dados qualitativos. Espera-se, ao final, desenvolver na(o) aluna(o) capacita\u00e7\u00f5es de projetar pesquisa qualitativa com maior robustez metodol\u00f3gica, aumentando a consist\u00eancia cient\u00edfica e as possibilidades de publica\u00e7\u00e3o de alto n\u00edvel.<\/section>\t\t\t\t\t\t<\/div>\n\t\t\t\t<\/div>\n\t\t\t\t\t<\/div>\n\t\t\t\t<\/div>\n\t\t\t\t<\/div>\n\t\t","protected":false},"excerpt":{"rendered":"<p>Para ingressar no LGI como aluno de mestrado ou doutorado \u00e9 necess\u00e1rio passar no processo seletivo do Programa de P\u00f3s Gradua\u00e7\u00e3o em Engenharia de Produ\u00e7\u00e3o da Escola Polit\u00e9cnica da USP. Os alunos aprovados s\u00e3o orientados por um dos docentes vinculados ao laborat\u00f3rio. No programa de p\u00f3s-gradua\u00e7\u00e3o s\u00e3o oferecidas disciplinas que tratam da gest\u00e3o da inova\u00e7\u00e3o [&hellip;]<\/p>\n","protected":false},"author":1228,"featured_media":0,"parent":0,"menu_order":0,"comment_status":"closed","ping_status":"closed","template":"","meta":{"_monsterinsights_skip_tracking":false,"_monsterinsights_sitenote_active":false,"_monsterinsights_sitenote_note":"","_monsterinsights_sitenote_category":0,"footnotes":"","_links_to":"","_links_to_target":""},"class_list":["post-196","page","type-page","status-publish","hentry","entry"],"_links":{"self":[{"href":"https:\/\/sites.usp.br\/lgi\/wp-json\/wp\/v2\/pages\/196","targetHints":{"allow":["GET"]}}],"collection":[{"href":"https:\/\/sites.usp.br\/lgi\/wp-json\/wp\/v2\/pages"}],"about":[{"href":"https:\/\/sites.usp.br\/lgi\/wp-json\/wp\/v2\/types\/page"}],"author":[{"embeddable":true,"href":"https:\/\/sites.usp.br\/lgi\/wp-json\/wp\/v2\/users\/1228"}],"replies":[{"embeddable":true,"href":"https:\/\/sites.usp.br\/lgi\/wp-json\/wp\/v2\/comments?post=196"}],"version-history":[{"count":4,"href":"https:\/\/sites.usp.br\/lgi\/wp-json\/wp\/v2\/pages\/196\/revisions"}],"predecessor-version":[{"id":1319,"href":"https:\/\/sites.usp.br\/lgi\/wp-json\/wp\/v2\/pages\/196\/revisions\/1319"}],"wp:attachment":[{"href":"https:\/\/sites.usp.br\/lgi\/wp-json\/wp\/v2\/media?parent=196"}],"curies":[{"name":"wp","href":"https:\/\/api.w.org\/{rel}","templated":true}]}}