{"id":200,"date":"2019-11-21T11:49:42","date_gmt":"2019-11-21T13:49:42","guid":{"rendered":"https:\/\/sites.usp.br\/lgi\/?page_id=200"},"modified":"2026-02-01T14:20:08","modified_gmt":"2026-02-01T16:20:08","slug":"artigos","status":"publish","type":"page","link":"https:\/\/sites.usp.br\/lgi\/artigos\/","title":{"rendered":"Artigos cient\u00edficos"},"content":{"rendered":"<h2>Publica\u00e7\u00f5es recentes<\/h2>\n<p><a href=\"https:\/\/seer.ufrgs.br\/index.php\/ProdutoProducao\/article\/view\/151540\">Integra\u00e7\u00e3o intraorganizacional e o acesso a recursos para o desenvolvimento de inova\u00e7\u00f5es radicais.<\/a> (2026) Paula, Rafael Augusto Seixas Reis de; Bagno, Raoni Barros; Salerno, Mario Sergio. Produto &amp; Produ\u00e7\u00e3o, v. 26, n. 3, p. 23\u201338.<\/p>\n<p><a href=\"https:\/\/www.researchgate.net\/publication\/395708107_Integracao_intraorganizacional_e_o_acesso_a_recursos_para_o_desenvolvimento_de_inovacoes_radicais\">Integra\u00e7\u00e3o intraorganizacional e o acesso a recursos para o desenvolvimento de inova\u00e7\u00f5es radicais.<\/a> (2025) Paula, Rafael A. S. R. de; Salerno, Mario S.; Bagno, Raoni B. 15\u00ba Congresso Brasileiro de Inova\u00e7\u00e3o e Gest\u00e3o de Desenvolvimento do Produto (IGDP 2025), Porto Alegre.<\/p>\n<p><a href=\"https:\/\/www.emerald.com\/insight\/content\/doi\/10.1108\/ejim-06-2024-0673\/full\/html\">Managing ambidexterity tensions in transferring innovation projects to mainstream units.<\/a> (2025) Mallet, Lethicia; Salerno, Mario S. European Journal of Innovation Management.<\/p>\n<div class=\"mb-2 row\">\n<h3 class=\"col-12 col-md-6\"><\/h3>\n<\/div>\n<p><a href=\"https:\/\/authors.elsevier.com\/a\/1k1gWbssdv8Zd\">Resourcing radical innovation: Leveraging from the mainstream to create the newstream.<\/a> (2025) Salerno, Mario S.; Barbosa, Ana Paula F. P. L.; Lasmar, Tiago P.; O&#8217;Connor, Gina C. Technovation, v. 139, 103126.<\/p>\n<h3><\/h3>\n<p><a href=\"https:\/\/doi.org\/10.1016\/j.techfore.2023.122947\">Capability building for digital transformation through design thinking.<\/a> (2024) Oliveira, Mariana.; Zancul, Eduardo, Salerno, Mario S. Technological Forecasting &amp; Social Change, 198, 122947.<\/p>\n<h3><\/h3>\n<p><a href=\"https:\/\/drive.google.com\/file\/d\/1KnREOkTQ9bmS_GvdmKUtZH94Nd0VSWwF\/view?usp=sharing\">Understanding Innovation Management System in Law Enforcement Agencies.<\/a> (2023) Reis, Marina C.; Barbosa, Ana Paula F. P. L.; Lasmar, Tiago P.; Salerno, Mario S. Academy of Management Annual Meeting, Boston.<\/p>\n<h3><\/h3>\n<p><a href=\"https:\/\/www.revistahsm.com.br\/post\/como-abrir-caminho-para-a-inovacao-radical\">Planejamento estrat\u00e9gico: como abrir caminho para a inova\u00e7\u00e3o radical.<\/a>\u00a0(2022) Salerno, Mario S.; Barbosa, Ana Paula F. P. L.; Lasmar, Tiago P. HSM Management, S\u00e3o Paulo.<\/p>\n<h3><\/h3>\n<p><a href=\"https:\/\/bibliotecadigital.fgv.br\/ojs\/index.php\/rae\/article\/view\/86715\">Temas de destaque na pesquisa em transforma\u00e7\u00e3o digital: evid\u00eancias de estudo bibliom\u00e9trico e an\u00e1lise de conte\u00fado. (2022)<\/a> Facin, Ana Lucia F.; Barbosa, Ana Paula F. P. L.; Matsumoto, Cristiane; Cruz, Ana Flavia S. G.; Salerno, Mario S. RAE-Revista de Administra\u00e7\u00e3o de Empresas, v. 62, n. 6, p. e2021\u20130112.<\/p>\n<h3><\/h3>\n<p><a href=\"https:\/\/journals.aom.org\/doi\/10.5465\/AMBPP.2022.14967abstract\">Key Organizational Changes as Digital Transformation Unfolds. (2022) <\/a>Matsumoto, Cristiane; Barbosa, Ana Paula F. P. L.; Salerno, Mario S. Academy of Management Annual Meeting\u00a0<em>Proceedings, v. 2022, n. 1.<\/em><\/p>\n<h3><\/h3>\n<p><a href=\"https:\/\/doi.org\/10.1177\/87569728221111306\">Coordinating Lifesaving Product Development Projects with no Preestablished Organizational Governance Structure. (2022)<\/a> Barbosa, Ana Paula F. P. L.; Facin, Ana Lucia F.; Salerno, Mario S.; Freitas, Jonathan S.; Reis, Marina C.; Lasmar, Tiago P. Project Management Journal.<\/p>\n<h3><\/h3>\n<p><a href=\"http:\/\/dx.doi.org\/10.4322\/pmd.2021.011\">COVID-19 fueling innovation capabilities: the case of medicine innovation Lab (MIL). (2022)<\/a> Melo, J\u00falio C. F.; Bagno, Raoni B; Salerno, Mario S. Product Management and Development, v.19, n.2, p. 1-9.<\/p>\n<h3><\/h3>\n<header><\/header>\n<p><a href=\"https:\/\/drive.google.com\/file\/d\/1-mtHA5GJcmBXfzUwCTCxz6mA_d2zigIT\/view?usp=sharing\">Innovation management systems in law enforcement agencies \u2013 research report: a qualitative study with GPX members. (2022)<\/a> Barbosa, Ana Paula F. P. L.; Reis, Marina C.; Salerno, Mario S.; Lasmar, Tiago P. S\u00e3o Paulo: Epusp, v.1, p. 1-33, ISBN 978-65-89190-12-7.<\/p>\n<h3><\/h3>\n<header><a href=\"https:\/\/doi.org\/10.1016\/j.indmarman.2021.12.015\">The emergence of the ecosystem management function in B2B firms. (2022)<\/a> Gomes, Leonardo A. V.; Facin, Ana Lucia F.; Leal, Lorena F.; Zancul, Eduardo S.; Salerno, Mario S.; Borini, Felipe M. Industrial Marketing Management, v. 102, p. 465-487.<\/header>\n<h3><\/h3>\n<header><\/header>\n<header><\/header>\n<header><\/header>\n<header><\/header>\n<header><a href=\"https:\/\/doi.org\/10.1108\/IJMPB-05-2021-0123\">From the wall of the industry to the soul of society: a review and multi-level analysis on projectification. (2022)<\/a> Fregolente, Mariana V.; Neto, Achiles C. S.; Ribeiro, Daniel R. P.; Salerno, Mario S.; Nakano, Davi N.; Carvalho, Marly M. International Journal of Managing Projects in Business, p. 1-31.<\/header>\n<h3><\/h3>\n<header><\/header>\n<header><\/header>\n<header><\/header>\n<header><\/header>\n<header><a href=\"https:\/\/www.scielo.br\/j\/gp\/a\/fpL6VPStYYST4QQDskSgjQz\/?lang=en\">De entusiastas \u00e0 inova\u00e7\u00e3o sistematizada: uma jornada da constru\u00e7\u00e3o da fun\u00e7\u00e3o inova\u00e7\u00e3o em uma organiza\u00e7\u00e3o industrial de grande porte. (2021) <\/a>Melo, J\u00falio C. F. ; Bagno, Raoni B; Rio, Beatriz C. P. ; Salerno, Mario S. ; Dias, Ana Val\u00e9ria Carneiro; Freitas, Jonathan S. \u00a0Gest\u00e3o &amp; Produ\u00e7\u00e3o, v. 28, p. e5197.<\/header>\n<h3><\/h3>\n<header><\/header>\n<header><\/header>\n<header><\/header>\n<header><\/header>\n<header><\/header>\n<p><a href=\"https:\/\/doi.org\/10.1016\/j.ijproman.2020.06.005\">Configurations of project management practices to enhance the performance of open innovation R&amp;D projects. (2021)<\/a>\u00a0 Barbosa, Ana Paula F. P. L. ; Salerno, Mario S. ; Nascimento, Paulo T. S. ; Albala, A. ; Maranzato, Felipe P. ; Tamoshus, David. International Journal of Project Management, v. 38, p. 128-138.<\/p>\n<h3><\/h3>\n<section class=\"entry\"><a href=\"http:\/\/dx.doi.org\/10.14488\/BJOPM.2021.003\">R&amp;D Approach Based on Multiple Partners and Design Thinking, Lean Startup, and Agile Concepts: Case Study in the Electricity Sector.<\/a> (2021) Leal, Lorenna F.; Ribeiro, Artur T. V. B.; Rom\u00e3o, V.; Amaral, G. S. G. ; Altmann, Ricardo; Kahn, Ricardo; Pacci, Bruno G.; Av\u00f3, Marcos; Salerno, Mario; Plonski, Guilherme; Zancul, Eduardo. Brazilian Journal of Operations &amp; Production Management, v. 18.<\/p>\n<h3><\/h3>\n<p><a href=\"http:\/\/dx.doi.org\/10.1016\/j.mex.2021.101256\">An Innovative Application of Event Structure Analysis (ESA).<\/a> (2021) Freitas, Jonathan Sim\u00f5es; De Melo, Julio Cezar F.;\u00a0Salerno, Mario S.; Brasil, Vinicius C. Methodsx, v. 8, p. 101256.<\/p>\n<h3><\/h3>\n<p><a href=\"http:\/\/dx.doi.org\/10.1016\/j.jengtecman.2021.101635\">Career trajectories of young engineers in Brazil.<\/a> (2021) Ara\u00fajo, Bruno C.;\u00a0Salerno, Mario S. Journal Of Engineering and Technology Management v. 61, p. 101635.<\/p>\n<h3><\/h3>\n<p><a href=\"http:\/\/dx.doi.org\/10.1080\/08956308.2021.1947605\">Boosting Radical Innovation Using Ambidextrous Portfolio Management.<\/a> (2021) Brasil, Vinicius Chagas; Salerno, Mario S.; Eggers, J. P.; Gomes, Leonardo A.V.\u00a0 Research-Technology Management v. 64, p. 39-49.<\/p>\n<h3><\/h3>\n<p><a href=\"http:\/\/dx.doi.org\/10.1016\/j.techfore.2021.120945\">Managing Uncertainty Propagation in Innovation Ecosystems.<\/a> (2021) Gomes, Leonardo A. V.; Facin, Ana Lucia F.; Salerno, Mario S. Technological Forecasting and Social Change, v. 171, p. 120945.<\/p>\n<h3><\/h3>\n<p><a href=\"http:\/\/dx.doi.org\/10.1016\/j.ijproman.2020.06.006\">From Open Innovation Projects to Open Innovation Project Management Capabilities: A Process-Based Approach.<\/a> (2020) Melo, J\u00falio C\u00e9zar F.; Salerno, Mario S.; Freitas, Jonathan S.; Bagno, Raoni B.; Brasil, Vinicius C. International Journal of Project Management. v. 38, p. 278-290.<\/p>\n<h3><\/h3>\n<p><a href=\"https:\/\/doi.org\/10.1016\/j.jengtecman.2020.101603\">Coordination Approaches to Foster Open Innovation R&amp;D Projects Performance.<\/a> (2020) Barbosa, Ana Paula F. P. L. ; Salerno, Mario S.; Brasil, Vinicius C. Journal of Engineering and Technology Management, v. 58, p. 101603.<\/p>\n<h3><\/h3>\n<p><a href=\"http:\/\/dx.doi.org\/10.4322\/pmd.2019.019\">Corporate Engagements with Startups: Antecedents, Models, and Open Questions for Innovation Management.<\/a> (2020)Bagno, Raoni B.; Salerno, Mario S.; Souza, Wesley C.; Oconnor, Gina. Product: Management &amp; Development, v. 18, p. 39-52.<\/p>\n<\/section>\n","protected":false},"excerpt":{"rendered":"<p>Publica\u00e7\u00f5es recentes Integra\u00e7\u00e3o intraorganizacional e o acesso a recursos para o desenvolvimento de inova\u00e7\u00f5es radicais. (2026) Paula, Rafael Augusto Seixas Reis de; Bagno, Raoni Barros; Salerno, Mario Sergio. Produto &amp; Produ\u00e7\u00e3o, v. 26, n. 3, p. 23\u201338. Integra\u00e7\u00e3o intraorganizacional e o acesso a recursos para o desenvolvimento de inova\u00e7\u00f5es radicais. (2025) Paula, Rafael A. S. [&hellip;]<\/p>\n","protected":false},"author":1228,"featured_media":0,"parent":0,"menu_order":0,"comment_status":"closed","ping_status":"closed","template":"","meta":{"_monsterinsights_skip_tracking":false,"_monsterinsights_sitenote_active":false,"_monsterinsights_sitenote_note":"","_monsterinsights_sitenote_category":0,"footnotes":"","_links_to":"","_links_to_target":""},"class_list":["post-200","page","type-page","status-publish","hentry","entry"],"_links":{"self":[{"href":"https:\/\/sites.usp.br\/lgi\/wp-json\/wp\/v2\/pages\/200","targetHints":{"allow":["GET"]}}],"collection":[{"href":"https:\/\/sites.usp.br\/lgi\/wp-json\/wp\/v2\/pages"}],"about":[{"href":"https:\/\/sites.usp.br\/lgi\/wp-json\/wp\/v2\/types\/page"}],"author":[{"embeddable":true,"href":"https:\/\/sites.usp.br\/lgi\/wp-json\/wp\/v2\/users\/1228"}],"replies":[{"embeddable":true,"href":"https:\/\/sites.usp.br\/lgi\/wp-json\/wp\/v2\/comments?post=200"}],"version-history":[{"count":6,"href":"https:\/\/sites.usp.br\/lgi\/wp-json\/wp\/v2\/pages\/200\/revisions"}],"predecessor-version":[{"id":1514,"href":"https:\/\/sites.usp.br\/lgi\/wp-json\/wp\/v2\/pages\/200\/revisions\/1514"}],"wp:attachment":[{"href":"https:\/\/sites.usp.br\/lgi\/wp-json\/wp\/v2\/media?parent=200"}],"curies":[{"name":"wp","href":"https:\/\/api.w.org\/{rel}","templated":true}]}}